{"id":756,"date":"2021-07-21T11:37:36","date_gmt":"2021-07-21T09:37:36","guid":{"rendered":"https:\/\/us.edu.pl\/centra-badawcze\/opmim\/?page_id=756"},"modified":"2021-08-26T16:08:43","modified_gmt":"2021-08-26T14:08:43","slug":"ksiazki","status":"publish","type":"page","link":"https:\/\/us.edu.pl\/centra-badawcze\/opmim\/ksiazki\/","title":{"rendered":"Ksi\u0105\u017cki"},"content":{"rendered":"<p>[vc_row][vc_column]\r\n                <div class=\"text-modules\">\r\n                    <div class=\"container\">\r\n                        <h3 class=\"page-title text__title\">Ksi\u0105\u017cki<\/h3>\r\n                        <div class=\"text-modules__content\"><\/p>\n<div>\n<p>&nbsp;<\/p>\n<hr \/>\n<p><span style=\"font-size: 12pt;\">Tytu\u0142:\u00a0Entre la coop\u00e9ration et la concurrence. La gouvernance et le d\u00e9veloppement \u00e9quilibr\u00e9 des espaces m\u00e9tropolitains fran\u00e7ais \u2013 conclusions pour la Pologne, RSS MSNP U\u015a, GZM \u2013 \u201eMetropolia Silesia\u201d, \u00a0Katowice 2011, ss. 192, ISBN 978 \u2013 83 \u2013 928326 \u2013 9 \u2013 0, Redakcja: Robert Pyka<\/span><\/p>\n<hr \/>\n<\/div>\n<div>\n<p><span style=\"font-size: 12pt;\">Tytu\u0142:\u00a0Europejskie szlaki \u2013 \u015bl\u0105skie drogi. Trendy rozwojowe G\u00f3rnosl\u0105sko-Zag\u0142\u0119biowskiej Metropolii \u201eSilesia\u201d, Wy\u017csza Szko\u0142a Zarz\u0105dzania i Nauk Spo\u0142ecznych im. ks. Emila Szramka w\u00a0Tychach, Tychy 2011, ss. 149,\u00a0ISBN\u00a0978-83-62508-02-0 Auto: Grzegorz Gawron, Paulina Rojek \u2013 Adamek<\/span><\/p>\n<hr \/>\n<\/div>\n<div>\n<p><span style=\"font-size: 12pt;\">Tytu\u0142:\u00a0Funkcjonowanie os\u00f3b bezrobotnych na terenie G\u00f3rno\u015bl\u0105skiego Zwi\u0105zku Metropolitalnego, Wy\u017csza Szko\u0142a Zarz\u0105dzania i Nauk Spo\u0142ecznych im. ks. Emila Szramka w\u00a0Tychach, Tychy 2011, ss. 83, ISBN 978-83-62508-01-3, Autor: Beata Pawlica<\/span><\/p>\n<hr \/>\n<div>\n<p><span style=\"font-size: 12pt;\">Tytu\u0142: \u201e<em>G\u00f3rno\u015bl\u0105skie Studia Socjologiczne. Seria Nowa<\/em>\u201d\u00a0<em>2018<\/em><em>,\u00a0<\/em><em>T<\/em><em>.\u00a0<\/em><em>9<\/em><em>, z.\u00a0<\/em><em>2<\/em><em>:<\/em>\u00a0<em>Metropolie jako przedmiot bada\u0144<\/em>\u00a0\u2014\u00a0<em>zagraniczne do\u015bwiadczenia<\/em>,\u00a0<em>polskie oczekiwania<\/em>.\u00a0<em>Red<\/em><em>.<\/em>\u00a0Robert Pyka. Katowice: Wydawnictwo Uniwersytetu \u015al\u0105skiego, ss. 300. ISSN: 0072-5013.<\/span><\/p>\n<p><span style=\"font-size: 12pt;\"><a href=\"http:\/\/wydawnictwo.us.edu.pl\/node\/19173\" target=\"_blank\" rel=\"noopener noreferrer\"><strong>ZOBACZ &gt;&gt;&gt;<\/strong><\/a><\/span><\/p>\n<p><span style=\"font-size: 12pt;\">Numer w ca\u0142o\u015bci po\u015bwi\u0119cony kwestiom metropolitalnym, obejmuj\u0105cy 15 artyku\u0142\u00f3w w j\u0119zyku polskim i francuskim specjalist\u00f3w z Polski, Francji, Kanady\u00a0 i S\u0142owacji.<\/span><\/p>\n<\/div>\n<p><span style=\"font-size: 12pt;\"><strong>Spis tre\u015bci<\/strong><\/span><br \/>\n<span style=\"font-size: 12pt;\">Wst\u0119p (<em>Robert Pyka, Wojciech \u015awi\u0105tkiewicz<\/em>)<\/span><br \/>\n<span style=\"font-size: 12pt;\"><strong>G\u00f3rno\u015bl\u0105sko<\/strong><strong>\u2011<\/strong><strong>Zag\u0142\u0119biowska<\/strong>\u00a0<strong>Metropolia \u2014perspektywy pierwszego w Polsce<\/strong>\u00a0<strong>zwi\u0105zku metropolitalnego<\/strong><\/span><\/p>\n<ul>\n<li><span style=\"font-size: 12pt;\">Krzysztof Bierwiaczonek, Tomasz Nawrocki, Agata Zygmunt:\u00a0<em>Rola Obserwatorium Proces\u00f3w Miejskich i\u00a0\u00a0 Metropolitalnych w procesie tworzenia G\u00f3rno\u015bl\u0105sko<\/em><em>\u2011<\/em><em>Zag\u0142\u0119biowskiej Metropolii \u2014 od deficytu wiedzy do oczekiwa\u0144 wobec nowej instytucji<\/em><\/span><\/li>\n<li><span style=\"font-size: 12pt;\">Robert Pyka:\u00a0<em>Perspektywy wsp\u00f3\u0142pracy gmin nale\u017c\u0105cych do zwi\u0105zku metropolitalnego w wojew\u00f3dztwie \u015bl\u0105skim w kontek\u015bcie powstania G\u00f3rno\u015bl\u0105sko<\/em><em>\u2011<\/em><em>Zag\u0142\u0119biowskiej Metropolii<\/em><\/span><\/li>\n<li><span style=\"font-size: 12pt;\">El\u017cbieta Zuza\u0144ska\u2011\u017by\u015bko, S\u0142awomir Sitek:\u00a0<em>G\u00f3rno\u015bl\u0105sko<\/em><em>\u2011<\/em><em>Zag\u0142\u0119biowska Metropolia w kontek\u015bcie wyzwa\u0144 spo\u0142eczno<\/em><em>\u2011<\/em><em>gospodarczych<\/em><\/span><\/li>\n<li><span style=\"font-size: 12pt;\">Rafa\u0142 Muster:\u00a0<em>Dojazdy do pracy mieszka\u0144c\u00f3w G\u00f3rno\u015bl\u0105sko<\/em><em>\u2011<\/em><em>Zag\u0142\u0119biowskiej Metropolii \u2014 pr\u00f3ba analizy zjawiska<\/em><\/span><\/li>\n<li><span style=\"font-size: 12pt;\">Agata Zygmunt:\u00a0<em>Potencja\u0142 demograficzny G\u00f3rno\u015bl\u0105sko<\/em><em>\u2011<\/em><em>Zag\u0142\u0119biowskiej Metropolii \u2014 szanse, zagro\u017cenia, perspektywy<\/em><\/span><\/li>\n<li><span style=\"font-size: 12pt;\">Krzysztof Gwosdz, Tomasz Kwiatkowski, Agnieszka Sobala\u2011Gwosdz, Ma\u0142gorzata Suchacka:\u00a0<em>Trajektorie rozwoju spo\u0142eczno<\/em><em>\u2011<\/em><em>ekonomicznego w poprzemys\u0142owym obszarze metropolitalnym<\/em><\/span><\/li>\n<\/ul>\n<p><span style=\"font-size: 12pt;\"><strong>Metropolitalno\u015b\u0107 i jej konteksty<\/strong><\/span><\/p>\n<ul>\n<li><span style=\"font-size: 12pt;\">Katarzyna Kajdanek:\u00a0<em>Dolno\u015bl\u0105sko\u015b\u0107 Wroc\u0142awia? O to\u017csamo\u015bciowej relacji miasta z regionem<\/em><\/span><\/li>\n<li><span style=\"font-size: 12pt;\">Alicja Kosterska:\u00a0<em>Rola dizajnu w konstruowaniu regionalnej to\u017csamo\u015bci. Przypadek G\u00f3rnego \u015al\u0105ska<\/em><\/span><\/li>\n<li><span style=\"font-size: 12pt;\">Robert Pyka:\u00a0<em>Miejska kreatywno\u015b\u0107 jako potencjalny czynnik rozwoju g\u00f3rno\u015bl\u0105skiego obszaru metropolitalnego<\/em><\/span><\/li>\n<li><span style=\"font-size: 12pt;\">Pawe\u0142 Pistelok:\u00a0<em>Wykluczeni i obcy w miejskiej przestrzeni publicznej \u2014 pr\u00f3ba uj\u0119cia problemu<\/em><\/span><\/li>\n<\/ul>\n<p><span style=\"font-size: 12pt;\"><strong>Wzmocnienie statusu metropolii \u2014 spojrzenie mi\u0119dzynarodowe \/ Renforcement du statut des m\u00e9tropoles \u2014 regard international crois\u00e9<\/strong><\/span><\/p>\n<ul>\n<li><span style=\"font-size: 12pt;\">Christelle Morel Journel, Georges Gay:\u00a0<em>Du district \u00e0 la m\u00e9tropole : la construction en tension d\u2019une capacit\u00e9 d\u2019action m\u00e9tropolitaine en r\u00e9gion st\u00e9phanoise<\/em><\/span><\/li>\n<li><span style=\"font-size: 12pt;\">Emmanuel Thimonier\u2011Rouzet, Lisa Rolland:\u00a0<em>Les agences d\u2019urbanisme fran\u00e7aises et la r\u00e9forme territoriale de 2015. \u00c9tude de cas \u00e0 Lyon<\/em><\/span><\/li>\n<li><span style=\"font-size: 12pt;\">S\u00e9bastien Bauvet:\u00a0<em>La construction sociale de la m\u00e9tropole s\u00e9curitaire<\/em><\/span><\/li>\n<li><span style=\"font-size: 12pt;\">Eric Champagne, Charles\u2011\u00c9tienne Beaudry:\u00a0<em>Les statuts particuliers des grandes villes au Canada : promesses et limites<\/em><\/span><\/li>\n<li><span style=\"font-size: 12pt;\">Fr\u00e9d\u00e9ric Delaneuville:\u00a0<em>Bratislava face aux enjeux de la m\u00e9tropolisation<\/em><\/span><\/li>\n<\/ul>\n<hr \/>\n<p><span style=\"font-size: 12pt;\">Tytu\u0142:\u00a0Metropolizacja a lokalne \u201egovernance\u201d. Globalne wyzwania pa\u0144stwa narodowego na przyk\u0142adzie V Republiki Francuskiej, Katowice, Wydawnictwo Uniwersytetu \u015al\u0105skiego,\u00a02014,\u00a0 ss. 368, ISSN 0208-6336, ISBN 978-83-8012-042-6, ISBN 978-83-8012-043-3 (wersja elektroniczna), Autor:\u00a0Robert Pyka<\/span><\/p>\n<p><span style=\"font-size: 12pt;\"><strong><a href=\"http:\/\/wydawnictwo.us.edu.pl\/node\/9222\" target=\"_blank\" rel=\"noopener noreferrer\">ZOBACZ &gt;&gt;&gt;<\/a><\/strong><\/span><\/p>\n<hr \/>\n<p><span style=\"font-size: 12pt;\">Tytu\u0142: Miasto. Scena konflikt\u00f3w i wsp\u00f3\u0142pracy. Rozw\u00f3j miast w \u015bwietle koncepcji re\u017cimu miejskiego, Wydawnictwo Uniwersytetu Gda\u0144skiego, Gda\u0144sk 2000, ss. 280, Autor: Iwona Sagan<\/span><\/p>\n<hr \/>\n<p><span style=\"font-size: 12pt;\">Tytu\u0142: Mi\u0119dzy integracj\u0105 a konkurencj\u0105. Gda\u0144sko-Gdy\u0144ski Obszar Metropolitalny, Wydawnictwo Naukowe Scholar, Warszawa 2011, ss.104, ISBN 978-83-928326-1-4, Autor: Iwona Sagan, Zbigniew Canowiecki.<\/span><\/p>\n<hr \/>\n<p><span style=\"font-size: 12pt;\">Tytu\u0142: Mi\u0119dzy konkurencj\u0105 a kooperacj\u0105: zarz\u0105dzanie rozwojem w regionach metropolitalnych, Wyd. ATH, Bielsko-Bia\u0142a 2012, Autor: Joanna Wr\u00f3blewska-Jachna<\/span><\/p>\n<hr \/>\n<p><span style=\"font-size: 12pt;\">Tytu\u0142:\u00a0Od badania do dzia\u0142ania. Analiza trend\u00f3w rozwojowych i zmian gospodarczych w obszarze G\u00f3rno\u015bl\u0105skiego Zwi\u0105zku Metropolitalnego,\u00a0Wy\u017csza Szko\u0142a Zarz\u0105dzania i Nauk Spo\u0142ecznych im. ks. Emila Szramka w\u00a0Tychach, Tychy 2011, ss. 153, ISBN 978-83-62508-04-4, Redakcja: Marek S. Szczepa\u0144ski, Grzegorz Gawron, Paulina Rojek \u2013 Adamek<\/span><\/p>\n<hr \/>\n<p><span style=\"font-size: 12pt;\">Tytu\u0142:\u00a0Plany \u017cyciowe oraz aspiracje edukacyjne i zawodowe uczni\u00f3w szk\u00f3\u0142 ponadgimnazjalnych na obszarze G\u00f3rno\u015bl\u0105skiego Zwi\u0105zku Metropolitalnego, Wy\u017csza Szko\u0142a Zarz\u0105dzania i Nauk Spo\u0142ecznych im. ks. Emila Szramka w\u00a0Tychach, Tychy 2011, ss. 114, ISBN\u00a0978-83-62508-03-7, Autor: Bo\u017cena Pactwa<\/span><\/p>\n<hr \/>\n<p><span style=\"font-size: 12pt;\">Tytu\u0142:\u00a0Potencja\u0142 rozwojowy przedsi\u0119biorstw z obszaru G\u00f3rno\u015bl\u0105skiego Zwi\u0105zku Metropolitalnego w \u015bwietle analiz empirycznych, Wy\u017csza Szko\u0142a Zarz\u0105dzania i Nauk Spo\u0142ecznych im. ks. Emila Szramka w\u00a0Tychach, Tychy 2011, ss. 77, ISBN 978-83-62508-00-6, Autor: Rafa\u0142 Muster<\/span><\/p>\n<hr \/>\n<p><span style=\"font-size: 12pt;\">Tytu\u0142:\u00a0Procesy metropolizacji. Teoria i praktyka, Wydawnictwo Naukowe PWN, Warszawa 2016, ss. 432, ISBN 978-83-01-18500-8,\u00a0 Autor: El\u017cbieta Zuza\u0144ska-\u017by\u015bko<\/span><\/p>\n<p><span style=\"font-size: 12pt;\"><a href=\"http:\/\/ksiegarnia.pwn.pl\/Procesy-metropolizacji,298483821,p.html\" target=\"_blank\" rel=\"noopener noreferrer\"><strong>ZOBACZ &gt;&gt;&gt;<\/strong><\/a><\/span><\/p>\n<hr \/>\n<p><span style=\"font-size: 12pt;\">Tytu\u0142:\u00a0Regionalisation in Europe: State of Affairs, Wydawnictwo U\u015a, Katowice, 2015, ss. 192, ISBN 978-83-8012-584-1,\u00a0Redakcja:\u00a0Robert Pyka, Grzegorz Libor, Dorota Nowalska-Kapu\u015bcik<\/span><\/p>\n<p><span style=\"font-size: 12pt;\"><strong><a href=\"http:\/\/ksiegarnia.pwn.pl\/Procesy-metropolizacji,298483821,p.html\" target=\"_blank\" rel=\"noopener noreferrer\">ZOBACZ &gt;&gt;&gt;<\/a><\/strong><\/span><\/p>\n<hr \/>\n<p><span style=\"font-size: 12pt;\">Tytu\u0142: Spo\u0142eczno\u015bci lokalne i regionalne\u2013metamorfozy to\u017csamo\u015bci zbiorowych: ksi\u0119ga jubileuszowa dedykowana Profesor Ewie Jurczy\u0144skiej-McCluskey, praca zbiorowa, Wydawnictwo ATH, Bielsko-Bia\u0142a 2009, Redakcja: Marek S. Szczepa\u0144ski, Joanna Wr\u00f3blewska-Jachna<\/span><\/p>\n<hr \/>\n<p><span style=\"font-size: 12pt;\">Tytu\u0142:\u00a0Spos\u00f3b na metropoli\u0119. Idee a spo\u0142eczne oczekiwania wobec projektu utworzenia \u015bl\u0105sko \u2013 zag\u0142\u0119biowskiej metropolii, UM Katowice,\u00a0RSS MSNP U\u015a, Katowice 2010, ss. 192, ISBN 978-83-928326-1-4, Redakcja: Robert Pyka<\/span><\/p>\n<hr \/>\n<p><span style=\"font-size: 12pt;\">Tytu\u0142: Zarz\u0105dzanie obszarami metropolitalnymi w Polsce. Mi\u0119dzy dobrowolno\u015bci\u0105 a imperatywem, Wyd. Uniwersytetu Warszawskiego, Warszawa 2009, Autor: Marta Lackowska<\/span><\/p>\n<\/div>\n<p>\n<\/div>\r\n                    <\/div>\r\n                <\/div>[\/vc_column][\/vc_row]<\/p>","protected":false},"excerpt":{"rendered":"<p>[vc_row][vc_column][\/vc_column][\/vc_row] [&#8230;]<\/p>\n<p><a class=\"btn btn-secondary understrap-read-more-link\" href=\"https:\/\/us.edu.pl\/centra-badawcze\/opmim\/ksiazki\/\">Read More&#8230;<\/a><\/p>\n","protected":false},"author":2808,"featured_media":0,"parent":0,"menu_order":0,"comment_status":"closed","ping_status":"closed","template":"","meta":{"_expiration-date-status":"saved","_expiration-date":0,"_expiration-date-type":"","_expiration-date-categories":[],"_expiration-date-options":[]},"acf":[],"_links":{"self":[{"href":"https:\/\/us.edu.pl\/centra-badawcze\/opmim\/wp-json\/wp\/v2\/pages\/756"}],"collection":[{"href":"https:\/\/us.edu.pl\/centra-badawcze\/opmim\/wp-json\/wp\/v2\/pages"}],"about":[{"href":"https:\/\/us.edu.pl\/centra-badawcze\/opmim\/wp-json\/wp\/v2\/types\/page"}],"author":[{"embeddable":true,"href":"https:\/\/us.edu.pl\/centra-badawcze\/opmim\/wp-json\/wp\/v2\/users\/2808"}],"replies":[{"embeddable":true,"href":"https:\/\/us.edu.pl\/centra-badawcze\/opmim\/wp-json\/wp\/v2\/comments?post=756"}],"version-history":[{"count":5,"href":"https:\/\/us.edu.pl\/centra-badawcze\/opmim\/wp-json\/wp\/v2\/pages\/756\/revisions"}],"predecessor-version":[{"id":1200,"href":"https:\/\/us.edu.pl\/centra-badawcze\/opmim\/wp-json\/wp\/v2\/pages\/756\/revisions\/1200"}],"wp:attachment":[{"href":"https:\/\/us.edu.pl\/centra-badawcze\/opmim\/wp-json\/wp\/v2\/media?parent=756"}],"curies":[{"name":"wp","href":"https:\/\/api.w.org\/{rel}","templated":true}]}}