{"id":875,"date":"2021-07-22T12:16:40","date_gmt":"2021-07-22T10:16:40","guid":{"rendered":"https:\/\/us.edu.pl\/centra-badawcze\/opmim\/?page_id=875"},"modified":"2022-01-26T18:46:56","modified_gmt":"2022-01-26T17:46:56","slug":"seminarium-seniorzy-pandemia-maj-2021","status":"publish","type":"page","link":"https:\/\/us.edu.pl\/centra-badawcze\/opmim\/seminarium-seniorzy-pandemia-maj-2021\/","title":{"rendered":"Seminarium &#8222;Seniorzy w obliczu pandemii \u2013 problemy, nadzieje, rozwi\u0105zania&#8221; 18 maja 2021 r."},"content":{"rendered":"<p>[vc_row][vc_column]\r\n                <div class=\"text-modules\">\r\n                    <div class=\"container\">\r\n                        <h3 class=\"page-title text__title\">Seminarium ``Seniorzy w obliczu pandemii \u2013 problemy, nadzieje, rozwi\u0105zania`` 18 maja 2021 r.<\/h3>\r\n                        <div class=\"text-modules__content\"><p><img class=\"alignleft wp-image-877 size-large\" src=\"https:\/\/us.edu.pl\/centra-badawcze\/opmim\/wp-content\/uploads\/sites\/56\/Nieprzypisane\/Plakat_Seminarium_Seniorzy-w-obliczu-pandemii_18_05_2021-2-722x1024.jpg\" alt=\"Dwie osoby spogl\u0105daj\u0105 na telefon kom\u00f3rkowy. Osoba po lewej to starsza kobieta z ochronn\u0105, r\u00f3\u017cow\u0105 maseczk\u0105 w bia\u0142e groszki na twarzy. Ubrana jest szary sweter i bia\u0142\u0105 bluzk\u0119 z ko\u0142nierzem. Osoba po prawej to m\u0142oda kobieta, nosi na twarzy amarantow\u0105 maseczk\u0119 ochron\u0105. Ubrana jest w b\u0142\u0119kitn\u0105 bluzk\u0119 z ko\u0142nierzykiem. W r\u0119ku trzyma telefon i pokazuje co\u015b starszej kobiecie. W lewym g\u00f3rnym rogu znajduje si\u0119 granatowo-zielony prostok\u0105t z bia\u0142ym tytu\u0142em seminarium: &quot;Seniorzy w obliczu pandemii - problemy, nadzieje, rozwi\u0105zania&quot;. Na dole plakatu w granatowo-szarym prostok\u0105cie zamieszczono informacj\u0119 o dacie: 18 maja 2021, godzinie: 10.00, rejestracji: Rejestracja do 13 maja oraz organizatorach wydarzenia: &quot;Wy\u017csza Szko\u0142a Humanitas w Sosnowcu i Wydzia\u0142 Nauk Spo\u0142ecznych Uniwersytetu \u015al\u0105skiego w Katowicach w ramach Obserwatorium Proces\u00f3w Miejskich i Metropolitalnych zapraszaj\u0105 na seminarium z cyklu &quot;Akademia Samorz\u0105dowa&quot;. Pod spodem wida\u0107 cztery logotypy: Uniwersytetu \u015al\u0105skiego w Katowicach, Wy\u017cszej Szko\u0142y Humanitas, Obserwatorium Proces\u00f3w Miejskich i Metropolitalnych, Ministerstwa Edukacji i Nauki. Dofinansowano z programu &quot;Spo\u0142eczna Odpowiedzialno\u015b\u0107 Nauki&quot; Ministra Edukacji i Nauki.\" width=\"640\" height=\"908\" srcset=\"https:\/\/us.edu.pl\/centra-badawcze\/opmim\/wp-content\/uploads\/sites\/56\/Nieprzypisane\/Plakat_Seminarium_Seniorzy-w-obliczu-pandemii_18_05_2021-2-722x1024.jpg 722w, https:\/\/us.edu.pl\/centra-badawcze\/opmim\/wp-content\/uploads\/sites\/56\/Nieprzypisane\/Plakat_Seminarium_Seniorzy-w-obliczu-pandemii_18_05_2021-2-211x300.jpg 211w, https:\/\/us.edu.pl\/centra-badawcze\/opmim\/wp-content\/uploads\/sites\/56\/Nieprzypisane\/Plakat_Seminarium_Seniorzy-w-obliczu-pandemii_18_05_2021-2-768x1090.jpg 768w, https:\/\/us.edu.pl\/centra-badawcze\/opmim\/wp-content\/uploads\/sites\/56\/Nieprzypisane\/Plakat_Seminarium_Seniorzy-w-obliczu-pandemii_18_05_2021-2-405x575.jpg 405w, https:\/\/us.edu.pl\/centra-badawcze\/opmim\/wp-content\/uploads\/sites\/56\/Nieprzypisane\/Plakat_Seminarium_Seniorzy-w-obliczu-pandemii_18_05_2021-2.jpg 1748w\" sizes=\"(max-width: 640px) 100vw, 640px\" \/><\/p>\n<p>Szanowni Pa\u0144stwo,<\/p>\n<p class=\"rtejustify\">Wydzia\u0142 Nauk Spo\u0142ecznych Uniwersytetu \u015al\u0105skiego w Katowicach i Wy\u017csza Szko\u0142a Humanitas w Sosnowcu, w ramach realizacji\u00a0<strong>projektu Spo\u0142ecznej Odpowiedzialno\u015bci Nauki pn.: \u201cNauka bli\u017cej Ciebie \u2013 upowszechnianie efekt\u00f3w dzia\u0142alno\u015bci naukowo-badawczej Uniwersytetu \u015al\u0105skiego\u201d<\/strong>\u00a0oraz w ramach inicjatywy\u00a0<strong>Obserwatorium Proces\u00f3w Miejskich i Metropolitalnych<\/strong>, serdecznie zapraszaj\u0105 na seminarium pn.\u00a0<strong>\u201eSeniorzy w obliczu pandemii \u2013 problemy, nadzieje, rozwi\u0105zania\u201d<\/strong>.<\/p>\n<p class=\"rtejustify\">Seminarium odb\u0119dzie si\u0119 w dniu\u00a0<strong>18 maja 2021 r. o godz. 10:00 za po\u015brednictwem platformy ClickMeeting.<\/strong><\/p>\n<p class=\"rtejustify\">Wydarzenie jest cz\u0119\u015bci\u0105 organizowanego cyklicznie przedsi\u0119wzi\u0119cia Obserwatorium pod nazw\u0105 Akademia Samorz\u0105dowa, kt\u00f3rego celem jest propagowanie fachowej wiedzy i budowanie wsp\u00f3\u0142pracy przedstawicieli \u015brodowiska spo\u0142eczno-gospodarczego ze \u015bwiatem nauki.<\/p>\n<p class=\"rtejustify\">Tematyka nadchodz\u0105cego seminarium koncentruje si\u0119 na sytuacji os\u00f3b starszych w czasie pandemii, obejmuj\u0105c m.in. zagadnienia\u00a0 izolacji spo\u0142ecznej i wykluczenia cyfrowego oraz mo\u017cliwych rozwi\u0105za\u0144 w tym zakresie.<\/p>\n<p class=\"rtejustify\">Zach\u0119camy serdecznie do dyskusji i wymiany do\u015bwiadcze\u0144!<\/p>\n<p class=\"rtejustify\"><strong>Udzia\u0142 w wydarzeniu jest bezp\u0142atny.<\/strong><\/p>\n<p class=\"rtejustify\"><strong><a href=\"https:\/\/us.edu.pl\/centra-badawcze\/opmim\/wp-content\/uploads\/sites\/56\/Nieprzypisane\/AKT_AKADEMIA-SAMORZ\u0104DOWA_18.05.2021_Program_2.pdf\" class=\"mtli_attachment mtli_pdf\" class=\"mtli_attachment mtli_pdf\" target=\"_blank\" rel=\"noopener noreferrer\">Agenda wydarzenia jest dost\u0119pna pod linkiem &gt;&gt;&gt;<\/a><\/strong><\/p>\n<p class=\"rtejustify\"><strong>Zg\u0142oszenia udzia\u0142u mo\u017cna dokona\u0107 do dnia 13 maja br.<\/strong>\u00a0<strong>w\u0142\u0105cznie<\/strong>, poprzez\u00a0<a href=\"https:\/\/wshumanitas200.clickmeeting.com\/792777681\/register\"><strong>formularz dost\u0119pny pod linkiem &gt;&gt;&gt;<\/strong><\/a><\/p>\n<p class=\"rtejustify\">W razie pyta\u0144 zapraszamy do kontaktu z p. Zuzann\u0105 Neuve-\u00c9glise:\u00a0<a href=\"mailto:zuzanna.neuve-eglise@us.edu.pl\">zuzanna.neuve-eglise@us.edu.pl<\/a>\u00a0(tel. 32\u00a0359 18 16).<\/p>\n<p>&nbsp;<\/p>\n<p class=\"rtejustify\"><strong>Wsp\u00f3\u0142organizacja przez U\u015a spotkania jest dofinansowana z programu \u201eSpo\u0142eczna odpowiedzialno\u015b\u0107 nauki\u201d Ministra Edukacji i Nauki.<\/strong><\/p>\n<p><img class=\"alignnone size-medium wp-image-1297\" src=\"https:\/\/us.edu.pl\/centra-badawcze\/opmim\/wp-content\/uploads\/sites\/56\/Nieprzypisane\/Logo_ministerstwo_poziom_PL-300x155.jpg\" alt=\"Ministerstwo Edukacji i Nauki: bia\u0142y orze\u0142 na czerwonym tle\" width=\"300\" height=\"155\" srcset=\"https:\/\/us.edu.pl\/centra-badawcze\/opmim\/wp-content\/uploads\/sites\/56\/Nieprzypisane\/Logo_ministerstwo_poziom_PL-300x155.jpg 300w, https:\/\/us.edu.pl\/centra-badawcze\/opmim\/wp-content\/uploads\/sites\/56\/Nieprzypisane\/Logo_ministerstwo_poziom_PL-768x396.jpg 768w, https:\/\/us.edu.pl\/centra-badawcze\/opmim\/wp-content\/uploads\/sites\/56\/Nieprzypisane\/Logo_ministerstwo_poziom_PL-1024x528.jpg 1024w, https:\/\/us.edu.pl\/centra-badawcze\/opmim\/wp-content\/uploads\/sites\/56\/Nieprzypisane\/Logo_ministerstwo_poziom_PL-575x296.jpg 575w\" sizes=\"(max-width: 300px) 100vw, 300px\" \/><\/p>\n<\/div>\r\n                    <\/div>\r\n                <\/div>[\/vc_column][\/vc_row]<\/p>","protected":false},"excerpt":{"rendered":"<p>[vc_row][vc_column][\/vc_column][\/vc_row] [&#8230;]<\/p>\n<p><a class=\"btn btn-secondary understrap-read-more-link\" href=\"https:\/\/us.edu.pl\/centra-badawcze\/opmim\/seminarium-seniorzy-pandemia-maj-2021\/\">Read More&#8230;<\/a><\/p>\n","protected":false},"author":2808,"featured_media":0,"parent":0,"menu_order":0,"comment_status":"closed","ping_status":"closed","template":"","meta":{"_expiration-date-status":"saved","_expiration-date":0,"_expiration-date-type":"","_expiration-date-categories":[],"_expiration-date-options":[]},"acf":[],"_links":{"self":[{"href":"https:\/\/us.edu.pl\/centra-badawcze\/opmim\/wp-json\/wp\/v2\/pages\/875"}],"collection":[{"href":"https:\/\/us.edu.pl\/centra-badawcze\/opmim\/wp-json\/wp\/v2\/pages"}],"about":[{"href":"https:\/\/us.edu.pl\/centra-badawcze\/opmim\/wp-json\/wp\/v2\/types\/page"}],"author":[{"embeddable":true,"href":"https:\/\/us.edu.pl\/centra-badawcze\/opmim\/wp-json\/wp\/v2\/users\/2808"}],"replies":[{"embeddable":true,"href":"https:\/\/us.edu.pl\/centra-badawcze\/opmim\/wp-json\/wp\/v2\/comments?post=875"}],"version-history":[{"count":4,"href":"https:\/\/us.edu.pl\/centra-badawcze\/opmim\/wp-json\/wp\/v2\/pages\/875\/revisions"}],"predecessor-version":[{"id":1334,"href":"https:\/\/us.edu.pl\/centra-badawcze\/opmim\/wp-json\/wp\/v2\/pages\/875\/revisions\/1334"}],"wp:attachment":[{"href":"https:\/\/us.edu.pl\/centra-badawcze\/opmim\/wp-json\/wp\/v2\/media?parent=875"}],"curies":[{"name":"wp","href":"https:\/\/api.w.org\/{rel}","templated":true}]}}