{"id":153,"date":"2021-06-29T11:45:10","date_gmt":"2021-06-29T09:45:10","guid":{"rendered":"https:\/\/us.edu.pl\/centra-badawcze\/pccer\/?page_id=153"},"modified":"2022-12-31T10:36:49","modified_gmt":"2022-12-31T09:36:49","slug":"zespol-koordynujacy","status":"publish","type":"page","link":"https:\/\/us.edu.pl\/centra-badawcze\/pccer\/zespol-koordynujacy\/","title":{"rendered":"zesp\u00f3\u0142 koordynuj\u0105cy"},"content":{"rendered":"<p>[vc_row el_class=&#8221;container&#8221;][vc_column el_class=&#8221;tiles tiles-2&#8243;]\r\n                <div class=\"text-modules\">\r\n                    <div class=\"container\">\r\n                        <h3 class=\"page-title text__title\">Zesp\u00f3\u0142 koordynuj\u0105cy<\/h3>\r\n                        <div class=\"text-modules__content\"><\/div>\r\n                    <\/div>\r\n                <\/div>[\/vc_column][\/vc_row][vc_row el_class=&#8221;container&#8221;][vc_column][vc_row_inner][vc_column_inner]\r\n                <div class=\"text-modules\">\r\n                    <div class=\"container\">\r\n                        \r\n                        <div class=\"text-modules__content\"><\/p>\n<h3><span style=\"color: #002a5e;\"><strong>Dyrektor Polsko-Chi\u0144skiego Centrum Bada\u0144 \u015arodowiskowych\u00a0<\/strong><\/span><\/h3>\n<p>\n<\/div>\r\n                    <\/div>\r\n                <\/div>[\/vc_column_inner][\/vc_row_inner][vc_row_inner content_placement=&#8221;middle&#8221;][vc_column_inner width=&#8221;1\/6&#8243;][\/vc_column_inner][vc_column_inner width=&#8221;2\/6&#8243;][vc_single_image image=&#8221;157&#8243; img_size=&#8221;100%&#8221; alignment=&#8221;center&#8221; style=&#8221;vc_box_circle_2&#8243;][\/vc_column_inner][vc_column_inner width=&#8221;3\/6&#8243;]\r\n                <div class=\"text-modules\">\r\n                    <div class=\"container\">\r\n                        \r\n                        <div class=\"text-modules__content\"><p>Prof. dr hab. <span style=\"font-size: 150%;\">IRENEUSZ MALIK<\/span><\/p>\n<p><span style=\"letter-spacing: 0.8mm; color: #333333; font-size: 100%;\">Dyrektor Polsko-Chi\u0144skiego Centrum Bada\u0144 \u015arodowiskowych<br \/>\nUniwersytet \u015al\u0105ski w Katowicach<br \/>\n<\/span><\/p>\n<hr \/>\n<p>&nbsp;<\/p>\n<p><span style=\"font-size: 90%; color: #011535;\">KONTAKT:<\/span><\/p>\n<p>tel. +48 32 368 95 15<br \/>\nkom. +48 608 588 961<br \/>\ne-mail: <a href=\"mailto:ireneusz.malik@us.edu.pl\">ireneusz.malik@us.edu.pl<\/a><\/p>\n<p><a href=\"https:\/\/ab.us.edu.pl\/emp?id=16272\"><span style=\"font-size: 90%; color: #011535;\"> <img class=\"alignnone size-full wp-image-163\" src=\"https:\/\/us.edu.pl\/centra-badawcze\/pccer\/wp-content\/uploads\/sites\/64\/ikony-i-logo\/ikony-badania\/iconmonstr-user-20.svg\" alt=\"Ikona: sylwetka cz\u0142owieka w kole \" \/>\u00a0 wizyt\u00f3wka<\/span><\/a><\/p>\n<\/div>\r\n                    <\/div>\r\n                <\/div>[\/vc_column_inner][\/vc_row_inner][vc_row_inner el_class=&#8221;container&#8221;][vc_column_inner el_class=&#8221;container&#8221;][vc_empty_space height=&#8221;20px&#8221;]\r\n                <div class=\"text-modules\">\r\n                    <div class=\"container\">\r\n                        \r\n                        <div class=\"text-modules__content\"><\/p>\n<h3><strong><span style=\"color: #003366;\">Koordynator prac w Chinach<\/span><\/strong><\/h3>\n<p>\n<\/div>\r\n                    <\/div>\r\n                <\/div>[\/vc_column_inner][\/vc_row_inner][vc_row_inner content_placement=&#8221;middle&#8221;][vc_column_inner width=&#8221;1\/6&#8243;][\/vc_column_inner][vc_column_inner width=&#8221;2\/6&#8243;][vc_single_image image=&#8221;159&#8243; img_size=&#8221;100%&#8221; style=&#8221;vc_box_shadow_circle_2&#8243;][\/vc_column_inner][vc_column_inner width=&#8221;3\/6&#8243;]\r\n                <div class=\"text-modules\">\r\n                    <div class=\"container\">\r\n                        \r\n                        <div class=\"text-modules__content\"><p>Prof. <span style=\"font-size: 150%;\">YUANMING ZHANG<\/span><\/p>\n<p><span style=\"letter-spacing: 0.8mm; color: #333333; font-size: 100%;\">Chinese Academy of Science, Xinjiang Institute of Ecology and Geography<br \/>\n<\/span><\/p>\n<hr \/>\n<p><span style=\"color: #333333; font-size: 10pt;\">contact\u00a0<\/span><\/p>\n<\/div>\r\n                    <\/div>\r\n                <\/div>[\/vc_column_inner][\/vc_row_inner][vc_row_inner][vc_column_inner][\/vc_column_inner][\/vc_row_inner][\/vc_column][\/vc_row][vc_row el_class=&#8221;container&#8221;][vc_column]<div class=\"container\"><div class=\"separator\" style=\"background-color: #EBEBEB\"><\/div><\/div>\r\n                <div class=\"text-modules\">\r\n                    <div class=\"container\">\r\n                        \r\n                        <div class=\"text-modules__content\"><\/p>\n<h2><strong><span style=\"color: #003366;\">Koordynatorzy regionalni\u00a0<\/span><\/strong><\/h2>\n<p>\n<\/div>\r\n                    <\/div>\r\n                <\/div>[\/vc_column][\/vc_row][vc_row content_placement=&#8221;bottom&#8221; css=&#8221;.vc_custom_1621590311328{margin-top: 2px !important;border-top-width: 2px !important;padding-top: 2px !important;border-top-color: #000000 !important;}&#8221; el_class=&#8221;container linki&#8221;][vc_column width=&#8221;1\/4&#8243; el_class=&#8221;foto&#8221;][vc_single_image image=&#8221;521&#8243; img_size=&#8221;large&#8221; alignment=&#8221;center&#8221; style=&#8221;vc_box_shadow_circle_2&#8243;][\/vc_column][vc_column width=&#8221;1\/4&#8243;]\r\n                <div class=\"text-modules\">\r\n                    <div class=\"container\">\r\n                        \r\n                        <div class=\"text-modules__content\"><p><span style=\"font-size: 10pt; color: #333333;\">CHINY PO\u0141UDNOWO-WSCHODNIE<\/span><\/p>\n<p>Dr<span style=\"font-size: 150%;\"> Tie Yongbo<\/span><\/p>\n<p><span style=\"letter-spacing: 0.8mm; color: #333333; font-size: 90%;\">Chi\u0144ska S\u0142u\u017cba Geologiczna oddzia\u0142 w Chengdu<\/span><\/p>\n<hr \/>\n<p><span style=\"font-size: 90%;\">contact<\/span><\/p>\n<\/div>\r\n                    <\/div>\r\n                <\/div>[\/vc_column][vc_column width=&#8221;1\/4&#8243; el_class=&#8221;foto&#8221;][vc_single_image image=&#8221;524&#8243; img_size=&#8221;large&#8221; alignment=&#8221;center&#8221; style=&#8221;vc_box_shadow_circle_2&#8243;][\/vc_column][vc_column width=&#8221;1\/4&#8243;]\r\n                <div class=\"text-modules\">\r\n                    <div class=\"container\">\r\n                        \r\n                        <div class=\"text-modules__content\"><p><span style=\"font-size: 10pt;\">CHINY P\u00d3\u0141NOCNO-WSCHODNIE<\/span><\/p>\n<p>Prof. Dr. <span style=\"font-size: 150%;\">Yu Ruide <\/span><\/p>\n<p><span style=\"letter-spacing: 0.8mm; color: #333333; font-size: 90%;\">Chi\u0144ska Akademia Nauk, Sinciang Instytut Ekologii i Geografii<\/span><\/p>\n<hr \/>\n<p><span style=\"font-size: 90%;\">contact<\/span><\/p>\n<\/div>\r\n                    <\/div>\r\n                <\/div>[\/vc_column][\/vc_row][vc_row content_placement=&#8221;bottom&#8221; css=&#8221;.vc_custom_1621588280627{margin-top: 2px !important;border-top-width: 2px !important;padding-top: 2px !important;border-top-color: #000000 !important;}&#8221; el_class=&#8221;container linki&#8221;][vc_column el_class=&#8221;foto&#8221;][vc_empty_space height=&#8221;16px&#8221;][\/vc_column][\/vc_row][vc_row content_placement=&#8221;bottom&#8221; css=&#8221;.vc_custom_1621588280627{margin-top: 2px !important;border-top-width: 2px !important;padding-top: 2px !important;border-top-color: #000000 !important;}&#8221; el_class=&#8221;container linki&#8221;][vc_column width=&#8221;1\/4&#8243; el_class=&#8221;foto&#8221;][vc_single_image image=&#8221;160&#8243; img_size=&#8221;large&#8221; alignment=&#8221;center&#8221; style=&#8221;vc_box_shadow_circle_2&#8243;][\/vc_column][vc_column width=&#8221;1\/4&#8243;]\r\n                <div class=\"text-modules\">\r\n                    <div class=\"container\">\r\n                        \r\n                        <div class=\"text-modules__content\"><p><span style=\"font-size: 10pt;\">SZANGHAJ<\/span><\/p>\n<p>Dr. <span style=\"font-size: 150%;\">Lu Ping <\/span><\/p>\n<p><span style=\"letter-spacing: 0.8mm; color: #333333; font-size: 90%;\">Centrum Informacji Przestrzennej i Zr\u00f3wnowa\u017conego Rozwoju, Uniwersytet Tongji, Szanghaj<\/span><\/p>\n<hr \/>\n<p><span style=\"font-size: 90%;\">contact<\/span><\/p>\n<\/div>\r\n                    <\/div>\r\n                <\/div>[\/vc_column][vc_column width=&#8221;1\/4&#8243; el_class=&#8221;foto&#8221;][\/vc_column][vc_column width=&#8221;1\/4&#8243;][\/vc_column][\/vc_row][vc_row][vc_column]<div class=\"container\"><div class=\"separator\" style=\"background-color: #EBEBEB\"><\/div><\/div>[\/vc_column][\/vc_row][vc_row][vc_column]\r\n                <div class=\"text-modules\">\r\n                    <div class=\"container\">\r\n                        <h3 class=\"page-title text__title\">Zesp\u00f3\u0142 badawczy<\/h3>\r\n                        <div class=\"text-modules__content\"><\/div>\r\n                    <\/div>\r\n                <\/div>[\/vc_column][\/vc_row][vc_row el_class=&#8221;container&#8221;][vc_column width=&#8221;1\/4&#8243;][\/vc_column][vc_column width=&#8221;1\/2&#8243;]\r\n                <div class=\"title-with-link color-blue\" style=\"background: #EBEBEB\">\r\n                    <div class=\"container\">\r\n                        <div class=\"title-with-link-container \">\r\n                            <div class=\"title-with-link__title\"><span>Naukowcy<\/span><\/div>\r\n                            <a href=\"https:\/\/us.edu.pl\/centra-badawcze\/pccer\/zespol-badawczy\" class=\"title-with-link__link\">poznaj badaczy Polsko-Chi\u0144skiego Centrum Bada\u0144 \u015arodowiskowych<\/a>\r\n                        <\/div>\r\n                    <\/div>\r\n                <\/div>\r\n            [\/vc_column][vc_column width=&#8221;1\/4&#8243;][\/vc_column][\/vc_row]<\/p>","protected":false},"excerpt":{"rendered":"<p>[vc_row el_class=&#8221;container&#8221;][vc_column el_class=&#8221;tiles tiles-2&#8243;][\/vc_column][\/vc_row][vc_row el_class=&#8221;container&#8221;][vc_column][vc_row_inner][vc_column_inner][\/vc_column_inner][\/vc_row_inner][vc_row_inner content_placement=&#8221;middle&#8221;][vc_column_inner width=&#8221;1\/6&#8243;][\/vc_column_inner][vc_column_inner width=&#8221;2\/6&#8243;][vc_single_image image=&#8221;157&#8243; img_size=&#8221;100%&#8221; alignment=&#8221;center&#8221; style=&#8221;vc_box_circle_2&#8243;][\/vc_column_inner][vc_column_inner width=&#8221;3\/6&#8243;][\/vc_column_inner][\/vc_row_inner][vc_row_inner el_class=&#8221;container&#8221;][vc_column_inner el_class=&#8221;container&#8221;][vc_empty_space height=&#8221;20px&#8221;][\/vc_column_inner][\/vc_row_inner][vc_row_inner content_placement=&#8221;middle&#8221;][vc_column_inner width=&#8221;1\/6&#8243;][\/vc_column_inner][vc_column_inner width=&#8221;2\/6&#8243;][vc_single_image image=&#8221;159&#8243; img_size=&#8221;100%&#8221; style=&#8221;vc_box_shadow_circle_2&#8243;][\/vc_column_inner][vc_column_inner width=&#8221;3\/6&#8243;][\/vc_column_inner][\/vc_row_inner][vc_row_inner][vc_column_inner][\/vc_column_inner][\/vc_row_inner][\/vc_column][\/vc_row][vc_row el_class=&#8221;container&#8221;][vc_column][\/vc_column][\/vc_row][vc_row content_placement=&#8221;bottom&#8221; css=&#8221;.vc_custom_1621590311328{margin-top: 2px !important;border-top-width: 2px !important;padding-top: 2px !important;border-top-color: #000000 !important;}&#8221; el_class=&#8221;container linki&#8221;][vc_column width=&#8221;1\/4&#8243; el_class=&#8221;foto&#8221;][vc_single_image image=&#8221;521&#8243; img_size=&#8221;large&#8221; alignment=&#8221;center&#8221; style=&#8221;vc_box_shadow_circle_2&#8243;][\/vc_column][vc_column width=&#8221;1\/4&#8243;][\/vc_column][vc_column width=&#8221;1\/4&#8243; el_class=&#8221;foto&#8221;][vc_single_image image=&#8221;524&#8243; img_size=&#8221;large&#8221; alignment=&#8221;center&#8221; style=&#8221;vc_box_shadow_circle_2&#8243;][\/vc_column][vc_column width=&#8221;1\/4&#8243;][\/vc_column][\/vc_row][vc_row content_placement=&#8221;bottom&#8221; css=&#8221;.vc_custom_1621588280627{margin-top: 2px !important;border-top-width: 2px [&#8230;]<\/p>\n<p><a class=\"btn btn-secondary understrap-read-more-link\" href=\"https:\/\/us.edu.pl\/centra-badawcze\/pccer\/zespol-koordynujacy\/\">Read More&#8230;<\/a><\/p>\n","protected":false},"author":26,"featured_media":0,"parent":0,"menu_order":0,"comment_status":"closed","ping_status":"closed","template":"","meta":{"_expiration-date-status":"","_expiration-date":0,"_expiration-date-type":"","_expiration-date-categories":[],"_expiration-date-options":[]},"acf":[],"_links":{"self":[{"href":"https:\/\/us.edu.pl\/centra-badawcze\/pccer\/wp-json\/wp\/v2\/pages\/153"}],"collection":[{"href":"https:\/\/us.edu.pl\/centra-badawcze\/pccer\/wp-json\/wp\/v2\/pages"}],"about":[{"href":"https:\/\/us.edu.pl\/centra-badawcze\/pccer\/wp-json\/wp\/v2\/types\/page"}],"author":[{"embeddable":true,"href":"https:\/\/us.edu.pl\/centra-badawcze\/pccer\/wp-json\/wp\/v2\/users\/26"}],"replies":[{"embeddable":true,"href":"https:\/\/us.edu.pl\/centra-badawcze\/pccer\/wp-json\/wp\/v2\/comments?post=153"}],"version-history":[{"count":0,"href":"https:\/\/us.edu.pl\/centra-badawcze\/pccer\/wp-json\/wp\/v2\/pages\/153\/revisions"}],"wp:attachment":[{"href":"https:\/\/us.edu.pl\/centra-badawcze\/pccer\/wp-json\/wp\/v2\/media?parent=153"}],"curies":[{"name":"wp","href":"https:\/\/api.w.org\/{rel}","templated":true}]}}