{"id":314,"date":"2021-08-03T15:15:27","date_gmt":"2021-08-03T13:15:27","guid":{"rendered":"https:\/\/us.edu.pl\/centra-badawcze\/pccer\/?page_id=314"},"modified":"2022-12-31T10:16:47","modified_gmt":"2022-12-31T09:16:47","slug":"publikacje-pccer","status":"publish","type":"page","link":"https:\/\/us.edu.pl\/centra-badawcze\/pccer\/en\/publikacje-pccer\/","title":{"rendered":"Papers PCCER"},"content":{"rendered":"<p>[vc_row][vc_column]\r\n                <div class=\"text-modules\">\r\n                    <div class=\"container\">\r\n                        <h3 class=\"page-title text__title\">Papers<\/h3>\r\n                        <div class=\"text-modules__content\"><\/div>\r\n                    <\/div>\r\n                <\/div>[\/vc_column][\/vc_row][vc_row el_class=&#8221;container&#8221;][vc_column width=&#8221;1\/6&#8243; el_class=&#8221;shadow&#8221; css=&#8221;.vc_custom_1627996027366{padding-top: -10px !important;}&#8221;][\/vc_column][vc_column width=&#8221;2\/3&#8243; el_class=&#8221;shadow&#8221;][vc_empty_space height=&#8221;10px&#8221;][vc_separator color=&#8221;custom&#8221; border_width=&#8221;4&#8243; accent_color=&#8221;#94c11f&#8221;]\r\n                <div class=\"text-modules\">\r\n                    <div class=\"container\">\r\n                        \r\n                        <div class=\"text-modules__content\"><p><span style=\"font-size: 10pt;\">Sun, L., Yu, Y., Gao, Y., He, J., Yu, X., Malik, I., Wistuba, M., Yu, R., 2021.<\/span><\/p>\n<p><span style=\"font-size: 14pt;\">Remote Sensing Monitoring and Evaluation of the Temporal and Spatial Changes in the Eco-Environment of a Typical Arid Land of the Tarim Basin in Western China. <\/span><br \/>\n<span style=\"font-size: 10pt;\">Land 2021, 10, 868.<\/span><\/p>\n<p>DOI:\u00a0<a href=\"https:\/\/ doi.org\/10.3390\/land10080868\">10.3390\/land10080868<\/a><\/p>\n<\/div>\r\n                    <\/div>\r\n                <\/div>[\/vc_column][vc_column width=&#8221;1\/6&#8243;][\/vc_column][\/vc_row][vc_row el_class=&#8221;container&#8221;][vc_column width=&#8221;1\/6&#8243; el_class=&#8221;shadow&#8221; css=&#8221;.vc_custom_1627996027366{padding-top: -10px !important;}&#8221;][\/vc_column][vc_column width=&#8221;2\/3&#8243; el_class=&#8221;shadow&#8221;][vc_empty_space height=&#8221;10px&#8221;][vc_separator color=&#8221;custom&#8221; border_width=&#8221;4&#8243; accent_color=&#8221;#94c11f&#8221;]\r\n                <div class=\"text-modules\">\r\n                    <div class=\"container\">\r\n                        \r\n                        <div class=\"text-modules__content\"><p><span style=\"font-size: 10pt;\">Malik, I., Wistuba, M., Asalon D., Habel M., Chalov S., Yu, R., 2021.<\/span><\/p>\n<p><span style=\"font-size: 14pt;\">Hydrodynamic parameters of floods and related bank erosion events indicated from tree rings and 2D hydrodynamic model for a small ungauged catchment (Sudeten Mts., Poland). <\/span><br \/>\n<span style=\"font-size: 10pt;\">Ecological Indicators 139, 108021.<\/span><\/p>\n<p>DOI: <a href=\"https:\/\/doi.org\/10.1016\/j.ecolind.2021.108021\">10.1016\/j.ecolind.2021.108021<\/a><\/p>\n<\/div>\r\n                    <\/div>\r\n                <\/div>[\/vc_column][vc_column width=&#8221;1\/6&#8243;][\/vc_column][\/vc_row][vc_row el_class=&#8221;container&#8221;][vc_column width=&#8221;1\/6&#8243; el_class=&#8221;shadow&#8221; css=&#8221;.vc_custom_1627996027366{padding-top: -10px !important;}&#8221;][\/vc_column][vc_column width=&#8221;2\/3&#8243; el_class=&#8221;shadow&#8221;][vc_empty_space height=&#8221;10px&#8221;][vc_separator color=&#8221;custom&#8221; border_width=&#8221;4&#8243; accent_color=&#8221;#94c11f&#8221;]\r\n                <div class=\"text-modules\">\r\n                    <div class=\"container\">\r\n                        \r\n                        <div class=\"text-modules__content\"><p><span style=\"font-size: 10pt;\">Malik I., Wistuba M., Tie Y., Owczarek P., Woskowicz-\u015al\u0119zak B., \u0141uszczy\u0144ska K., 2017.<\/span><\/p>\n<p><span style=\"font-size: 14pt;\">Mass movements of differing magnitude and frequency in a developing high-mountain area of the Moxi basin, Hengduan Mts, China \u2013 A hazard assessment.<\/span><br \/>\n<span style=\"font-size: 10pt;\">Applied Geography, 87, 54-65.<\/span><\/p>\n<p>DOI: <a href=\"https:\/\/doi.org\/10.1016\/j.apgeog.2017.08.003\">10.1016\/j.apgeog.2017.08.003<\/a><\/p>\n<\/div>\r\n                    <\/div>\r\n                <\/div>[\/vc_column][vc_column width=&#8221;1\/6&#8243;][\/vc_column][\/vc_row][vc_row el_class=&#8221;container&#8221;][vc_column width=&#8221;1\/6&#8243; el_class=&#8221;shadow&#8221; css=&#8221;.vc_custom_1627996027366{padding-top: -10px !important;}&#8221;][\/vc_column][vc_column width=&#8221;2\/3&#8243; el_class=&#8221;shadow&#8221;][vc_empty_space height=&#8221;10px&#8221;][vc_separator color=&#8221;custom&#8221; border_width=&#8221;4&#8243; accent_color=&#8221;#94c11f&#8221;]\r\n                <div class=\"text-modules\">\r\n                    <div class=\"container\">\r\n                        \r\n                        <div class=\"text-modules__content\"><p><span style=\"font-size: 10pt;\">Malik I., Tie Y., Owczarek P., Wistuba M., Pilorz W., Woskowicz-\u015al\u0119zak B., 2013.<\/span><\/p>\n<p><span style=\"font-size: 14pt;\">Human-planted alder trees as a protection against debris flows (a dendrochronological study from Moxi Basin, Southwestern China).<\/span><br \/>\n<span style=\"font-size: 10pt;\">Geochronometria, 40, 3, 208-216.<\/span><\/p>\n<p>DOI: <a href=\"https:\/\/doi.org\/10.2478\/s13386-013-0113-x\">10.2478\/s13386-013-0113-x<\/a><\/p>\n<\/div>\r\n                    <\/div>\r\n                <\/div>[\/vc_column][vc_column width=&#8221;1\/6&#8243;][\/vc_column][\/vc_row][vc_row el_class=&#8221;container&#8221;][vc_column width=&#8221;1\/6&#8243; el_class=&#8221;shadow&#8221; css=&#8221;.vc_custom_1627996027366{padding-top: -10px !important;}&#8221;][\/vc_column][vc_column width=&#8221;2\/3&#8243; el_class=&#8221;shadow&#8221;][vc_empty_space height=&#8221;10px&#8221;][vc_separator color=&#8221;custom&#8221; border_width=&#8221;4&#8243; accent_color=&#8221;#94c11f&#8221;]\r\n                <div class=\"text-modules\">\r\n                    <div class=\"container\">\r\n                        \r\n                        <div class=\"text-modules__content\"><p><span style=\"font-size: 10pt;\">Gawior D., Wistuba M., Malik I., Tie Y., Micha\u0142owicz P., Jiang J., 2016.<\/span><\/p>\n<p><span style=\"font-size: 14pt;\">Wp\u0142yw wstrz\u0105s\u00f3w sejsmicznych na przyrost radialny i anatomi\u0119 drewna wybranych gatunk\u00f3w drzew (Podhale, Polska i Wenchuan, Chiny).<\/span><br \/>\n<span style=\"font-size: 10pt;\">Studia i Materia\u0142y Centrum Edukacji Przyrodniczo-Le\u015bnej w Rogowie, 18, 3, 101-110.<\/span><\/p>\n<\/div>\r\n                    <\/div>\r\n                <\/div>[\/vc_column][vc_column width=&#8221;1\/6&#8243;][\/vc_column][\/vc_row][vc_row el_class=&#8221;container&#8221;][vc_column width=&#8221;1\/6&#8243; el_class=&#8221;shadow&#8221; css=&#8221;.vc_custom_1627996027366{padding-top: -10px !important;}&#8221;][\/vc_column][vc_column width=&#8221;2\/3&#8243; el_class=&#8221;shadow&#8221;][vc_empty_space height=&#8221;10px&#8221;][vc_separator color=&#8221;custom&#8221; border_width=&#8221;4&#8243; accent_color=&#8221;#94c11f&#8221;]\r\n                <div class=\"text-modules\">\r\n                    <div class=\"container\">\r\n                        \r\n                        <div class=\"text-modules__content\"><p><span style=\"font-size: 10pt;\">Malik I., Tie Y., Wistuba M., Jiang J., Owczarek P., Hapczyk M., 2016.<\/span><\/p>\n<p><span style=\"font-size: 14pt;\">Ocena zagro\u017cenia osuwaniem na postawie analizy przyrost\u00f3w rocznych olszy nepalskiej (Syczuan, Chiny).<\/span><br \/>\n<span style=\"font-size: 10pt;\">Studia i Materia\u0142y Centrum Edukacji Przyrodniczo-Le\u015bnej w Rogowie, 18, 3, 133-140.<\/span><\/p>\n<\/div>\r\n                    <\/div>\r\n                <\/div>[\/vc_column][vc_column width=&#8221;1\/6&#8243;][\/vc_column][\/vc_row][vc_row][vc_column]\r\n                <div class=\"text-modules\">\r\n                    <div class=\"container\">\r\n                        \r\n                        <div class=\"text-modules__content\"><p><!--nextpage-->[vc_row][vc_column]\r\n                <div class=\"text-modules\">\r\n                    <div class=\"container\">\r\n                        <h3 class=\"page-title text__title\">Papers<\/h3>\r\n                        <div class=\"text-modules__content\"><\/div>\r\n                    <\/div>\r\n                <\/div>\n<\/div>\r\n                    <\/div>\r\n                <\/div>[\/vc_column][\/vc_row][vc_row el_class=&#8221;container&#8221;][vc_column width=&#8221;1\/6&#8243; el_class=&#8221;shadow&#8221; css=&#8221;.vc_custom_1627996027366{padding-top: -10px !important;}&#8221;][\/vc_column][vc_column width=&#8221;2\/3&#8243; el_class=&#8221;shadow&#8221;][vc_empty_space height=&#8221;10px&#8221;][vc_separator color=&#8221;custom&#8221; border_width=&#8221;4&#8243; accent_color=&#8221;#94c11f&#8221;]\r\n                <div class=\"text-modules\">\r\n                    <div class=\"container\">\r\n                        \r\n                        <div class=\"text-modules__content\"><p><span style=\"font-size: 10pt;\">Gawior D., Malik I., Wistuba M., Tie Y., Micha\u0142owicz P., Jiang J., Rutkiewicz P., 2017.<\/span><\/p>\n<p><span style=\"font-size: 14pt;\">The impact of earthquakes on radial growth and wood anatomy, examples from Western Carpathians, Poland and Wenchuan, China.<\/span><br \/>\n<span style=\"font-size: 10pt;\">TRACE. Tree Rings in Archaeology, Climatology and Ecology, 15, 104-111.<\/span><\/p>\n<\/div>\r\n                    <\/div>\r\n                <\/div>[\/vc_column][vc_column width=&#8221;1\/6&#8243;][\/vc_column][\/vc_row][vc_row el_class=&#8221;container&#8221;][vc_column width=&#8221;1\/6&#8243; el_class=&#8221;shadow&#8221; css=&#8221;.vc_custom_1627996027366{padding-top: -10px !important;}&#8221;][\/vc_column][vc_column width=&#8221;2\/3&#8243; el_class=&#8221;shadow&#8221;][vc_empty_space height=&#8221;10px&#8221;][vc_separator color=&#8221;custom&#8221; border_width=&#8221;4&#8243; accent_color=&#8221;#94c11f&#8221;]\r\n                <div class=\"text-modules\">\r\n                    <div class=\"container\">\r\n                        \r\n                        <div class=\"text-modules__content\"><p><span style=\"font-size: 10pt;\">Malik I., Wistuba M., Tie Y., Owczarek P., Woskowicz-\u015al\u0119zak B., \u0141uszczy\u0144ska K., Absalon D., 2017.<\/span><\/p>\n<p><span style=\"font-size: 14pt;\">A tree-ring and GIS assessment of mass-movement hazard in the Moxi basin (Sichuan, China).<\/span><br \/>\n<span style=\"font-size: 10pt;\">AIP Conference Proceedings, 1906, 170012.<\/span><\/p>\n<p>DOI: <a href=\"https:\/\/doi.org\/10.1063\/1.5012447\">10.1063\/1.5012447<\/a><\/p>\n<\/div>\r\n                    <\/div>\r\n                <\/div>[\/vc_column][vc_column width=&#8221;1\/6&#8243;][\/vc_column][\/vc_row]<\/p>","protected":false},"excerpt":{"rendered":"<p>Sorry, this entry is only available in Polish. [&#8230;]<\/p>\n<p><a class=\"btn btn-secondary understrap-read-more-link\" href=\"https:\/\/us.edu.pl\/centra-badawcze\/pccer\/en\/publikacje-pccer\/\">Read More&#8230;<\/a><\/p>\n","protected":false},"author":26,"featured_media":0,"parent":0,"menu_order":0,"comment_status":"closed","ping_status":"closed","template":"","meta":{"_expiration-date-status":"","_expiration-date":0,"_expiration-date-type":"","_expiration-date-categories":[],"_expiration-date-options":[]},"acf":[],"_links":{"self":[{"href":"https:\/\/us.edu.pl\/centra-badawcze\/pccer\/en\/wp-json\/wp\/v2\/pages\/314"}],"collection":[{"href":"https:\/\/us.edu.pl\/centra-badawcze\/pccer\/en\/wp-json\/wp\/v2\/pages"}],"about":[{"href":"https:\/\/us.edu.pl\/centra-badawcze\/pccer\/en\/wp-json\/wp\/v2\/types\/page"}],"author":[{"embeddable":true,"href":"https:\/\/us.edu.pl\/centra-badawcze\/pccer\/en\/wp-json\/wp\/v2\/users\/26"}],"replies":[{"embeddable":true,"href":"https:\/\/us.edu.pl\/centra-badawcze\/pccer\/en\/wp-json\/wp\/v2\/comments?post=314"}],"version-history":[{"count":0,"href":"https:\/\/us.edu.pl\/centra-badawcze\/pccer\/en\/wp-json\/wp\/v2\/pages\/314\/revisions"}],"wp:attachment":[{"href":"https:\/\/us.edu.pl\/centra-badawcze\/pccer\/en\/wp-json\/wp\/v2\/media?parent=314"}],"curies":[{"name":"wp","href":"https:\/\/api.w.org\/{rel}","templated":true}]}}