{"id":1097,"date":"2019-10-29T22:11:02","date_gmt":"2019-10-29T21:11:02","guid":{"rendered":"https:\/\/us.edu.pl\/doktorant\/?page_id=1097"},"modified":"2020-04-02T13:20:37","modified_gmt":"2020-04-02T11:20:37","slug":"program-ksztalcenia-2","status":"publish","type":"page","link":"https:\/\/us.edu.pl\/doktorant\/studia-doktoranckie-rozpoczete-przed-1-pazdziernika-2019-r\/nauki-inzynieryjno-techniczne-informatyka-techniczna-i-telekomunikacja-inzynieria-materialowa\/program-ksztalcenia-2\/","title":{"rendered":"Program kszta\u0142cenia"},"content":{"rendered":"<p>[vc_row][vc_column]\r\n                <div class=\"text-modules\">\r\n                    <div class=\"container\">\r\n                        <h3 class=\"page-title text__title\">Program kszta\u0142cenia<\/h3>\r\n                        <div class=\"text-modules__content\"><p>Program kszta\u0142cenia na studiach III stopnia \u2013 kierunek: <strong>informatyka<\/strong> (od 2014 roku)<\/p>\n<p><a href=\"https:\/\/us.edu.pl\/doktorant\/wp-content\/uploads\/sites\/12\/Nieprzypisane\/Program-ksztalcenia-U\u015a-od-2014.pdf\" class=\"mtli_attachment mtli_pdf\" data-mtli=\"mtli_filesize972,73kB\" class=\"mtli_attachment mtli_pdf\" data-mtli=\"mtli_filesize972,73kB\">Program-ksztalcenia-U\u015a (od 2014)<\/a><\/p>\n<hr \/>\n<p>Program kszta\u0142cenia na studiach III stopnia \u2013 kierunek: <strong>in\u017cynieria materia\u0142owa<\/strong> (rozpocz\u0119te studia przed 1.10.2019 r.)<\/p>\n<p><a href=\"https:\/\/us.edu.pl\/doktorant\/wp-content\/uploads\/sites\/12\/Nieprzypisane\/Program-kszta\u0142cenia-dla-studi\u00f3w-doktoranckich-z-dyscypliny-in\u017cynieria-materia\u0142owa.doc\" class=\"mtli_attachment mtli_doc\" data-mtli=\"mtli_filesize75,00kB\" class=\"mtli_attachment mtli_doc\" data-mtli=\"mtli_filesize75,00kB\">Program kszta\u0142cenia dla studi\u00f3w doktoranckich z dyscypliny in\u017cynieria materia\u0142owa<\/a><\/p>\n<p><a href=\"https:\/\/us.edu.pl\/doktorant\/wp-content\/uploads\/sites\/12\/Nieprzypisane\/Program-studi\u00f3w-doktoranckich-z-dyscypliny-in\u017cynieria-materia\u0142owa.doc\" class=\"mtli_attachment mtli_doc\" data-mtli=\"mtli_filesize144,50kB\" class=\"mtli_attachment mtli_doc\" data-mtli=\"mtli_filesize144,50kB\">Program studi\u00f3w doktoranckich z dyscypliny in\u017cynieria materia\u0142owa<\/a><\/p>\n<p><a href=\"https:\/\/us.edu.pl\/doktorant\/wp-content\/uploads\/sites\/12\/Nieprzypisane\/Wyk\u0142ady-specjalistyczne-dla-doktorant\u00f3w.doc\" class=\"mtli_attachment mtli_doc\" data-mtli=\"mtli_filesize28,00kB\" class=\"mtli_attachment mtli_doc\" data-mtli=\"mtli_filesize28,00kB\">Wyk\u0142ady specjalistyczne dla doktorant\u00f3w<\/a><\/p>\n<style type=\"text\/css\">a[data-mtli~=\"mtli_filesize972,73kB\"]:after {content:\" (972,73 kB)\"}a[data-mtli~=\"mtli_filesize75,00kB\"]:after {content:\" (75,00 kB)\"}a[data-mtli~=\"mtli_filesize144,50kB\"]:after {content:\" (144,50 kB)\"}a[data-mtli~=\"mtli_filesize28,00kB\"]:after {content:\" (28,00 kB)\"}<\/style><\/div>\r\n                    <\/div>\r\n                <\/div>[\/vc_column][\/vc_row]<\/p>\n<style type=\"text\/css\">a[data-mtli~=\"mtli_filesize972,73kB\"]:after {content:\" (972,73 kB)\"}a[data-mtli~=\"mtli_filesize75,00kB\"]:after {content:\" (75,00 kB)\"}a[data-mtli~=\"mtli_filesize144,50kB\"]:after {content:\" (144,50 kB)\"}a[data-mtli~=\"mtli_filesize28,00kB\"]:after {content:\" (28,00 kB)\"}<\/style>","protected":false},"excerpt":{"rendered":"<p>[vc_row][vc_column][\/vc_column][\/vc_row] [&#8230;]<\/p>\n<p><a class=\"btn btn-secondary understrap-read-more-link\" href=\"https:\/\/us.edu.pl\/doktorant\/studia-doktoranckie-rozpoczete-przed-1-pazdziernika-2019-r\/nauki-inzynieryjno-techniczne-informatyka-techniczna-i-telekomunikacja-inzynieria-materialowa\/program-ksztalcenia-2\/\">Read More&#8230;<\/a><\/p>\n","protected":false},"author":92,"featured_media":0,"parent":1045,"menu_order":2,"comment_status":"closed","ping_status":"closed","template":"page-templates\/page-with-sidebar.php","meta":{"_expiration-date-status":"saved","_expiration-date":0,"_expiration-date-type":"","_expiration-date-categories":[],"_expiration-date-options":[]},"acf":[],"_links":{"self":[{"href":"https:\/\/us.edu.pl\/doktorant\/wp-json\/wp\/v2\/pages\/1097"}],"collection":[{"href":"https:\/\/us.edu.pl\/doktorant\/wp-json\/wp\/v2\/pages"}],"about":[{"href":"https:\/\/us.edu.pl\/doktorant\/wp-json\/wp\/v2\/types\/page"}],"author":[{"embeddable":true,"href":"https:\/\/us.edu.pl\/doktorant\/wp-json\/wp\/v2\/users\/92"}],"replies":[{"embeddable":true,"href":"https:\/\/us.edu.pl\/doktorant\/wp-json\/wp\/v2\/comments?post=1097"}],"version-history":[{"count":0,"href":"https:\/\/us.edu.pl\/doktorant\/wp-json\/wp\/v2\/pages\/1097\/revisions"}],"up":[{"embeddable":true,"href":"https:\/\/us.edu.pl\/doktorant\/wp-json\/wp\/v2\/pages\/1045"}],"wp:attachment":[{"href":"https:\/\/us.edu.pl\/doktorant\/wp-json\/wp\/v2\/media?parent=1097"}],"curies":[{"name":"wp","href":"https:\/\/api.w.org\/{rel}","templated":true}]}}