{"id":2192,"date":"2019-11-01T19:01:16","date_gmt":"2019-11-01T18:01:16","guid":{"rendered":"https:\/\/us.edu.pl\/doktorant\/?page_id=2192"},"modified":"2020-10-08T15:23:02","modified_gmt":"2020-10-08T13:23:02","slug":"harmonogram-zajec","status":"publish","type":"page","link":"https:\/\/us.edu.pl\/doktorant\/studia-doktoranckie-rozpoczete-przed-1-pazdziernika-2019-r\/nauki-humanistyczne-literaturoznawstwo-jezykoznawstwo-o-kulturze-i-religii-wydzial-humanistyczny\/harmonogram-zajec\/","title":{"rendered":"Harmonogram zaj\u0119\u0107"},"content":{"rendered":"<p>[vc_row][vc_column]\r\n                <div class=\"text-modules\">\r\n                    <div class=\"container\">\r\n                        \r\n                        <div class=\"text-modules__content\"><p>Harmonogram dla doktorant\u00f3w<strong> filozofii<\/strong> i <strong>historii <\/strong>ZIMA 2020\/2021 (za\u0142\u0105cznik Plan zimowy 20-21 FH)<\/p>\n<p><a href=\"https:\/\/us.edu.pl\/doktorant\/wp-content\/uploads\/sites\/12\/Nieprzypisane\/Plan-zimowy-20-21-FH.xls\" class=\"mtli_attachment mtli_xls\" data-mtli=\"mtli_filesize67,50kB\" class=\"mtli_attachment mtli_xls\" data-mtli=\"mtli_filesize67,50kB\">Plan-zimowy 20-21 FH<\/a><\/p>\n<p>Doktoranci III, IV roku oraz na 1. i 2. przed\u0142u\u017ceniu, z dyscyplin \u00a0<strong>literaturoznawstwa, j\u0119zykoznawstwa i nauki o kulturze i religii<\/strong>, realizuj\u0105 <em>SEMINARIUM DOKTORANCKIE <\/em>indywidualnie z opiekunem naukowym\/promotorem, a <em>GODZINY DYDAKTYCZNE<\/em> zgodnie z przydzia\u0142em ustalonym z instytutem swojej dyscypliny (wymiar: nie mniej ni\u017c 10 godzin nie wi\u0119cej ni\u017c 90 na rok akademicki)<\/p>\n<style type=\"text\/css\">a[data-mtli~=\"mtli_filesize67,50kB\"]:after {content:\" (67,50 kB)\"}<\/style><\/div>\r\n                    <\/div>\r\n                <\/div>\r\n                <div class=\"text-modules\">\r\n                    <div class=\"container\">\r\n                        <h3 class=\"page-title text__title\">Harmonogram zaj\u0119\u0107<\/h3>\r\n                        <div class=\"text-modules__content\"><p><strong><span style=\"font-size: 14pt\">Harmonogram zaj\u0119\u0107 dla doktorant\u00f3w dawnego Wydzia\u0142u Filologicznego<\/span><\/strong><\/p>\n<p><strong><span style=\"font-size: 14pt\"><a href=\"https:\/\/us.edu.pl\/doktorant\/wp-content\/uploads\/sites\/12\/Nieprzypisane\/Plan-studi\u00f3w-doktoranckich-dla-II-roku-semestr-letni-2019-2020.docx\" class=\"mtli_attachment mtli_docx\" data-mtli=\"mtli_filesize16,26kB\" class=\"mtli_attachment mtli_docx\" data-mtli=\"mtli_filesize16,26kB\">Plan studi\u00f3w doktoranckich dla II roku, semestr letni 2019-2020<\/a><\/span><\/strong><\/p>\n<p>&nbsp;<\/p>\n<p><strong><span style=\"font-size: 14pt\">Harmonogram zaj\u0119\u0107 dla doktorant\u00f3w dawnego Wydzia\u0142u Filologicznego<\/span><\/strong><\/p>\n<p><span style=\"font-size: 12pt\"><a href=\"https:\/\/us.edu.pl\/doktorant\/wp-content\/uploads\/sites\/12\/2019\/11\/Plan-studi\u00f3w-doktoranckich-od-II-roku-zima-2019.pdf\" class=\"mtli_attachment mtli_pdf\" data-mtli=\"mtli_filesize843,96kB\" class=\"mtli_attachment mtli_pdf\" data-mtli=\"mtli_filesize843,96kB\">Plan studi\u00f3w doktoranckich od II roku semestr zimowy 2019\/2020<\/a><\/span><\/p>\n<p>&nbsp;<\/p>\n<p><strong><span style=\"font-size: 14pt\">Harmonogram zaj\u0119\u0107 dla doktorant\u00f3w dawnego Wydzia\u0142u Nauk Spo\u0142ecznych (filozofia i historia)<\/span><\/strong><\/p>\n<p><strong><span style=\"font-size: 14pt\"><a href=\"https:\/\/us.edu.pl\/doktorant\/wp-content\/uploads\/sites\/12\/Nieprzypisane\/Plan-studi\u00f3w-doktoranckich-semestr-letni-2019-2020.pdf\" class=\"mtli_attachment mtli_pdf\" data-mtli=\"mtli_filesize245,18kB\" class=\"mtli_attachment mtli_pdf\" data-mtli=\"mtli_filesize245,18kB\">Plan studi\u00f3w doktoranckich, semestr letni 2019-2020<\/a><\/span><\/strong><\/p>\n<p>&nbsp;<\/p>\n<p><strong><span style=\"font-size: 14pt\">Harmonogram zaj\u0119\u0107 dla doktorant\u00f3w dawnego Wydzia\u0142u Nauk Spo\u0142ecznych (filozofia i historia)<\/span><\/strong><\/p>\n<p><span style=\"font-size: 12pt\"><a href=\"https:\/\/us.edu.pl\/doktorant\/wp-content\/uploads\/sites\/12\/2019\/11\/Plan-zimowy.xls\" class=\"mtli_attachment mtli_xls\" data-mtli=\"mtli_filesize64,00kB\" class=\"mtli_attachment mtli_xls\" data-mtli=\"mtli_filesize64,00kB\">Plan zaj\u0119\u0107 doktorant\u00f3w od II roku na semestr zimowy 2019\/2020<\/a><\/span><\/p>\n<style type=\"text\/css\">a[data-mtli~=\"mtli_filesize16,26kB\"]:after {content:\" (16,26 kB)\"}a[data-mtli~=\"mtli_filesize843,96kB\"]:after {content:\" (843,96 kB)\"}a[data-mtli~=\"mtli_filesize245,18kB\"]:after {content:\" (245,18 kB)\"}a[data-mtli~=\"mtli_filesize64,00kB\"]:after {content:\" (64,00 kB)\"}<\/style><\/div>\r\n                    <\/div>\r\n                <\/div>[\/vc_column][\/vc_row]<\/p>\n<style type=\"text\/css\">a[data-mtli~=\"mtli_filesize67,50kB\"]:after {content:\" (67,50 kB)\"}a[data-mtli~=\"mtli_filesize16,26kB\"]:after {content:\" (16,26 kB)\"}a[data-mtli~=\"mtli_filesize843,96kB\"]:after {content:\" (843,96 kB)\"}a[data-mtli~=\"mtli_filesize245,18kB\"]:after {content:\" (245,18 kB)\"}a[data-mtli~=\"mtli_filesize64,00kB\"]:after {content:\" (64,00 kB)\"}<\/style>","protected":false},"excerpt":{"rendered":"<p>[vc_row][vc_column][\/vc_column][\/vc_row] [&#8230;]<\/p>\n<p><a class=\"btn btn-secondary understrap-read-more-link\" href=\"https:\/\/us.edu.pl\/doktorant\/studia-doktoranckie-rozpoczete-przed-1-pazdziernika-2019-r\/nauki-humanistyczne-literaturoznawstwo-jezykoznawstwo-o-kulturze-i-religii-wydzial-humanistyczny\/harmonogram-zajec\/\">Read More&#8230;<\/a><\/p>\n","protected":false},"author":92,"featured_media":0,"parent":2057,"menu_order":4,"comment_status":"closed","ping_status":"closed","template":"page-templates\/page-with-sidebar.php","meta":{"_expiration-date-status":"saved","_expiration-date":0,"_expiration-date-type":"","_expiration-date-categories":[],"_expiration-date-options":[]},"acf":[],"_links":{"self":[{"href":"https:\/\/us.edu.pl\/doktorant\/wp-json\/wp\/v2\/pages\/2192"}],"collection":[{"href":"https:\/\/us.edu.pl\/doktorant\/wp-json\/wp\/v2\/pages"}],"about":[{"href":"https:\/\/us.edu.pl\/doktorant\/wp-json\/wp\/v2\/types\/page"}],"author":[{"embeddable":true,"href":"https:\/\/us.edu.pl\/doktorant\/wp-json\/wp\/v2\/users\/92"}],"replies":[{"embeddable":true,"href":"https:\/\/us.edu.pl\/doktorant\/wp-json\/wp\/v2\/comments?post=2192"}],"version-history":[{"count":0,"href":"https:\/\/us.edu.pl\/doktorant\/wp-json\/wp\/v2\/pages\/2192\/revisions"}],"up":[{"embeddable":true,"href":"https:\/\/us.edu.pl\/doktorant\/wp-json\/wp\/v2\/pages\/2057"}],"wp:attachment":[{"href":"https:\/\/us.edu.pl\/doktorant\/wp-json\/wp\/v2\/media?parent=2192"}],"curies":[{"name":"wp","href":"https:\/\/api.w.org\/{rel}","templated":true}]}}