{"id":2409,"date":"2019-11-03T10:18:09","date_gmt":"2019-11-03T09:18:09","guid":{"rendered":"https:\/\/us.edu.pl\/doktorant\/?page_id=2409"},"modified":"2020-03-10T15:53:19","modified_gmt":"2020-03-10T14:53:19","slug":"nauki-teologiczne-teologia-wydzial-teologiczny","status":"publish","type":"page","link":"https:\/\/us.edu.pl\/doktorant\/studia-doktoranckie-rozpoczete-przed-1-pazdziernika-2019-r\/nauki-teologiczne-teologia-wydzial-teologiczny\/","title":{"rendered":"Nauki teologiczne: teologia. Wydzia\u0142 Teologiczny"},"content":{"rendered":"<p>[vc_row][vc_column]\r\n                <div class=\"text-modules\">\r\n                    <div class=\"container\">\r\n                        <h3 class=\"page-title text__title\">Nauki teologiczne: teologia. Wydzia\u0142 Teologiczny<\/h3>\r\n                        <div class=\"text-modules__content\"><p>Studia doktoranckie w dziedzinie nauk teologicznych<\/p>\n<p>Czteroletnie studia doktoranckie w dziedzinie nauk teologicznych, utworzone zarz\u0105dzeniem nr 14 Rektora U\u015a z dnia 26 lutego 2009 r., prowadzone w Wydziale Teologicznym U\u015a w Katowicach w trybie stacjonarnym, skierowane s\u0105 do szerokiego grona kandydat\u00f3w: os\u00f3b \u015bwieckich, zakonnych i duchownych. Program i organizacja studi\u00f3w doktoranckich odpowiada wymaganiom prawa pa\u0144stwowego (<em>Prawo o szkolnictwie wy\u017cszym<\/em>) jak i ko\u015bcielnego.<\/p>\n<p>Zgodnie z art. 49 \u00a7 1 Konstytucji Apostolskiej <em>Veritatis gaudium <\/em>z dnia <em>27 grudnia 2017 r<\/em>. doktoranci Wydzia\u0142u Teologicznego U\u015a, w ramach toku studi\u00f3w, maj\u0105 mo\u017cliwo\u015b\u0107 uzyskania ko\u015bcielnego stopnia naukowego <em>licentia in sacra theologia <\/em>(licencjat kanoniczny), wymaganego do otwarcia przewodu doktorskiego w dziedzinie nauk teologicznych.<\/p>\n<\/div>\r\n                    <\/div>\r\n                <\/div>[\/vc_column][\/vc_row]<\/p>","protected":false},"excerpt":{"rendered":"<p>[vc_row][vc_column][\/vc_column][\/vc_row] [&#8230;]<\/p>\n<p><a class=\"btn btn-secondary understrap-read-more-link\" href=\"https:\/\/us.edu.pl\/doktorant\/studia-doktoranckie-rozpoczete-przed-1-pazdziernika-2019-r\/nauki-teologiczne-teologia-wydzial-teologiczny\/\">Read More&#8230;<\/a><\/p>\n","protected":false},"author":92,"featured_media":0,"parent":501,"menu_order":0,"comment_status":"closed","ping_status":"closed","template":"page-templates\/page-with-sidebar.php","meta":{"_expiration-date-status":"saved","_expiration-date":0,"_expiration-date-type":"","_expiration-date-categories":[],"_expiration-date-options":[]},"acf":[],"_links":{"self":[{"href":"https:\/\/us.edu.pl\/doktorant\/wp-json\/wp\/v2\/pages\/2409"}],"collection":[{"href":"https:\/\/us.edu.pl\/doktorant\/wp-json\/wp\/v2\/pages"}],"about":[{"href":"https:\/\/us.edu.pl\/doktorant\/wp-json\/wp\/v2\/types\/page"}],"author":[{"embeddable":true,"href":"https:\/\/us.edu.pl\/doktorant\/wp-json\/wp\/v2\/users\/92"}],"replies":[{"embeddable":true,"href":"https:\/\/us.edu.pl\/doktorant\/wp-json\/wp\/v2\/comments?post=2409"}],"version-history":[{"count":0,"href":"https:\/\/us.edu.pl\/doktorant\/wp-json\/wp\/v2\/pages\/2409\/revisions"}],"up":[{"embeddable":true,"href":"https:\/\/us.edu.pl\/doktorant\/wp-json\/wp\/v2\/pages\/501"}],"wp:attachment":[{"href":"https:\/\/us.edu.pl\/doktorant\/wp-json\/wp\/v2\/media?parent=2409"}],"curies":[{"name":"wp","href":"https:\/\/api.w.org\/{rel}","templated":true}]}}