{"id":2419,"date":"2019-11-03T10:21:00","date_gmt":"2019-11-03T09:21:00","guid":{"rendered":"https:\/\/us.edu.pl\/doktorant\/?page_id=2419"},"modified":"2020-04-24T10:39:18","modified_gmt":"2020-04-24T08:39:18","slug":"sztuka-sztuki-plastyczne-i-konserwacja-dziel-sztuki-wydzial-sztuki-i-nauk-o-edukacji","status":"publish","type":"page","link":"https:\/\/us.edu.pl\/doktorant\/studia-doktoranckie-rozpoczete-przed-1-pazdziernika-2019-r\/sztuka-sztuki-plastyczne-i-konserwacja-dziel-sztuki-wydzial-sztuki-i-nauk-o-edukacji\/","title":{"rendered":"Sztuka: sztuki plastyczne i konserwacja dzie\u0142 sztuki. Wydzia\u0142 Sztuki i Nauk o Edukacji"},"content":{"rendered":"<p>[vc_row][vc_column]\r\n                <div class=\"text-modules\">\r\n                    <div class=\"container\">\r\n                        <h3 class=\"page-title text__title\">Sztuka: sztuki plastyczne i konserwacja dzie\u0142 sztuki. Wydzia\u0142 Sztuki i Nauk o Edukacji<\/h3>\r\n                        <div class=\"text-modules__content\"><p>Studia Doktoranckie w Instytucie Sztuk Plastycznych to mo\u017cliwo\u015b\u0107 spotkania si\u0119 z artystami pracuj\u0105cymi w obszarze sztuki tradycyjnej, gdzie dzie\u0142o jest monolitem, jak i w polu sztuki postkonceptualnej, gdzie nic nie jest pewne czy z g\u00f3ry okre\u015blone. Oba paradygmaty realizowane s\u0105 za pomoc\u0105 rze\u017aby, malarstwa, grafiki warsztatowej, projektowania graficznego, ceramiki, szk\u0142a, rysunku, performance, sztuki zaanga\u017cowanej dzi\u0119ki zespo\u0142owi pracuj\u0105cemu nieustannie nad rozwojem w\u0142asnej idei sztuki i technik pozwalaj\u0105cych j\u0105 wyra\u017ca\u0107.\u00a0 Poszukiwania kadry skupionej wok\u00f3\u0142 rze\u017aby, rysunku, \u00a0grafiki, ekslibrisu i malarstwa koncentruj\u0105 si\u0119 na badaniu si\u0142y tradycyjnych warto\u015bci artystycznych wobec zmian paradygmat\u00f3w estetycznych i spo\u0142ecznych. Projektowanie graficzne dr\u0105\u017cy tematy zwi\u0105zane z zaanga\u017cowaniem, sfer\u0105 spo\u0142eczn\u0105, komunikacj\u0105 wizualn\u0105 i jej si\u0142\u0105 w kontek\u015bcie nadmiaru obraz\u00f3w. Jest r\u00f3wnie\u017c mo\u017cliwo\u015b\u0107 wsp\u00f3\u0142pracy z artystami eksperymentuj\u0105cymi, dla kt\u00f3rych praca nie ogranicza si\u0119 do jednego obszaru badawczego (komiks+ literatura, sztuka zaanga\u017cowana tak\u017ce performance + nauki spo\u0142eczne, tkanina + teoria feministyczna, szk\u0142o + nauki przyrodnicze)Studia doktoranckie w zakresie Sztuk Pi\u0119knych realizowane na Wydziale Sztuk i Nauk o Edukacji U\u015a w Cieszynie skierowane s\u0105 do absolwent\u00f3w studi\u00f3w wy\u017cszych posiadaj\u0105cych dyplom magistra sztuki. Studia doktoranckie \u00a0kszta\u0142c\u0105 kadr\u0119 o wysokich kompetencjach w zakresie wiedzy (nieograniczonej do samej sztuki) i umiej\u0119tno\u015bci jej zastosowania praktycznego do prowadzenia w\u0142asnej dzia\u0142alno\u015bci artystycznej, uczestnictwa w kszta\u0142towaniu kultury symbolicznej w kraju i poza jego granicami, oraz do pracy dydaktycznej na poziomie szkolnictwa wy\u017cszego.<\/p>\n<\/div>\r\n                    <\/div>\r\n                <\/div>[\/vc_column][\/vc_row]<\/p>","protected":false},"excerpt":{"rendered":"<p>[vc_row][vc_column][\/vc_column][\/vc_row] [&#8230;]<\/p>\n<p><a class=\"btn btn-secondary understrap-read-more-link\" href=\"https:\/\/us.edu.pl\/doktorant\/studia-doktoranckie-rozpoczete-przed-1-pazdziernika-2019-r\/sztuka-sztuki-plastyczne-i-konserwacja-dziel-sztuki-wydzial-sztuki-i-nauk-o-edukacji\/\">Read More&#8230;<\/a><\/p>\n","protected":false},"author":92,"featured_media":0,"parent":501,"menu_order":0,"comment_status":"closed","ping_status":"closed","template":"page-templates\/page-with-sidebar.php","meta":{"_expiration-date-status":"saved","_expiration-date":0,"_expiration-date-type":"","_expiration-date-categories":[],"_expiration-date-options":[]},"acf":[],"_links":{"self":[{"href":"https:\/\/us.edu.pl\/doktorant\/wp-json\/wp\/v2\/pages\/2419"}],"collection":[{"href":"https:\/\/us.edu.pl\/doktorant\/wp-json\/wp\/v2\/pages"}],"about":[{"href":"https:\/\/us.edu.pl\/doktorant\/wp-json\/wp\/v2\/types\/page"}],"author":[{"embeddable":true,"href":"https:\/\/us.edu.pl\/doktorant\/wp-json\/wp\/v2\/users\/92"}],"replies":[{"embeddable":true,"href":"https:\/\/us.edu.pl\/doktorant\/wp-json\/wp\/v2\/comments?post=2419"}],"version-history":[{"count":0,"href":"https:\/\/us.edu.pl\/doktorant\/wp-json\/wp\/v2\/pages\/2419\/revisions"}],"up":[{"embeddable":true,"href":"https:\/\/us.edu.pl\/doktorant\/wp-json\/wp\/v2\/pages\/501"}],"wp:attachment":[{"href":"https:\/\/us.edu.pl\/doktorant\/wp-json\/wp\/v2\/media?parent=2419"}],"curies":[{"name":"wp","href":"https:\/\/api.w.org\/{rel}","templated":true}]}}