{"id":600,"date":"2019-10-21T15:22:02","date_gmt":"2019-10-21T13:22:02","guid":{"rendered":"https:\/\/us.edu.pl\/doktorant\/?page_id=600"},"modified":"2020-04-09T10:22:42","modified_gmt":"2020-04-09T08:22:42","slug":"program-ksztalcenia","status":"publish","type":"page","link":"https:\/\/us.edu.pl\/doktorant\/studia-doktoranckie-rozpoczete-przed-1-pazdziernika-2019-r\/nauki-scisle-i-przyrodnicze-matematyka-nauki-fizyczne-nauki-chemiczne\/program-ksztalcenia\/","title":{"rendered":"Program kszta\u0142cenia"},"content":{"rendered":"<p>[vc_row][vc_column]\r\n                <div class=\"text-modules\">\r\n                    <div class=\"container\">\r\n                        <h3 class=\"page-title text__title\">Program kszta\u0142cenia<\/h3>\r\n                        <div class=\"text-modules__content\"><p><strong>matematyka<\/strong><\/p>\n<ul>\n<li><a href=\"\/doktorant\/wp-content\/uploads\/sites\/12\/za\u0142\u0105czniki-na-stronach\/Program_studiow_doktoranckich_z_matematyki_2017-2018.pdf\" class=\"mtli_attachment mtli_pdf\" data-mtli=\"mtli_filesize321,35kB\" class=\"mtli_attachment mtli_pdf\" data-mtli=\"mtli_filesize321,35kB\">Program studi\u00f3w obowi\u0105zuj\u0105cy od roku akademickiego 2017\/2018 (pdf)<\/a><\/li>\n<\/ul>\n<p><strong>nauki fizyczne<\/strong><\/p>\n<ul>\n<li><a href=\"\/doktorant\/wp-content\/uploads\/sites\/12\/za\u0142\u0105czniki-na-stronach\/program-studiow-doktoranckich-IF-1415-pl.pdf\" class=\"mtli_attachment mtli_pdf\" data-mtli=\"mtli_filesize1,05MB\" class=\"mtli_attachment mtli_pdf\" data-mtli=\"mtli_filesize1,05MB\">Program studi\u00f3w doktoranckich dla os\u00f3b, kt\u00f3re rozpocz\u0119\u0142y studia w roku akademickim 2014\/2015 (prowadzonych w j\u0119zyku polskim) \u2013 pdf<\/a><\/li>\n<li><a href=\"\/doktorant\/wp-content\/uploads\/sites\/12\/za\u0142\u0105czniki-na-stronach\/program-studiow-doktoranckich-IF-1415-eng.pdf\" class=\"mtli_attachment mtli_pdf\" data-mtli=\"mtli_filesize1,12MB\" class=\"mtli_attachment mtli_pdf\" data-mtli=\"mtli_filesize1,12MB\">Program studi\u00f3w doktoranckich dla os\u00f3b, kt\u00f3re rozpocz\u0119\u0142y studia w roku akademickim 2014\/2015 (w j\u0119zyku angielskim) \u2013 pdf<\/a><\/li>\n<\/ul>\n<p><strong>nauki chemiczne<\/strong><\/p>\n<ul>\n<li><a href=\"\/doktorant\/wp-content\/uploads\/sites\/12\/za\u0142\u0105czniki-na-stronach\/program-studiow-doktoranckich-chemia-1819.pdf\" class=\"mtli_attachment mtli_pdf\" data-mtli=\"mtli_filesize712,49kB\" class=\"mtli_attachment mtli_pdf\" data-mtli=\"mtli_filesize712,49kB\">Program studi\u00f3w III stopnia \u2013chemia (2018\/2019) \u2013 pdf<\/a><\/li>\n<li><a href=\"\/doktorant\/wp-content\/uploads\/sites\/12\/za\u0142\u0105czniki-na-stronach\/program-studiow-doktoranckich-chemia-1415.pdf\" class=\"mtli_attachment mtli_pdf\" data-mtli=\"mtli_filesize5,09MB\" class=\"mtli_attachment mtli_pdf\" data-mtli=\"mtli_filesize5,09MB\">Program studi\u00f3w III stopnia \u2013 chemia (2014\/2015) \u2013 pd<\/a><\/li>\n<\/ul>\n<p>\n<style type=\"text\/css\">a[data-mtli~=\"mtli_filesize321,35kB\"]:after {content:\" (321,35 kB)\"}a[data-mtli~=\"mtli_filesize1,05MB\"]:after {content:\" (1,05 MB)\"}a[data-mtli~=\"mtli_filesize1,12MB\"]:after {content:\" (1,12 MB)\"}a[data-mtli~=\"mtli_filesize712,49kB\"]:after {content:\" (712,49 kB)\"}a[data-mtli~=\"mtli_filesize5,09MB\"]:after {content:\" (5,09 MB)\"}<\/style><\/div>\r\n                    <\/div>\r\n                <\/div>[\/vc_column][\/vc_row]<\/p>\n<style type=\"text\/css\">a[data-mtli~=\"mtli_filesize321,35kB\"]:after {content:\" (321,35 kB)\"}a[data-mtli~=\"mtli_filesize1,05MB\"]:after {content:\" (1,05 MB)\"}a[data-mtli~=\"mtli_filesize1,12MB\"]:after {content:\" (1,12 MB)\"}a[data-mtli~=\"mtli_filesize712,49kB\"]:after {content:\" (712,49 kB)\"}a[data-mtli~=\"mtli_filesize5,09MB\"]:after {content:\" (5,09 MB)\"}<\/style>","protected":false},"excerpt":{"rendered":"<p>[vc_row][vc_column][\/vc_column][\/vc_row] [&#8230;]<\/p>\n<p><a class=\"btn btn-secondary understrap-read-more-link\" href=\"https:\/\/us.edu.pl\/doktorant\/studia-doktoranckie-rozpoczete-przed-1-pazdziernika-2019-r\/nauki-scisle-i-przyrodnicze-matematyka-nauki-fizyczne-nauki-chemiczne\/program-ksztalcenia\/\">Read More&#8230;<\/a><\/p>\n","protected":false},"author":1,"featured_media":0,"parent":534,"menu_order":2,"comment_status":"closed","ping_status":"closed","template":"page-templates\/page-with-sidebar.php","meta":{"_expiration-date-status":"saved","_expiration-date":0,"_expiration-date-type":"","_expiration-date-categories":[],"_expiration-date-options":[]},"acf":[],"_links":{"self":[{"href":"https:\/\/us.edu.pl\/doktorant\/wp-json\/wp\/v2\/pages\/600"}],"collection":[{"href":"https:\/\/us.edu.pl\/doktorant\/wp-json\/wp\/v2\/pages"}],"about":[{"href":"https:\/\/us.edu.pl\/doktorant\/wp-json\/wp\/v2\/types\/page"}],"author":[{"embeddable":true,"href":"https:\/\/us.edu.pl\/doktorant\/wp-json\/wp\/v2\/users\/1"}],"replies":[{"embeddable":true,"href":"https:\/\/us.edu.pl\/doktorant\/wp-json\/wp\/v2\/comments?post=600"}],"version-history":[{"count":0,"href":"https:\/\/us.edu.pl\/doktorant\/wp-json\/wp\/v2\/pages\/600\/revisions"}],"up":[{"embeddable":true,"href":"https:\/\/us.edu.pl\/doktorant\/wp-json\/wp\/v2\/pages\/534"}],"wp:attachment":[{"href":"https:\/\/us.edu.pl\/doktorant\/wp-json\/wp\/v2\/media?parent=600"}],"curies":[{"name":"wp","href":"https:\/\/api.w.org\/{rel}","templated":true}]}}