{"id":6987,"date":"2021-09-29T09:22:58","date_gmt":"2021-09-29T07:22:58","guid":{"rendered":"https:\/\/us.edu.pl\/doktorant\/?page_id=6987"},"modified":"2025-12-04T11:11:05","modified_gmt":"2025-12-04T10:11:05","slug":"wyjazdy-zagraniczne","status":"publish","type":"page","link":"https:\/\/us.edu.pl\/doktorant\/mobilnosc-rozwoj\/konferencje-i-wyjazdy-zagraniczne\/wyjazdy-zagraniczne\/","title":{"rendered":"Rozliczenie wyjazdu"},"content":{"rendered":"<p>[vc_row][vc_column width=&#8221;1\/3&#8243;]\r\n            <div class=\"container\">  \r\n                <div class=\"lists-with-links\">\r\n                    <div class=\"section-title\"><\/div>\r\n                   <div class=\"lists-with-links__items lists-1\"><ul class=\"angle-list\"> <div class=\"angle-list__title\">Rodzaje wyjazd\u00f3w i wnioski<\/div><li> <a href=\"https:\/\/us.edu.pl\/doktorant\/skierowanie-za-granice\/\"> Skierowanie za granic\u0119 - WS <\/a> <\/li><li> <a href=\"https:\/\/us.edu.pl\/doktorant\/polecenie-wyjazdu-sluzbowego-wp\/\"> Polecenie wyjazdu s\u0142u\u017cbowego - WP <\/a> <\/li><\/ul><\/div>\r\n                <\/div>\r\n            <\/div>[\/vc_column][vc_column width=&#8221;1\/3&#8243;]\r\n            <div class=\"container\">  \r\n                <div class=\"lists-with-links\">\r\n                    <div class=\"section-title\"><\/div>\r\n                   <div class=\"lists-with-links__items lists-1\"><ul class=\"angle-list\"> <div class=\"angle-list__title\">Procedura wyjazd\u00f3w<\/div><li> <a href=\"https:\/\/us.edu.pl\/doktorant\/zasady-ogolne\/\"> Zasady og\u00f3lne <\/a> <\/li><li> <a href=\"https:\/\/us.edu.pl\/doktorant\/zakup-biletow-finansowanych-przez-us\/\"> Zasady zakupu bilet\u00f3w  <\/a> <\/li><li> <a href=\"https:\/\/us.edu.pl\/doktorant\/zasady-wspolpracy-z-biurem-podrozy-w-przypadku-zakupu\/\"> Zakup bilet\u00f3w przez biuro podr\u00f3\u017cy <\/a> <\/li><li> <a href=\"https:\/\/us.edu.pl\/doktorant\/wiza-finansowana-przez-us\/\"> Wiza  <\/a> <\/li><li> <a href=\"https:\/\/us.edu.pl\/doktorant\/ubepieczenie\/\"> Ubezpieczenie <\/a> <\/li><\/ul><\/div>\r\n                <\/div>\r\n            <\/div>[\/vc_column][vc_column width=&#8221;1\/3&#8243;]\r\n            <div class=\"container\">  \r\n                <div class=\"lists-with-links\">\r\n                    <div class=\"section-title\"><\/div>\r\n                   <div class=\"lists-with-links__items lists-1\"><ul class=\"angle-list\"> <div class=\"angle-list__title\">Rozliczenie wyjazdu<\/div><li> <a href=\"https:\/\/us.edu.pl\/doktorant\/rozliczenie-wyjazdu\/\"> Rozliczenie wyjazdu <\/a> <\/li><li> <a href=\"https:\/\/us.edu.pl\/doktorant\/skierowanie-za-granice-2\/\"> Skierowanie za granic\u0119 - WS <\/a> <\/li><li> <a href=\"https:\/\/us.edu.pl\/doktorant\/polecenie-wyjazdu-sluzbowego\/\"> Polecenie wyjazdu s\u0142u\u017cbowego - WP <\/a> <\/li><li> <a href=\"https:\/\/us.edu.pl\/doktorant\/podstawy-prawne-wyjazdow-zagranicznych\/\"> Podstawy prawne wyjazd\u00f3w zagranicznych <\/a> <\/li><li> <a href=\"https:\/\/us.edu.pl\/doktorant\/oswiadczenia-do-wniosku-o-wyjazd-za-granice\/\"> O\u015bwiadczenia <\/a> <\/li><\/ul><\/div>\r\n                <\/div>\r\n            <\/div>[\/vc_column][\/vc_row][vc_row][vc_column]\r\n                <div class=\"text-modules\">\r\n                    <div class=\"container\">\r\n                        \r\n                        <div class=\"text-modules__content\"><p>https:\/\/us.edu.pl\/pracownik\/sprawy-miedzynarodowe\/mobilnosc-miedzynarodowa\/wyjazdy-zagraniczne\/polityka-mobilnosci-us\/<\/p>\n<p>\n<\/div>\r\n                    <\/div>\r\n                <\/div>[\/vc_column][\/vc_row]<\/p>","protected":false},"excerpt":{"rendered":"<p>[vc_row][vc_column width=&#8221;1\/3&#8243;][\/vc_column][vc_column width=&#8221;1\/3&#8243;][\/vc_column][vc_column width=&#8221;1\/3&#8243;][\/vc_column][\/vc_row][vc_row][vc_column][\/vc_column][\/vc_row] [&#8230;]<\/p>\n<p><a class=\"btn btn-secondary understrap-read-more-link\" href=\"https:\/\/us.edu.pl\/doktorant\/mobilnosc-rozwoj\/konferencje-i-wyjazdy-zagraniczne\/wyjazdy-zagraniczne\/\">Read More&#8230;<\/a><\/p>\n","protected":false},"author":205,"featured_media":0,"parent":390,"menu_order":0,"comment_status":"closed","ping_status":"closed","template":"page-templates\/inner-page-with-bookmarks.php","meta":{"_expiration-date-status":"","_expiration-date":0,"_expiration-date-type":"","_expiration-date-categories":[],"_expiration-date-options":[]},"acf":[],"_links":{"self":[{"href":"https:\/\/us.edu.pl\/doktorant\/wp-json\/wp\/v2\/pages\/6987"}],"collection":[{"href":"https:\/\/us.edu.pl\/doktorant\/wp-json\/wp\/v2\/pages"}],"about":[{"href":"https:\/\/us.edu.pl\/doktorant\/wp-json\/wp\/v2\/types\/page"}],"author":[{"embeddable":true,"href":"https:\/\/us.edu.pl\/doktorant\/wp-json\/wp\/v2\/users\/205"}],"replies":[{"embeddable":true,"href":"https:\/\/us.edu.pl\/doktorant\/wp-json\/wp\/v2\/comments?post=6987"}],"version-history":[{"count":3,"href":"https:\/\/us.edu.pl\/doktorant\/wp-json\/wp\/v2\/pages\/6987\/revisions"}],"predecessor-version":[{"id":9008,"href":"https:\/\/us.edu.pl\/doktorant\/wp-json\/wp\/v2\/pages\/6987\/revisions\/9008"}],"up":[{"embeddable":true,"href":"https:\/\/us.edu.pl\/doktorant\/wp-json\/wp\/v2\/pages\/390"}],"wp:attachment":[{"href":"https:\/\/us.edu.pl\/doktorant\/wp-json\/wp\/v2\/media?parent=6987"}],"curies":[{"name":"wp","href":"https:\/\/api.w.org\/{rel}","templated":true}]}}