{"id":750,"date":"2019-10-22T10:00:55","date_gmt":"2019-10-22T08:00:55","guid":{"rendered":"https:\/\/us.edu.pl\/doktorant\/?page_id=750"},"modified":"2019-11-01T13:59:16","modified_gmt":"2019-11-01T12:59:16","slug":"tematy-prac-doktorskich","status":"publish","type":"page","link":"https:\/\/us.edu.pl\/doktorant\/studia-doktoranckie-rozpoczete-przed-1-pazdziernika-2019-r\/nauki-scisle-i-przyrodnicze-nauki-o-ziemi-i-srodowisku\/tematy-prac-doktorskich\/","title":{"rendered":"Tematy prac doktorskich"},"content":{"rendered":"<p>[vc_row][vc_column]\r\n                <div class=\"text-modules\">\r\n                    <div class=\"container\">\r\n                        <h3 class=\"page-title text__title\">Tematy prac doktorskich<\/h3>\r\n                        <div class=\"text-modules__content\"><\/p>\n<h3><strong>II rok<\/strong><\/h3>\n<ol>\n<li>Rados\u0142aw Dro\u017adzio\u0142 \u2013 dr hab. Damian Absalon \u2013 <strong>Ocena jako\u015bci danych z amatorskich stacji meteorologicznych oraz mo\u017cliwo\u015bci ich w\u0142\u0105czenia do systemu pomiarowo-obserwacyjnego Pa\u0144stwowej S\u0142u\u017cby Hydrologiczno-Meteorologicznej.<\/strong><\/li>\n<li>Fiodor Dorota \u2013 dr hab. Danuta Smo\u0142ka-Danielowska \u2013 <strong>Zr\u00f3\u017cnicowanie koncentracji aktynowc\u00f3w w fosforanach ziem rzadkich w w\u0119glach kamiennych GZW oraz ubocznych produktach spalania fluidalnego.<\/strong><\/li>\n<li>Jach-Noco\u0144 Marta \u2013 dr hab. Iwona Jelonek \u2013 <strong>Projekt innowacyjnego oprogramowania monitoruj\u0105cego prac\u0119 kot\u0142a na paliwo sta\u0142eumo\u017cliwiaj\u0105cego spalanie zar\u00f3wno mieszanek paliw kopalnych jak i odnawialnych \u017ar\u00f3de\u0142 energii w postaci speletyzowanej biomasy z zachowaniem restrykcji norm Ministerstwa \u015arodowiska w Krajowym Programie Ochrony \u015arodowiska. (Doktorat wdro\u017ceniowy)<\/strong><\/li>\n<li>Kajdas Joanna \u2013 dr hab. Bogdan G\u0105dek, prof. U\u015a<strong> \u2013 Morfodynamika skalnych stok\u00f3w Tatr w warunkach zmian klimatycznych.<\/strong><\/li>\n<li>Sk\u0142adowska Marta \u2013 prof. dr hab. Leszek Marynowski<strong> \u2013 Metody remediacji<em>in situ <\/em>z wykorzystaniem wy\u0142\u0105cznie naturalnych w\u0142a\u015bciwo\u015bci ska\u0142 i minera\u0142\u00f3w oraz organizm\u00f3w \u017cywych, g\u0142\u00f3wnie ro\u015blin. (Doktorat wdro\u017ceniowy)<\/strong><\/li>\n<li>Syrek Daniel \u2013 dr hab. Urszula Myga-Pi\u0105tek, prof. U\u015a<strong> \u2013 Rozw\u00f3j turystyki vs ochrona krajobrazu \u2013 w poszukiwaniu optymalnego modelu udost\u0119pniania turystycznego Tatr.<\/strong><\/li>\n<li>Wieczorek Anna \u2013 prof. dr hab. Aleksandra Gaw\u0119da<strong> \u2013 Zmienno\u015b\u0107 zespo\u0142\u00f3w minera\u0142\u00f3w ci\u0119\u017ckich w obr\u0119bie p\u0142aszczowiny \u015bl\u0105skiej w polskich Karpatach Zewn\u0119trznych.<\/strong><\/li>\n<\/ol>\n<h3><strong>III rok<\/strong><\/h3>\n<ol>\n<li>Czaja Jakub \u2013 dr hab. Agnieszka Czajka \u2013 <strong>Zmiany warunk\u00f3w formowania si\u0119 odp\u0142ywu w dolinie G\u00f3rnej Wis\u0142y spowodowane robotami hydrotechnicznymi i zmianami zagospodarowania doliny od XVIII w.<\/strong><\/li>\n<li>Czapla Mateusz \u2013 dr hab. Wojciech Dobi\u0144ski \u2013 <strong>Degradacja bry\u0142 martwego lodu jako czynnik decyduj\u0105cy o rozwoju rze\u017aby na przedpolu lodowca Hansa, Spitsbergen, od 1900 roku.<\/strong><\/li>\n<li>Dreger Marcin \u2013 dr hab. S\u0142awomir K\u0119dzior \u2013 <strong>Analiza metanowo\u015bci wybranych kopal\u0144 G\u00f3rno\u015bl\u0105skiego Zag\u0142\u0119bia W\u0119glowego w kontek\u015bcie budowy geologicznej, gazono\u015bno\u015bci oraz wielko\u015bci wydobycia w\u0119gla.<\/strong><\/li>\n<li>Franek Monika \u2013 prof. dr hab. Ireneusz Malik \u2013 <strong>Rekonstrukcja osiadania terenu w wyniku wydobycia w\u0119gla kamiennego na Wy\u017cynie \u015al\u0105skiej przy zastosowaniu metod dendrochronologicznych.<\/strong><\/li>\n<li>Jelonek Zbigniew \u2013 dr hab. Monika Fabia\u0144ska \u2013 <strong>Opracowanie wzorc\u00f3w por\u00f3wnawczych do analizy jako\u015bciowo-ilo\u015bciowej zanieczyszcze\u0144 wyst\u0119puj\u0105cych w w\u0119glu drzewnym i brykietach stosowanych w paleniskach grillowych oraz identyfikacja szkodliwych zwi\u0105zk\u00f3w powsta\u0142ych w wyniku ich spalania. (Doktorat wdro\u017ceniowy)<\/strong><\/li>\n<li>Kondas Marcelina \u2013 dr hab. Pawe\u0142 Filipiak \u2013 <strong>Palinologia osad\u00f3w p\u00f3\u017anodewo\u0144skich G\u00f3r \u015awi\u0119tokrzyskich.<\/strong><\/li>\n<li>Noco\u0144 Adam \u2013 dr hab. Iwona Jelonek \u2013 <strong>Projekt wysokowydajnej energetycznie oraz charakteryzuj\u0105cej si\u0119 niskimi st\u0119\u017ceniami emisji zanieczyszcze\u0144 do atmosfery mieszanki pelletu jako paliwa do automatycznych kot\u0142\u00f3w pelletowych. (Doktorat wdro\u017ceniowy)<\/strong><\/li>\n<li>Sa\u0142aci\u0144ska Anna \u2013 prof. dr hab. Aleksandra Gaw\u0119da<strong> \u2013 Wiek i geneza plutonu Sakar (po\u0142udniowa Bu\u0142garia) w relacji do formowania si\u0119 Waryscyd\u00f3w Europy \u015arodkowej<\/strong><\/li>\n<li>Szulik Wojciech \u2013 dr hab. Iwona Jelonek \u2013 <strong>Projekt wdro\u017cenia systemu identyfikacji domieszek dodatk\u00f3w w materia\u0142ach opa\u0142owych oraz odpadach powsta\u0142ych w wyniku ich spalania. (Doktorat wdro\u017ceniowy)<\/strong><\/li>\n<li>\u015al\u00f3sarczyk Kinga \u2013 dr hab. Andrzej Witkowski,prof. U\u015a \u2013 <strong>Przeobra\u017cenia sk\u0142adu chemicznego w\u00f3d podziemnych w wybranych o\u015brodkach hydrogeologicznych w warunkach zr\u00f3\u017cnicowanej antropopresji z uwzgl\u0119dnieniem nowych wska\u017anik\u00f3w zanieczyszcze\u0144.<\/strong><\/li>\n<li>Urbaniak Robert \u2013 dr hab. Damian Absalon \u2013 <strong>Opracowanie metodyki na potrzeby przeprowadzenia oceny oddzia\u0142ywania planowanego przedsi\u0119wzi\u0119cia na cele \u015brodowiskowe w\u00f3d (powierzchniowych, podziemnych, przej\u015bciowych i morza terytorialnego) w \u015bwietle wymog\u00f3w prawa krajowego i unijnego. (Doktorat wdro\u017ceniowy)<\/strong><\/li>\n<li>Zio\u0142a Natalia \u2013 dr hab. Mariola Jab\u0142o\u0144ska <strong>\u2013 Charakterystyka sadzy pochodz\u0105cej z r\u00f3\u017cnych \u017ar\u00f3de\u0142 emisji oraz ocena jej rozprzestrzeniania si\u0119 w troposferze obszar\u00f3w zurbanizowanych po\u0142udniowej Polski.<\/strong><\/li>\n<\/ol>\n<h3><strong>IV rok<\/strong><\/h3>\n<ol>\n<li>Abramowicz Anna \u2013 dr hab. Justyna Cieisielczuk, prof. U\u015a \u2013 <strong>Analiza przestrzenno-czasowych zmian geomorfometrii i termiki zwa\u0142owisk odpad\u00f3w pow\u0119glowych w wojew\u00f3dztwie \u015bl\u0105skim. <\/strong><\/li>\n<li>Brac\u0142awska Agnieszka \u2013 prof. dr hab. Adam Idziak \u2013 <strong>Analiza czasowych i przestrzennych zwi\u0105zk\u00f3w wyst\u0119powania silnych wstrz\u0105s\u00f3w w GZW z aktywno\u015bci\u0105 sejsmiczn\u0105 po\u0142udnia Europy.<\/strong><\/li>\n<li>Koman Wojciech \u2013 dr hab. El\u017cbieta Zuza\u0144ska-\u017by\u015bko \u2013 <strong>Strefy wp\u0142ywu wybranych miast GZM w \u015bwietle wsp\u00f3\u0142czesnych proces\u00f3w spo\u0142eczno-gospodarczych.<\/strong><\/li>\n<li>Michalak Micha\u0142 \u2013 prof. dr hab. Les\u0142aw Teper \u2013 <strong>Empiryczna weryfikacja zastosowa\u0144 wektorowego zapisu orientacji powierzchni geologicznych \u2013 studium z\u0142o\u017cowych formacji mezozoiku monokliny \u015bl\u0105sko-krakowskiej.<\/strong><\/li>\n<li>Micha\u0142owicz Patrycja \u2013 prof. dr hab. Jerzy \u017baba \u2013 <strong>Rola nieci\u0105g\u0142ych struktur geologicznych w procesie odci\u0105\u017cania Po\u0142udniowego Spitsbergenu w wyniku deglacjacji.<\/strong><\/li>\n<li>Pilorz Wojciech \u2013 dr hab. Ewa \u0141upikasza, prof. U\u015a \u2013 <strong>Warunki synoptyczne wyst\u0119puj\u0105ce w pobli\u017cu gwa\u0142townych burz.<\/strong><\/li>\n<li>Bieta Barbara \u2013 prof. dr hab. in\u017c. Wac\u0142aw Zuberek &#8211; <strong>Wp\u0142yw wysokiego budynku na drgania pod\u0142o\u017ca w jego otoczeniu.<\/strong><\/li>\n<li>Broda Krzysztof \u2013 dr hab. Micha\u0142 Zato\u0144, prof. U\u015a \u2013 <strong>Paleontologia, tafonomia i \u015brodowisko sedymentacji utwor\u00f3w dolnego famenu w G\u00f3rach \u015awi\u0119tokrzyskich.<\/strong><\/li>\n<li>DecauxL\u00e8o \u2013 dr hab. Mriusz Grabiec<strong> \u2013 Functioning of Svalbard glacierdrainagesystems from in-situ data, remotesensing and models.<\/strong><\/li>\n<li>G\u00f3ra Dariusz \u2013 dr hab. Damian Absalon \u2013 <strong>Wp\u0142yw zmian st\u0119\u017cenia wybranych zanieczyszcze\u0144 powietrza atmosferycznego na stan zdrowia populacji dzieci w wieku szkolnym na terenie miasta Bielska-Bia\u0142ej w latach 2010 \u2013 2015. <\/strong><\/li>\n<li>Juraszek-Wiewi\u00f3ra Katarzyna \u2013 dr hab. Bogdan G\u0105dek, prof. U\u015a \u2013 <strong>Wp\u0142yw zmieniaj\u0105cego si\u0119 klimatu na cechy fizyczne pokrywy \u015bnie\u017cnej w Tatrach.<\/strong><\/li>\n<li>Krz\u0105ta\u0142a Arkadiusz \u2013 dr hab. Irina Galuskina \u2013 <strong>Minera\u0142y supergrupy arktytu ze ska\u0142 pirometamorficznych (grupa nabimusaitu, grupa zadovitu, opracowanie systematyki).<\/strong><\/li>\n<li>\u0141uszczy\u0144ska Katarzyna \u2013 prof. dr hab. Ireneusz Malik \u2013 <strong>Analiza aktywno\u015bci osuwisk i zagro\u017cenia osuwiskowego w masywie Lysej Hory z wykorzystaniem metod dendrochronologicznch.<\/strong><\/li>\n<li>RamanchukAliaksei \u2013 dr hab. Mariusz Rz\u0119ta\u0142a \u2013 <strong>Wp\u0142yw naturalnych i antropogenicznych czynnik\u00f3w na kszta\u0142towanie w\u0142a\u015bciwo\u015bci fizyczno-chemicznych w\u00f3d sztucznych zbiornik\u00f3w wodnych (na przyk\u0142adzie Wy\u017cyny \u015al\u0105skiej).<\/strong><\/li>\n<li>Rutkiewicz Pawe\u0142 \u2013 prof. dr hab. Ireneusz Malik \u2013 <strong>Zapis dzia\u0142alno\u015bci przemys\u0142owej cz\u0142owieka w drewnie historycznym i w osadach rzek meandruj\u0105cych (przyk\u0142ad z doliny Bobrzy, Dramy i Ma\u0142ej Panwi).<\/strong><\/li>\n<li>Szumny Miros\u0142aw \u2013 dr hab. Bogdam G\u0105dek, prof. U\u015a \u2013 <strong>Rozw\u00f3j struktury termicznej i pokrywy lodowej jezior wysokog\u00f3rskich w warunkach zmieniaj\u0105cego si\u0119 klimatu.<\/strong><\/li>\n<li>Dacy-Ignatiuk Katarzyna \u2013 dr hab. Adam Hibszer \u2013 <strong>Kszta\u0142towanie wi\u0119zi terytorialnych m\u0142odzie\u017cy z miastem (na przyk\u0142adzie miasta Tychy).<\/strong><\/li>\n<li>Doroz Hanna \u2013 dr hab. Urszula Myga-Pi\u0105tek, prof. U\u015a \u2013 <strong>Westernizacja krajobrazu a tradycje kulturowe Polski na przyk\u0142adzie park\u00f3w rozrywki i turystyki konnej.<\/strong><\/li>\n<li>Dyszy Marlena \u2013 dr hab. El\u017cbieta Zuza\u0144ska-\u017by\u015bko \u2013 <strong>Wielofunkcyjny rozw\u00f3j obszar\u00f3w wiejskich w strefie oddzia\u0142ywania aglomeracji miejskich na przyk\u0142adzie wojew\u00f3dztwa \u015bl\u0105skiego.<\/strong><\/li>\n<li>Nad\u0142onek Weronika \u2013 dr hab. Jerzy Caba\u0142a, prof. U\u015a &#8211; <strong>Migracja jon\u00f3w metali (Zn, Pb, Cd, Tl) w strefie ryzosferowej ro\u015blin murawowych na obszarach silnie zanieczyszczonych odpadami metalonono\u015bnymi.<\/strong><\/li>\n<li>Pala Pawe\u0142 \u2013 dr hab. Jerzy Nita \u2013 <strong>Wp\u0142yw deformacji powierzchni powsta\u0142ej w wyniku dzia\u0142alno\u015bci g\u00f3rniczej na zagospodarowanie obszaru pog\u00f3rniczego na wybranych przyk\u0142adach.<\/strong><\/li>\n<li>Skreczko Sylwia \u2013 dr hab. Ma\u0142gorzata Nita \u2013 <strong>P\u00f3\u017anoglacjalne i holoce\u0144skie przemiany szaty ro\u015blinnej na obszarze Doliny G\u00f3rnej Wis\u0142y w \u015bwietle analizy py\u0142kowej i analizy makroszcz\u0105tk\u00f3w\u00a0 ro\u015blinnych na przyk\u0142adzie torfowiska Zapad\u017a.<\/strong><\/li>\n<li>Spunda Karol \u2013 prof. dr hab. Leszek Marynowski \u2013 <strong>Geochemia organiczna ska\u0142 ordowiku Ni\u017cu Polskiego jako potencjalnie macierzystych dla gazu \u0142upkowego w Polsce.<\/strong><\/li>\n<li>Szuba Maciej \u2013 dr hab. Jerzy Nita \u2013 <strong>Wielowymiarowy model budowy geologicznej obszaru Tarnowskich G\u00f3r.<\/strong><\/li>\n<li>Kubik Rafa\u0142 \u2013 prof. dr hab. Leszek Marynowski \u2013 <strong>Geochemia organiczna ska\u0142 dolnego syluru Ni\u017cu Polskiego jako potencjalnie macierzystych dla gazu \u0142upkowego.<\/strong><\/li>\n<li>Marchewka \u0141ukasz \u2013 prof. dr hab. Jerzy \u017baba \u2013 <strong>Przeobra\u017cenia powsta\u0142e w wyniku eksploatacji form zwa\u0142owych w aspekcie \u015brodowiskowym i krajobrazowym na wybranym obszarze GZW.<\/strong><\/li>\n<li>Sawicka Natalia \u2013dr hab. Monika Fabia\u0144ska \u2013 <strong>Ska\u0142y chlorytono\u015bne jako sorbenty wybranych radionuklid\u00f3w oraz ich analog\u00f3w.<\/strong><\/li>\n<li>Szczyrba Miros\u0142aw \u2013 prof. dr hab. Janusz Janeczek \u2013 <strong>Sk\u0142ad fazowy aerozolu atmosferycznego w wybranych obszarach g\u00f3rskich.<\/strong><\/li>\n<\/ol>\n<h3><strong>\u00a0<\/strong><strong>Pozosta\u0142e<\/strong><\/h3>\n<ol>\n<li>Banaszek Jaros\u0142aw \u2013 prof. dr hab. OimahmadRahmonov<strong> \u2013 Funkcjonowanie ekosystem\u00f3w park\u00f3w miejskich na przyk\u0142adzie Zag\u0142\u0119bia D\u0105browskiego.<\/strong><\/li>\n<li>B\u0142a\u017cyca Dorota \u2013 dr hab. Mariusz Rz\u0119ta\u0142a<strong> \u2013 Wahania stan\u00f3w wody w zbiornikach wodnych w warunkach zr\u00f3\u017cnicowanej antropopresji na przyk\u0142adzie Wy\u017cyny \u015al\u0105skiej i jej obrze\u017cy.<\/strong><\/li>\n<li>Budzik Tomasz \u2013 dr hab. Ewa \u0141upikasza, prof. U\u015a<strong> \u2013 Wybrane elementy klimatu na Lodowcu Hansa (SW Spitsbergen)<\/strong><\/li>\n<li>Czekaj Joanna \u2013 dr hab. Andrzej Witkowski, prof. U\u015a<strong> \u2013 Zwi\u0105zek jako\u015bciowo-ilo\u015bciowy pomi\u0119dzy wodami podziemnymi i powierzchniowymi w rejonie zbiornika gocza\u0142kowickiego.<\/strong><\/li>\n<li>Dragan Weronika \u2013 dr hab. Robert Krzysztofik<strong> \u2013 Kszta\u0142towanie uk\u0142ad\u00f3w przestrzennych i urbanistycznych dawnych kolejowych o\u015brodk\u00f3w granicznych Polski.<\/strong><\/li>\n<li>Glazer Micha\u0142 \u2013 dr hab. Wojciech Dobi\u0144ski<strong> \u2013 Geofizyczna charakterystyka obszaru podszczytowego Babiej G\u00f3ry oraz zlewni Fugleberget, w okolicy Hornsundu, na Spitsbergenie jako miejsc podatnych na wyst\u0119powanie wieloletniej zmarzliny z zastosowaniem metody inwersyjnego obrazowania oporno\u015bci.<\/strong><\/li>\n<li>Go\u0142\u0105bek Wioleta \u2013 dr hab. El\u017cbieta Bukowska-Jania<strong> \u2013 Ocena uwarunkowa\u0144 rozwoju geoturystyki we wschodniej cz\u0119\u015bci \u015al\u0105ska Opolskiego.<\/strong><\/li>\n<li>GrelewiczMrtyna \u2013 prof. dr hab. Jerzy \u017baba<strong> \u2013 Por\u00f3wnanie deformacji tektonicznych w ska\u0142ach staropaleozoicznych w brze\u017cnej strefie bloku ma\u0142opolskiego i kratonu wschodnioeuropejskiego w rejonie Jaros\u0142aw \u2013 Tomasz\u00f3w Lubelski.<\/strong><\/li>\n<li>Gurdziel Agnieszka \u2013 prof. dr hab. \u0141ukasz Karwowski<strong> \u2013 Wietrzenie meteoryt\u00f3w Morasko i Pu\u0142tusk.<\/strong><\/li>\n<li>Kaczmarczyk Justyna \u2013 prof. dr hab. Jerzy \u017baba<strong> \u2013 Styl deformacji utwor\u00f3w kambryjskich na pograniczu bloku ma\u0142opolskiego i kratonu wschodnioeuropejskiego w rejonie Le\u017cajsk \u2013 J\u00f3zef\u00f3w.<\/strong><\/li>\n<li>Karkosz Dominik \u2013 prof. dr hab. OimahmadRahmonov<strong> \u2013 Ekopedologiczne skutki u\u017cytkowania ziemi na obszarze Beskidu \u015al\u0105skiego.<\/strong><\/li>\n<li>Kierepka Miros\u0142aw \u2013 prof. dr hab. Aleksandra Gaw\u0119da<strong> \u2013 Paralawy wybranych ha\u0142d G\u00f3rno\u015bl\u0105skiego Zag\u0142\u0119bia W\u0119glowego, jako analogi naturalnych stop\u00f3w krzemianowych.<\/strong><\/li>\n<li>Mycka Mateusz \u2013 prof. dr hab. Adam Idziak<strong> \u2013 Rozpoznanie metodami geoelektrycznymi rozprzestrzeniania si\u0119 zanieczyszcze\u0144 ze sk\u0142adowisk odpad\u00f3w komunalnych w zale\u017cno\u015bci od sytuacji geologicznej i geochemicznej.<\/strong><\/li>\n<li>Olberek-\u017by\u0142a Monika \u2013 prof. dr hab. Jerzy Runge<strong> \u2013 Proces suburbanizacji w otoczeniu Bielska-Bia\u0142ej w wymiarze osadniczym i spo\u0142ecznym.<\/strong><\/li>\n<li>Parusel Tomasz \u2013 prof. dr hab. OimahmadRahmonov<strong> \u2013 Ekologiczne uwarunkowania zr\u00f3\u017cnicowania ro\u015blinno\u015bci pog\u00f3rniczych siedlisk podmok\u0142ych (na przyk\u0142adzie centralnej cz\u0119\u015bci Cz\u0119stochowskiego Okr\u0119gu Rudono\u015bnego).<\/strong><\/li>\n<li>Stan Dominika \u2013 prof. dr hab Adam Idziak<strong> \u2013 Litologiczne i paleoklimatyczne warunki kszta\u0142towania peryglacjalnych pokryw zwietrzlinowych w Sudetach Wschodnich.<\/strong><\/li>\n<li>Wawrzyniak Zuzanna \u2013 dr hab. Pawe\u0142 Filipiak<strong> \u2013 P\u00f3\u017anotriasowa flora po\u0142udniowej Polski.<\/strong><\/li>\n<li>W\u00f3jcik Anna \u2013 prof. dr hab. Tadeusz Szczypek<strong> \u2013 Wydmy obszaru Progu Lelowskiego w \u015bwietle ich morfologii i analiz litologicznych.<\/strong><\/li>\n<li>Zimnol Jan \u2013 dr hab. Zuzanna Bielec-B\u0105kowska<strong> \u2013 Ocena walor\u00f3w klimatu Gocza\u0142kowic \u2013 Zdroju w aspekcie dzia\u0142alno\u015bci uzdrowiskowej i rekreacji.<\/strong><\/li>\n<\/ol>\n<p>&nbsp;<\/p>\n<p>&nbsp;<\/p>\n<p>&nbsp;<\/p>\n<p>\n<\/div>\r\n                    <\/div>\r\n                <\/div>[\/vc_column][\/vc_row]<\/p>","protected":false},"excerpt":{"rendered":"<p>[vc_row][vc_column][\/vc_column][\/vc_row] [&#8230;]<\/p>\n<p><a class=\"btn btn-secondary understrap-read-more-link\" href=\"https:\/\/us.edu.pl\/doktorant\/studia-doktoranckie-rozpoczete-przed-1-pazdziernika-2019-r\/nauki-scisle-i-przyrodnicze-nauki-o-ziemi-i-srodowisku\/tematy-prac-doktorskich\/\">Read More&#8230;<\/a><\/p>\n","protected":false},"author":1,"featured_media":0,"parent":699,"menu_order":5,"comment_status":"closed","ping_status":"closed","template":"page-templates\/page-with-sidebar.php","meta":{"_expiration-date-status":"saved","_expiration-date":0,"_expiration-date-type":"","_expiration-date-categories":[],"_expiration-date-options":[]},"acf":[],"_links":{"self":[{"href":"https:\/\/us.edu.pl\/doktorant\/wp-json\/wp\/v2\/pages\/750"}],"collection":[{"href":"https:\/\/us.edu.pl\/doktorant\/wp-json\/wp\/v2\/pages"}],"about":[{"href":"https:\/\/us.edu.pl\/doktorant\/wp-json\/wp\/v2\/types\/page"}],"author":[{"embeddable":true,"href":"https:\/\/us.edu.pl\/doktorant\/wp-json\/wp\/v2\/users\/1"}],"replies":[{"embeddable":true,"href":"https:\/\/us.edu.pl\/doktorant\/wp-json\/wp\/v2\/comments?post=750"}],"version-history":[{"count":0,"href":"https:\/\/us.edu.pl\/doktorant\/wp-json\/wp\/v2\/pages\/750\/revisions"}],"up":[{"embeddable":true,"href":"https:\/\/us.edu.pl\/doktorant\/wp-json\/wp\/v2\/pages\/699"}],"wp:attachment":[{"href":"https:\/\/us.edu.pl\/doktorant\/wp-json\/wp\/v2\/media?parent=750"}],"curies":[{"name":"wp","href":"https:\/\/api.w.org\/{rel}","templated":true}]}}