{"id":778,"date":"2019-10-22T10:07:03","date_gmt":"2019-10-22T08:07:03","guid":{"rendered":"https:\/\/us.edu.pl\/doktorant\/?page_id=778"},"modified":"2019-10-28T11:15:45","modified_gmt":"2019-10-28T10:15:45","slug":"nauki-spoleczne-prawo-wydzial-prawa-i-administracji","status":"publish","type":"page","link":"https:\/\/us.edu.pl\/doktorant\/studia-doktoranckie-rozpoczete-przed-1-pazdziernika-2019-r\/nauki-spoleczne-prawo-wydzial-prawa-i-administracji\/","title":{"rendered":"Nauki spo\u0142eczne: prawo. Wydzia\u0142 Prawa i Administracji"},"content":{"rendered":"<p>[vc_row][vc_column]\r\n                <div class=\"text-modules\">\r\n                    <div class=\"container\">\r\n                        <h3 class=\"page-title text__title\">Wydzia\u0142 Prawa i Administracji \u2013 studia doktoranckie (trzeciego stopnia)<\/h3>\r\n                        <div class=\"text-modules__content\"><p>Celem studi\u00f3w doktoranckich jest uzyskanie przez ich uczestnik\u00f3w specjalistycznej wiedzy obejmuj\u0105cej dyscyplin\u0119 nauk prawnych, prowadzenie bada\u0144 naukowych i dzia\u0142alno\u015b\u0107 dydaktyczn\u0105. \u015acie\u017cka ta prowadzi r\u00f3wnie\u017c do nawi\u0105zania wsp\u00f3\u0142pracy naukowej w zespo\u0142ach badawczych, w tym mi\u0119dzynarodowych, oraz do nabycia umiej\u0119tno\u015bci pozyskiwania grant\u00f3w badawczych. Doktorant jest pe\u0142noprawnym uczestnikiem \u017cycia naukowego w kraju i za granic\u0105, szczeg\u00f3lnie poprzez udzia\u0142 w sta\u017cach, konferencjach i warsztatach naukowych. Przede wszystkim jednak studia przygotowuj\u0105 do opracowania rozprawy doktorskiej i\u00a0uzyskania stopnia naukowego doktora (kwalifikacji trzeciego stopnia).<\/p>\n<\/div>\r\n                    <\/div>\r\n                <\/div>[\/vc_column][\/vc_row]<\/p>","protected":false},"excerpt":{"rendered":"<p>[vc_row][vc_column][\/vc_column][\/vc_row] [&#8230;]<\/p>\n<p><a class=\"btn btn-secondary understrap-read-more-link\" href=\"https:\/\/us.edu.pl\/doktorant\/studia-doktoranckie-rozpoczete-przed-1-pazdziernika-2019-r\/nauki-spoleczne-prawo-wydzial-prawa-i-administracji\/\">Read More&#8230;<\/a><\/p>\n","protected":false},"author":1,"featured_media":0,"parent":501,"menu_order":0,"comment_status":"closed","ping_status":"closed","template":"page-templates\/page-with-sidebar.php","meta":{"_expiration-date-status":"","_expiration-date":0,"_expiration-date-type":"","_expiration-date-categories":[],"_expiration-date-options":[]},"acf":[],"_links":{"self":[{"href":"https:\/\/us.edu.pl\/doktorant\/wp-json\/wp\/v2\/pages\/778"}],"collection":[{"href":"https:\/\/us.edu.pl\/doktorant\/wp-json\/wp\/v2\/pages"}],"about":[{"href":"https:\/\/us.edu.pl\/doktorant\/wp-json\/wp\/v2\/types\/page"}],"author":[{"embeddable":true,"href":"https:\/\/us.edu.pl\/doktorant\/wp-json\/wp\/v2\/users\/1"}],"replies":[{"embeddable":true,"href":"https:\/\/us.edu.pl\/doktorant\/wp-json\/wp\/v2\/comments?post=778"}],"version-history":[{"count":0,"href":"https:\/\/us.edu.pl\/doktorant\/wp-json\/wp\/v2\/pages\/778\/revisions"}],"up":[{"embeddable":true,"href":"https:\/\/us.edu.pl\/doktorant\/wp-json\/wp\/v2\/pages\/501"}],"wp:attachment":[{"href":"https:\/\/us.edu.pl\/doktorant\/wp-json\/wp\/v2\/media?parent=778"}],"curies":[{"name":"wp","href":"https:\/\/api.w.org\/{rel}","templated":true}]}}