{"id":8547,"date":"2024-05-28T11:34:00","date_gmt":"2024-05-28T09:34:00","guid":{"rendered":"https:\/\/us.edu.pl\/doktorant\/?page_id=8547"},"modified":"2024-06-11T14:09:57","modified_gmt":"2024-06-11T12:09:57","slug":"rejestracja-w-irk-filmy-instruktazowe","status":"publish","type":"page","link":"https:\/\/us.edu.pl\/doktorant\/rejestracja-w-irk-filmy-instruktazowe\/","title":{"rendered":"Rejestracja w IRK \u2013 filmy instrukta\u017cowe"},"content":{"rendered":"<p>[vc_row][vc_column]\r\n                <div class=\"text-modules \">\r\n                    <div class=\"container\">\r\n                         \r\n                        <div class=\"row m-0\">\r\n                            <div class=\"text-modules__content\">\r\n                                Film instrukta\u017cowy do IRK:<a href=\"https:\/\/www.youtube.com\/watch?v=pp3GlYHSr1s\">https:\/\/www.youtube.com\/watch?v=pp3GlYHSr1s<\/a><\/p>\n<p>Film instrukta\u017cowy do IRK &#8211; Mi\u0119dzynarodowa \u015arodowiskowa Szko\u0142a Doktorska: <a href=\"https:\/\/www.youtube.com\/watch?v=Q87sjMO_T9U\">https:\/\/www.youtube.com\/watch?v=Q87sjMO_T9U<\/a><\/p>\n<p>Materia\u0142 zrealizowano w ramach projektu NAWA Welcome to Poland \u201ed-OK-ctoral school &#8211; Kompleksowa adaptacja i obs\u0142uga zagranicznych doktorant\u00f3w\u201d \r\n                                <div class=\"mt-3\"><\/div>\r\n                            <\/div>\r\n                            \r\n                            <div class=\"text-modules__img\"><img src=\"https:\/\/us.edu.pl\/doktorant\/wp-content\/uploads\/sites\/12\/Bez-kategorii\/K1_logo_dopuszcz_wers_podstawowa_PL_RGB-01-002.png\" alt=\"img\"><\/div>\r\n                        <\/div>\r\n                    <\/div>\r\n                <\/div>[\/vc_column][\/vc_row]<\/p>","protected":false},"excerpt":{"rendered":"<p>[vc_row][vc_column][\/vc_column][\/vc_row] [&#8230;]<\/p>\n<p><a class=\"btn btn-secondary understrap-read-more-link\" href=\"https:\/\/us.edu.pl\/doktorant\/rejestracja-w-irk-filmy-instruktazowe\/\">Read More&#8230;<\/a><\/p>\n","protected":false},"author":205,"featured_media":0,"parent":0,"menu_order":0,"comment_status":"closed","ping_status":"closed","template":"","meta":{"_expiration-date-status":"","_expiration-date":0,"_expiration-date-type":"","_expiration-date-categories":[],"_expiration-date-options":[]},"acf":[],"_links":{"self":[{"href":"https:\/\/us.edu.pl\/doktorant\/wp-json\/wp\/v2\/pages\/8547"}],"collection":[{"href":"https:\/\/us.edu.pl\/doktorant\/wp-json\/wp\/v2\/pages"}],"about":[{"href":"https:\/\/us.edu.pl\/doktorant\/wp-json\/wp\/v2\/types\/page"}],"author":[{"embeddable":true,"href":"https:\/\/us.edu.pl\/doktorant\/wp-json\/wp\/v2\/users\/205"}],"replies":[{"embeddable":true,"href":"https:\/\/us.edu.pl\/doktorant\/wp-json\/wp\/v2\/comments?post=8547"}],"version-history":[{"count":0,"href":"https:\/\/us.edu.pl\/doktorant\/wp-json\/wp\/v2\/pages\/8547\/revisions"}],"wp:attachment":[{"href":"https:\/\/us.edu.pl\/doktorant\/wp-json\/wp\/v2\/media?parent=8547"}],"curies":[{"name":"wp","href":"https:\/\/api.w.org\/{rel}","templated":true}]}}