{"id":107768,"date":"2018-02-26T10:12:49","date_gmt":"2018-02-26T09:12:49","guid":{"rendered":"https:\/\/us.edu.pl\/event\/wystawa-jubileuszowa-prezentowana-w-smcebi\/"},"modified":"2019-11-05T11:18:00","modified_gmt":"2019-11-05T10:18:00","slug":"wystawa-jubileuszowa-prezentowana-w-smcebi","status":"publish","type":"event","link":"https:\/\/us.edu.pl\/en\/event\/wystawa-jubileuszowa-prezentowana-w-smcebi\/","title":{"rendered":"Wystawa jubileuszowa prezentowana w \u015aMCEBI"},"content":{"rendered":"<p>W ramach obchod\u00f3w jubileuszu 50-lecia Uniwersytetu \u015al\u0105skiego od 26 lutego do 16 marca 2018 roku w <a href=\"http:\/\/www.smcebi.us.edu.pl\/\">\u015al\u0105skim Mi\u0119dzyuczelnianym Centrum Edukacji i Bada\u0144 Interdyscyplinarnych<\/a> w Chorzowie eksponowana b\u0119dzie okoliczno\u015bciowa wystawa \u201e50 lat Uniwersytetu \u015al\u0105skiego w Katowicach\u201d. Na kilkudziesi\u0119ciu planszach przedstawione zosta\u0142y najwa\u017cniejsze wydarzenia i informacje dotycz\u0105ce uczelni.<\/p>\n<p class=\"rtecenter\"><img alt=\"Osoby ogl\u0105daj\u0105ce wystaw\u0119 jubileuszow\u0105 \" src=\"https:\/\/us.edu.pl\/wp-content\/uploads\/imported_files\/8853d56625ec9dd86862274539ef0bca__dsc3133_fot-julia-agnieszka-szymala.jpg\" style=\"width: 100%;\" \/><\/p>\n<p class=\"rtecenter\" style=\"font-size:small\"><em>Wystawa jubileuszowa<\/em><br \/>\nfot. Sekcja Prasowa U\u015a&nbsp;<\/p>\n<p>W czasie obchod\u00f3w jubileuszowych wystawa prezentowana jest w r\u00f3\u017cnych miejscach na uniwersytecie, a tak\u017ce w regionie. Towarzyszy r\u00f3wnie\u017c najwa\u017cniejszym wydarzeniom organizowanym w ramach jubileuszu.&nbsp;<\/p>\n<p>W wersji elektronicznej dost\u0119pna jest na stronie:&nbsp;<a href=\"http:\/\/50.us.edu.pl\/50-lat-us\">50.us.edu.pl\/50-lat-us<\/a>. &nbsp;<\/p>\n","protected":false},"excerpt":{"rendered":"<p>W ramach obchod\u00f3w jubileuszu 50-lecia Uniwersytetu \u015al\u0105skiego od 26 lutego do 16 marca 2018 roku w <a href=\"http:\/\/www.smcebi.us.edu.pl\/\">\u015al\u0105skim Mi\u0119dzyuczelnianym Centrum Edukacji i Bada\u0144 Interdyscyplinarnych<\/a> w Chorzowie eksponowana b\u0119dzie okoliczno\u015bciowa wystawa \u201e50 lat Uniwersytetu \u015al\u0105skiego w Katowicach\u201d. Na kilkudziesi\u0119ciu planszach przedstawione zosta\u0142y najwa\u017cniejsze wydarzenia i informacje dotycz\u0105ce uczelni.<\/p>\n<p> [&#8230;]<\/p>\n<p><a class=\"btn btn-secondary understrap-read-more-link\" href=\"https:\/\/us.edu.pl\/en\/event\/wystawa-jubileuszowa-prezentowana-w-smcebi\/\">Read More&#8230;<\/a><\/p>\n","protected":false},"author":1,"featured_media":0,"template":"","meta":{"_expiration-date-status":"","_expiration-date":0,"_expiration-date-type":"","_expiration-date-categories":[],"_expiration-date-options":[]},"acf":[],"_links":{"self":[{"href":"https:\/\/us.edu.pl\/en\/wp-json\/wp\/v2\/event\/107768"}],"collection":[{"href":"https:\/\/us.edu.pl\/en\/wp-json\/wp\/v2\/event"}],"about":[{"href":"https:\/\/us.edu.pl\/en\/wp-json\/wp\/v2\/types\/event"}],"author":[{"embeddable":true,"href":"https:\/\/us.edu.pl\/en\/wp-json\/wp\/v2\/users\/1"}],"version-history":[{"count":0,"href":"https:\/\/us.edu.pl\/en\/wp-json\/wp\/v2\/event\/107768\/revisions"}],"wp:attachment":[{"href":"https:\/\/us.edu.pl\/en\/wp-json\/wp\/v2\/media?parent=107768"}],"curies":[{"name":"wp","href":"https:\/\/api.w.org\/{rel}","templated":true}]}}

Wystawa jubileuszowa prezentowana w ŚMCEBI

<p>W ramach obchodów jubileuszu 50-lecia Uniwersytetu Śląskiego od 26 lutego do 16 marca 2018 roku w <a href="http://www.smcebi.us.edu.pl/">Śląskim Międzyuczelnianym Centrum Edukacji i Badań Interdyscyplinarnych</a> w Chorzowie eksponowana będzie okolicznościowa wystawa „50 lat Uniwersytetu Śląskiego w Katowicach”. Na kilkudziesięciu planszach przedstawione zostały najważniejsze wydarzenia i informacje dotyczące uczelni.</p>
<p class="rtecenter"><img alt="Osoby oglądające wystawę jubileuszową " src="https://us.edu.pl/wp-content/uploads/imported_files/8853d56625ec9dd86862274539ef0bca__dsc3133_fot-julia-agnieszka-szymala.jpg" style="width: 100%;" /></p>
<p class="rtecenter" style="font-size:small"><em>Wystawa jubileuszowa</em><br />
fot. Sekcja Prasowa UŚ&nbsp;</p>
<p>W czasie obchodów jubileuszowych wystawa prezentowana jest w różnych miejscach na uniwersytecie, a także w regionie. Towarzyszy również najważniejszym wydarzeniom organizowanym w ramach jubileuszu.&nbsp;</p>
<p>W wersji elektronicznej dostępna jest na stronie:&nbsp;<a href="http://50.us.edu.pl/50-lat-us">50.us.edu.pl/50-lat-us</a>. &nbsp;</p>

<p>W ramach obchodów jubileuszu 50-lecia Uniwersytetu Śląskiego od 26 lutego do 16 marca 2018 roku w <a href="http://www.smcebi.us.edu.pl/">Śląskim Międzyuczelnianym Centrum Edukacji i Badań Interdyscyplinarnych</a> w Chorzowie eksponowana będzie okolicznościowa wystawa „50 lat Uniwersytetu Śląskiego w Katowicach”. Na kilkudziesięciu planszach przedstawione zostały najważniejsze wydarzenia i informacje dotyczące uczelni.</p>
<p> [&#8230;]</p>
<p><a class="btn btn-secondary understrap-read-more-link" href="https://us.edu.pl/en/event/wystawa-jubileuszowa-prezentowana-w-smcebi/">Read More&#8230;</a></p>
