{"id":108036,"date":"2017-09-20T09:16:55","date_gmt":"2017-09-20T08:16:55","guid":{"rendered":"https:\/\/us.edu.pl\/event\/gala-slaskich-asow\/"},"modified":"2019-11-05T11:18:17","modified_gmt":"2019-11-05T10:18:17","slug":"gala-slaskich-asow","status":"publish","type":"event","link":"https:\/\/us.edu.pl\/en\/event\/gala-slaskich-asow\/","title":{"rendered":"Gala \u201e\u015al\u0105skich As\u00f3w\u201d"},"content":{"rendered":"<p>W czwartek 21 wrze\u015bnia 2017 roku o godz. 15.00 na <a href=\"http:\/\/www.wpia.us.edu.pl\/\">Wydziale Prawa i Administracji<\/a> Uniwersytetu \u015al\u0105skiego w Katowicach (ul. Bankowa 11b, aula nr 5) odb\u0119dzie si\u0119 kolejna edycja \u201e\u015al\u0105skich As\u00f3w\u201d. Podczas uroczysto\u015bci wyr\u00f3\u017cnieni zostan\u0105 najzdolniejsi uczniowie szk\u00f3\u0142 ponadgimnazjalnych wojew\u00f3dztwa \u015bl\u0105skiego, a tak\u017ce laureaci i finali\u015bci olimpiad oraz konkurs\u00f3w przedmiotowych. Listy gratulacyjne JM Rektora Uniwersytetu \u015al\u0105skiego <a href=\"http:\/\/pracownik.us.edu.pl\/us-addressbook\/emp\/12672\">prof. dr. hab. Andrzeja Kowalczyka<\/a> wr\u0119czy prorektor ds. kszta\u0142cenia i student\u00f3w <a href=\"http:\/\/pracownik.us.edu.pl\/us-addressbook\/emp\/13002\">prof. dr hab. Ryszard Kozio\u0142ek<\/a>.<\/p>\n<p>Uczestnicy tegorocznej edycji \u201e\u015al\u0105skich As\u00f3w\u201d wys\u0142uchaj\u0105 ponadto wyk\u0142adu interaktywnego pt. \u201eW g\u0142\u0119bi serca \u2013 interdyscyplinarno\u015b\u0107, czyli serce, robot i ja\u201d, kt\u00f3ry wyg\u0142osi dr in\u017c. Piotr Sindera. <!--break--> Prelekcja po\u0142\u0105czona zostanie m.in. z pokazem sekcji serca z wykorzystaniem robota chirurgicznego Fundacji Rozwoju Kardiochirurgii im. prof. Zbigniewa Religi w Zabrzu.<br \/>\n&nbsp;<\/p>\n<p class=\"rtecenter\"><img alt=\"Plakat &quot;\u015al\u0105skich As\u00f3w&quot; \u2013 na granatowym tle napis &quot;\u015al\u0105skie Asy 2017&quot; oraz Uniwersytet \u015al\u0105ski, a tak\u017ce sze\u015b\u0107 kart z napisem As U\u015a.\" src=\"https:\/\/us.edu.pl\/wp-content\/uploads\/imported_files\/c3bb2d9eaa03cfadd15c615cc8828141_asy.jpg\" style=\"width: 100%\" \/><\/p>\n","protected":false},"excerpt":{"rendered":"<p>W czwartek 21 wrze\u015bnia 2017 roku o godz. 15.00 na <a href=\"http:\/\/www.wpia.us.edu.pl\/\">Wydziale Prawa i Administracji<\/a> Uniwersytetu \u015al\u0105skiego w Katowicach (ul. Bankowa 11b, aula nr 5) odb\u0119dzie si\u0119 kolejna edycja \u201e\u015al\u0105skich As\u00f3w\u201d. Podczas uroczysto\u015bci wyr\u00f3\u017cnieni zostan\u0105 najzdolniejsi uczniowie szk\u00f3\u0142 ponadgimnazjalnych wojew\u00f3dztwa \u015bl\u0105skiego, a tak\u017ce laureaci i finali\u015bci olimpiad oraz konkurs\u00f3w przedmiotowych. Listy gratulacyjne JM Rektora Uniwersytetu \u015al\u0105skiego <a href=\"http:\/\/pracownik.us.edu.pl\/us-addressbook\/emp\/12672\">prof. dr. hab. Andrzeja Kowalczyka<\/a> wr\u0119czy prorektor ds. kszta\u0142cenia i student\u00f3w <a href=\"http:\/\/pracownik.us.edu.pl\/us-addressbook\/emp\/13002\">prof. dr hab. Ryszard Kozio\u0142ek<\/a>.<\/p>\n<p>Uczestnicy tegorocznej edycji \u201e\u015al\u0105skich As\u00f3w\u201d wys\u0142uchaj\u0105 ponadto wyk\u0142adu interaktywnego pt. \u201eW g\u0142\u0119bi serca \u2013 interdyscyplinarno\u015b\u0107, czyli serce, robot i ja\u201d, kt\u00f3ry wyg\u0142osi dr in\u017c. Piotr Sindera. [&#8230;]<\/p>\n<p><a class=\"btn btn-secondary understrap-read-more-link\" href=\"https:\/\/us.edu.pl\/en\/event\/gala-slaskich-asow\/\">Read More&#8230;<\/a><\/p>\n","protected":false},"author":1,"featured_media":0,"template":"","meta":{"_expiration-date-status":"","_expiration-date":0,"_expiration-date-type":"","_expiration-date-categories":[],"_expiration-date-options":[]},"acf":[],"_links":{"self":[{"href":"https:\/\/us.edu.pl\/en\/wp-json\/wp\/v2\/event\/108036"}],"collection":[{"href":"https:\/\/us.edu.pl\/en\/wp-json\/wp\/v2\/event"}],"about":[{"href":"https:\/\/us.edu.pl\/en\/wp-json\/wp\/v2\/types\/event"}],"author":[{"embeddable":true,"href":"https:\/\/us.edu.pl\/en\/wp-json\/wp\/v2\/users\/1"}],"version-history":[{"count":0,"href":"https:\/\/us.edu.pl\/en\/wp-json\/wp\/v2\/event\/108036\/revisions"}],"wp:attachment":[{"href":"https:\/\/us.edu.pl\/en\/wp-json\/wp\/v2\/media?parent=108036"}],"curies":[{"name":"wp","href":"https:\/\/api.w.org\/{rel}","templated":true}]}}

Gala „Śląskich Asów”

<p>W czwartek 21 września 2017 roku o godz. 15.00 na <a href="http://www.wpia.us.edu.pl/">Wydziale Prawa i Administracji</a> Uniwersytetu Śląskiego w Katowicach (ul. Bankowa 11b, aula nr 5) odbędzie się kolejna edycja „Śląskich Asów”. Podczas uroczystości wyróżnieni zostaną najzdolniejsi uczniowie szkół ponadgimnazjalnych województwa śląskiego, a także laureaci i finaliści olimpiad oraz konkursów przedmiotowych. Listy gratulacyjne JM Rektora Uniwersytetu Śląskiego <a href="http://pracownik.us.edu.pl/us-addressbook/emp/12672">prof. dr. hab. Andrzeja Kowalczyka</a> wręczy prorektor ds. kształcenia i studentów <a href="http://pracownik.us.edu.pl/us-addressbook/emp/13002">prof. dr hab. Ryszard Koziołek</a>.</p>
<p>Uczestnicy tegorocznej edycji „Śląskich Asów” wysłuchają ponadto wykładu interaktywnego pt. „W głębi serca – interdyscyplinarność, czyli serce, robot i ja”, który wygłosi dr inż. Piotr Sindera. <!--break--> Prelekcja połączona zostanie m.in. z pokazem sekcji serca z wykorzystaniem robota chirurgicznego Fundacji Rozwoju Kardiochirurgii im. prof. Zbigniewa Religi w Zabrzu.<br />
&nbsp;</p>
<p class="rtecenter"><img alt="Plakat &quot;Śląskich Asów&quot; – na granatowym tle napis &quot;Śląskie Asy 2017&quot; oraz Uniwersytet Śląski, a także sześć kart z napisem As UŚ." src="https://us.edu.pl/wp-content/uploads/imported_files/c3bb2d9eaa03cfadd15c615cc8828141_asy.jpg" style="width: 100%" /></p>

<p>W czwartek 21 września 2017 roku o godz. 15.00 na <a href="http://www.wpia.us.edu.pl/">Wydziale Prawa i Administracji</a> Uniwersytetu Śląskiego w Katowicach (ul. Bankowa 11b, aula nr 5) odbędzie się kolejna edycja „Śląskich Asów”. Podczas uroczystości wyróżnieni zostaną najzdolniejsi uczniowie szkół ponadgimnazjalnych województwa śląskiego, a także laureaci i finaliści olimpiad oraz konkursów przedmiotowych. Listy gratulacyjne JM Rektora Uniwersytetu Śląskiego <a href="http://pracownik.us.edu.pl/us-addressbook/emp/12672">prof. dr. hab. Andrzeja Kowalczyka</a> wręczy prorektor ds. kształcenia i studentów <a href="http://pracownik.us.edu.pl/us-addressbook/emp/13002">prof. dr hab. Ryszard Koziołek</a>.</p>
<p>Uczestnicy tegorocznej edycji „Śląskich Asów” wysłuchają ponadto wykładu interaktywnego pt. „W głębi serca – interdyscyplinarność, czyli serce, robot i ja”, który wygłosi dr inż. Piotr Sindera. [&#8230;]</p>
<p><a class="btn btn-secondary understrap-read-more-link" href="https://us.edu.pl/en/event/gala-slaskich-asow/">Read More&#8230;</a></p>
