{"id":108519,"date":"2016-12-13T12:06:03","date_gmt":"2016-12-13T11:06:03","guid":{"rendered":"https:\/\/us.edu.pl\/event\/dzien-sw-lucji-na-wydziale-filologicznym-w-sosnowcu\/"},"modified":"2016-12-13T12:06:03","modified_gmt":"2016-12-13T11:06:03","slug":"dzien-sw-lucji-na-wydziale-filologicznym-w-sosnowcu","status":"publish","type":"event","link":"https:\/\/us.edu.pl\/en\/event\/dzien-sw-lucji-na-wydziale-filologicznym-w-sosnowcu\/","title":{"rendered":"Dzie\u0144 \u015bw. \u0141ucji na Wydziale Filologicznym w Sosnowcu"},"content":{"rendered":"<p class=\"qtranxs-available-languages-message qtranxs-available-languages-message-en\">Sorry, this entry is only available in <a href=\"https:\/\/us.edu.pl\/pl\/wp-json\/wp\/v2\/event\/108519\" class=\"qtranxs-available-language-link qtranxs-available-language-link-pl\" title=\"Polski\">Polish<\/a>.<\/p>","protected":false},"excerpt":{"rendered":"<p class=\"qtranxs-available-languages-message qtranxs-available-languages-message-en\">Sorry, this entry is only available in <a href=\"https:\/\/us.edu.pl\/pl\/wp-json\/wp\/v2\/event\/108519\" class=\"qtranxs-available-language-link qtranxs-available-language-link-pl\" title=\"Polski\">Polish<\/a>.<\/p>\n","protected":false},"author":1,"featured_media":0,"template":"","meta":{"_expiration-date-status":"","_expiration-date":0,"_expiration-date-type":"","_expiration-date-categories":[],"_expiration-date-options":[]},"acf":[],"_links":{"self":[{"href":"https:\/\/us.edu.pl\/en\/wp-json\/wp\/v2\/event\/108519"}],"collection":[{"href":"https:\/\/us.edu.pl\/en\/wp-json\/wp\/v2\/event"}],"about":[{"href":"https:\/\/us.edu.pl\/en\/wp-json\/wp\/v2\/types\/event"}],"author":[{"embeddable":true,"href":"https:\/\/us.edu.pl\/en\/wp-json\/wp\/v2\/users\/1"}],"version-history":[{"count":0,"href":"https:\/\/us.edu.pl\/en\/wp-json\/wp\/v2\/event\/108519\/revisions"}],"wp:attachment":[{"href":"https:\/\/us.edu.pl\/en\/wp-json\/wp\/v2\/media?parent=108519"}],"curies":[{"name":"wp","href":"https:\/\/api.w.org\/{rel}","templated":true}]}}

Dzień św. Łucji na Wydziale Filologicznym w Sosnowcu
