{"id":108662,"date":"2016-10-21T07:32:16","date_gmt":"2016-10-21T06:32:16","guid":{"rendered":"https:\/\/us.edu.pl\/event\/konferencja-pt-obcosc-i-odmiennosc-w-kulturze-literaturze-i-jezyku-niemieckim-w-xx-i-xxi-wieku\/"},"modified":"2016-10-21T07:32:16","modified_gmt":"2016-10-21T06:32:16","slug":"konferencja-pt-obcosc-i-odmiennosc-w-kulturze-literaturze-i-jezyku-niemieckim-w-xx-i-xxi-wieku","status":"publish","type":"event","link":"https:\/\/us.edu.pl\/en\/event\/konferencja-pt-obcosc-i-odmiennosc-w-kulturze-literaturze-i-jezyku-niemieckim-w-xx-i-xxi-wieku\/","title":{"rendered":"Konferencja pt. \u201eObco\u015b\u0107  i odmienno\u015b\u0107 w  kulturze, literaturze i j\u0119zyku niemieckim w XX i XXI wieku\u201d"},"content":{"rendered":"<p class=\"qtranxs-available-languages-message qtranxs-available-languages-message-en\">Sorry, this entry is only available in <a href=\"https:\/\/us.edu.pl\/pl\/wp-json\/wp\/v2\/event\/108662\" class=\"qtranxs-available-language-link qtranxs-available-language-link-pl\" title=\"Polski\">Polish<\/a>.<\/p>","protected":false},"excerpt":{"rendered":"<p class=\"qtranxs-available-languages-message qtranxs-available-languages-message-en\">Sorry, this entry is only available in <a href=\"https:\/\/us.edu.pl\/pl\/wp-json\/wp\/v2\/event\/108662\" class=\"qtranxs-available-language-link qtranxs-available-language-link-pl\" title=\"Polski\">Polish<\/a>.<\/p>\n","protected":false},"author":1,"featured_media":0,"template":"","meta":{"_expiration-date-status":"","_expiration-date":0,"_expiration-date-type":"","_expiration-date-categories":[],"_expiration-date-options":[]},"acf":[],"_links":{"self":[{"href":"https:\/\/us.edu.pl\/en\/wp-json\/wp\/v2\/event\/108662"}],"collection":[{"href":"https:\/\/us.edu.pl\/en\/wp-json\/wp\/v2\/event"}],"about":[{"href":"https:\/\/us.edu.pl\/en\/wp-json\/wp\/v2\/types\/event"}],"author":[{"embeddable":true,"href":"https:\/\/us.edu.pl\/en\/wp-json\/wp\/v2\/users\/1"}],"version-history":[{"count":0,"href":"https:\/\/us.edu.pl\/en\/wp-json\/wp\/v2\/event\/108662\/revisions"}],"wp:attachment":[{"href":"https:\/\/us.edu.pl\/en\/wp-json\/wp\/v2\/media?parent=108662"}],"curies":[{"name":"wp","href":"https:\/\/api.w.org\/{rel}","templated":true}]}}

Konferencja pt. „Obcość  i odmienność w  kulturze, literaturze i języku niemieckim w XX i XXI wieku”
