{"id":108935,"date":"2016-05-19T09:15:33","date_gmt":"2016-05-19T08:15:33","guid":{"rendered":"https:\/\/us.edu.pl\/event\/kolejny-wyklad-w-ramach-cyklu-problem-granic-w-filozofii-i-nauce\/"},"modified":"2019-11-05T11:19:12","modified_gmt":"2019-11-05T10:19:12","slug":"kolejny-wyklad-w-ramach-cyklu-problem-granic-w-filozofii-i-nauce","status":"publish","type":"event","link":"https:\/\/us.edu.pl\/en\/event\/kolejny-wyklad-w-ramach-cyklu-problem-granic-w-filozofii-i-nauce\/","title":{"rendered":"Kolejny wyk\u0142ad w ramach cyklu \u201eProblem granic w filozofii i nauce\u201d"},"content":{"rendered":"<p abp=\"2670\">25&nbsp;maja 2016 roku o godz. 15.30 na <a abp=\"2671\" href=\"http:\/\/www.wns.us.edu.pl\">Wydziale Nauk Spo\u0142ecznych <\/a>Uniwersytetu \u015al\u0105skiego odb\u0119dzie si\u0119 kolejne spotkanie w ramach XV edycji seminarium \u201eProblem granic w filozofii i nauce\u201d. Wyk\u0142ad pt. \u201eAnatomia talentu\u201d wyg\u0142osi <a href=\"http:\/\/pracownik.us.edu.pl\/us-addressbook\/emp\/26782\">prof.&nbsp;dr hab. Andrzej Szarek<\/a> z <a href=\"http:\/\/wart.us.edu.pl\/\">Wydzia\u0142u Artystycznego<\/a>&nbsp;Uniwersytetu \u015al\u0105skiego w Katowicach.<\/p>\n<p abp=\"2673\">Organizatorami interdyscyplinarnych seminari\u00f3w s\u0105 Instytut Filozofii oraz Instytut Fizyki Uniwersytetu \u015al\u0105skiego.<\/p>\n<p abp=\"2674\"><a href=\"https:\/\/us.edu.pl\/wp-content\/uploads\/imported_files\/302e33948353baa4fa9d280aac60f71f_szarek_granice.pdf\" class=\"mtli_attachment mtli_pdf\" data-mtli=\"mtli_filesize9485kB\">Zaproszenie <\/a>(dokument pdf)<\/p>\n<p abp=\"2676\"><a abp=\"2677\" href=\"http:\/\/www.us.edu.pl\/sites\/www.us.edu.pl\/files\/imce\/wiadomosci\/pliki\/program_semestr_letni_2015-2016_0.pdf\" class=\"mtli_attachment mtli_pdf\">Program spotka\u0144 w semestrze letnim 2015\/2016<\/a> (dokument pdf)<\/p>\n<p abp=\"2678\" class=\"rtecenter\"><img abp=\"2679\" alt=\"plakat promuj\u0105cy spotkania z cyklu &quot;Problem granic w filozofii i nauce&quot;\" src=\"https:\/\/us.edu.pl\/wp-content\/uploads\/imported_files\/8e0e6e6b0d063f1d22b25043b1bc4202_15_granice.jpg\" style=\"width: 440px; height: 629px;\" \/><\/p>\n<style type=\"text\/css\">a[data-mtli~=\"mtli_filesize9485kB\"]:after {content:\" (94.85 kB)\"}<\/style>","protected":false},"excerpt":{"rendered":"<p abp=\"2670\">25&nbsp;maja 2016 roku o godz. 15.30 na <a abp=\"2671\" href=\"http:\/\/www.wns.us.edu.pl\">Wydziale Nauk Spo\u0142ecznych <\/a>Uniwersytetu \u015al\u0105skiego odb\u0119dzie si\u0119 kolejne spotkanie w ramach XV edycji seminarium \u201eProblem granic w filozofii i nauce\u201d. Wyk\u0142ad pt. \u201eAnatomia talentu\u201d wyg\u0142osi <a href=\"http:\/\/pracownik.us.edu.pl\/us-addressbook\/emp\/26782\">prof.&nbsp;dr hab. Andrzej Szarek<\/a> z <a href=\"http:\/\/wart.us.edu.pl\/\">Wydzia\u0142u Artystycznego<\/a>&nbsp;Uniwersytetu \u015al\u0105skiego w Katowicach.<\/p>\n<p> [&#8230;]<\/p>\n<p><a class=\"btn btn-secondary understrap-read-more-link\" href=\"https:\/\/us.edu.pl\/en\/event\/kolejny-wyklad-w-ramach-cyklu-problem-granic-w-filozofii-i-nauce\/\">Read More&#8230;<\/a><\/p>\n","protected":false},"author":1,"featured_media":0,"template":"","meta":{"_expiration-date-status":"","_expiration-date":0,"_expiration-date-type":"","_expiration-date-categories":[],"_expiration-date-options":[]},"acf":[],"_links":{"self":[{"href":"https:\/\/us.edu.pl\/en\/wp-json\/wp\/v2\/event\/108935"}],"collection":[{"href":"https:\/\/us.edu.pl\/en\/wp-json\/wp\/v2\/event"}],"about":[{"href":"https:\/\/us.edu.pl\/en\/wp-json\/wp\/v2\/types\/event"}],"author":[{"embeddable":true,"href":"https:\/\/us.edu.pl\/en\/wp-json\/wp\/v2\/users\/1"}],"version-history":[{"count":0,"href":"https:\/\/us.edu.pl\/en\/wp-json\/wp\/v2\/event\/108935\/revisions"}],"wp:attachment":[{"href":"https:\/\/us.edu.pl\/en\/wp-json\/wp\/v2\/media?parent=108935"}],"curies":[{"name":"wp","href":"https:\/\/api.w.org\/{rel}","templated":true}]}}

Kolejny wykład w ramach cyklu „Problem granic w filozofii i nauce”

<p abp="2670">25&nbsp;maja 2016 roku o godz. 15.30 na <a abp="2671" href="http://www.wns.us.edu.pl">Wydziale Nauk Społecznych </a>Uniwersytetu Śląskiego odbędzie się kolejne spotkanie w ramach XV edycji seminarium „Problem granic w filozofii i nauce”. Wykład pt. „Anatomia talentu” wygłosi <a href="http://pracownik.us.edu.pl/us-addressbook/emp/26782">prof.&nbsp;dr hab. Andrzej Szarek</a> z <a href="http://wart.us.edu.pl/">Wydziału Artystycznego</a>&nbsp;Uniwersytetu Śląskiego w Katowicach.</p>
<p abp="2673">Organizatorami interdyscyplinarnych seminariów są Instytut Filozofii oraz Instytut Fizyki Uniwersytetu Śląskiego.</p>
<p abp="2674"><a href="https://us.edu.pl/wp-content/uploads/imported_files/302e33948353baa4fa9d280aac60f71f_szarek_granice.pdf" class="mtli_attachment mtli_pdf" data-mtli="mtli_filesize9485kB">Zaproszenie </a>(dokument pdf)</p>
<p abp="2676"><a abp="2677" href="http://www.us.edu.pl/sites/www.us.edu.pl/files/imce/wiadomosci/pliki/program_semestr_letni_2015-2016_0.pdf" class="mtli_attachment mtli_pdf">Program spotkań w semestrze letnim 2015/2016</a> (dokument pdf)</p>
<p abp="2678" class="rtecenter"><img abp="2679" alt="plakat promujący spotkania z cyklu &quot;Problem granic w filozofii i nauce&quot;" src="https://us.edu.pl/wp-content/uploads/imported_files/8e0e6e6b0d063f1d22b25043b1bc4202_15_granice.jpg" style="width: 440px; height: 629px;" /></p>
<style type="text/css">a[data-mtli~="mtli_filesize9485kB"]:after {content:" (94.85 kB)"}</style>

<p abp="2670">25&nbsp;maja 2016 roku o godz. 15.30 na <a abp="2671" href="http://www.wns.us.edu.pl">Wydziale Nauk Społecznych </a>Uniwersytetu Śląskiego odbędzie się kolejne spotkanie w ramach XV edycji seminarium „Problem granic w filozofii i nauce”. Wykład pt. „Anatomia talentu” wygłosi <a href="http://pracownik.us.edu.pl/us-addressbook/emp/26782">prof.&nbsp;dr hab. Andrzej Szarek</a> z <a href="http://wart.us.edu.pl/">Wydziału Artystycznego</a>&nbsp;Uniwersytetu Śląskiego w Katowicach.</p>
<p> [&#8230;]</p>
<p><a class="btn btn-secondary understrap-read-more-link" href="https://us.edu.pl/en/event/kolejny-wyklad-w-ramach-cyklu-problem-granic-w-filozofii-i-nauce/">Read More&#8230;</a></p>
