{"id":109117,"date":"2016-03-29T15:21:15","date_gmt":"2016-03-29T14:21:15","guid":{"rendered":"https:\/\/us.edu.pl\/event\/gala-wreczenia-nagrod-w-ogolnopolskim-konkursie-dziennikarskim-im-krystyny-bochenek\/"},"modified":"2019-11-05T11:19:22","modified_gmt":"2019-11-05T10:19:22","slug":"gala-wreczenia-nagrod-w-ogolnopolskim-konkursie-dziennikarskim-im-krystyny-bochenek","status":"publish","type":"event","link":"https:\/\/us.edu.pl\/en\/event\/gala-wreczenia-nagrod-w-ogolnopolskim-konkursie-dziennikarskim-im-krystyny-bochenek\/","title":{"rendered":"Gala wr\u0119czenia nagr\u00f3d w Og\u00f3lnopolskim Konkursie Dziennikarskim im. Krystyny Bochenek"},"content":{"rendered":"<p>Do tegorocznej jubileuszowej edycji Og\u00f3lnopolskiego Konkursu Dziennikarskiego im. Krystyny Bochenek zg\u0142oszono 54 materia\u0142y dziennikarskie, spo\u015br\u00f3d kt\u00f3rych 52 spe\u0142ni\u0142y warunki formalne. Oceniane by\u0142y prace, kt\u00f3re powsta\u0142y i ukaza\u0142y si\u0119 w 2015 roku. Spo\u015br\u00f3d nades\u0142anych film\u00f3w, materia\u0142\u00f3w radiowych oraz publikacji prasowych i internetowych kapita\u0142a konkursu wybra\u0142a pi\u0119\u0107 prac nominowanych do nagrody. Wyniki poznamy 15 kwietnia 2016 roku podczas uroczystej gali wr\u0119czenia nagr\u00f3d, kt\u00f3ra rozpocznie si\u0119 o godz. 17.00 w Teatrze \u015al\u0105skim im. Stanis\u0142awa Wyspia\u0144skiego w Katowicach (Scena w Malarni). Uroczysto\u015bci towarzyszy\u0107 b\u0119dzie spektakl \u201e\u015amieszny staruszek\u201d w re\u017cyserii Ewy Wyskoczyl.<\/p>\n<p><!--break--><\/p>\n<p>Finalistami V edycji konkursu zostali (kolejno\u015b\u0107 alfabetyczna):<\/span><\/p>\n<ul>\n<li>Aleksandra Fudala-Bara\u0144ska, Adam Turula \u201eTragedia G\u00f3rno\u015bl\u0105ska 1945\u201d (kulturalnyslask.pl, 15.01.2015),<\/li>\n<li>Anna Goc \u201eWracaj\u0105 do dzi\u015b\u201d (\u201eTygodnik Powszechny\u201d, 20-27.12.2015),<\/li>\n<li>Alojzy Lysko \u201eOpowie\u015b\u0107 g\u00f3rno\u015bl\u0105ska\u201d (\u201eDziennik Zachodni\u201d, 12.06.2015; miesi\u0119cznik \u201e\u015al\u0105sk\u201d, 12.2015),<\/li>\n<li>Beata Netz, Maciej Szczawi\u0144ski \u201eMiasto poety\u201d (TVP Katowice, 10.10.2015),<\/li>\n<li>Bartosz Panek \u201eNiezwyczajne \u017cycie\u201d (Program 1 Polskiego Radia, 8.11.2015).<\/li>\n<\/ul>\n<p>&nbsp;<\/p>\n<p>Zwyci\u0119zca otrzyma Nagrod\u0119 imienia Krystyny Bochenek, kt\u00f3ra ma form\u0119 gratyfikacji finansowej w wysoko\u015bci 50 tys. z\u0142.&nbsp; Szczeg\u00f3\u0142owe informacje na temat konkursu dost\u0119pne s\u0105 na stronie: <a href=\"http:\/\/www.konkurskbochenek.us.edu.pl\">www.konkurskbochenek.us.edu.pl<\/a>.<\/p>\n<p>W uroczysto\u015bci we\u017amie udzia\u0142 prorektor ds. umi\u0119dzynarodowienia, wsp\u00f3\u0142pracy z otoczeniem i promocji&nbsp;<a href=\"http:\/\/pracownik.us.edu.pl\/us-addressbook\/emp\/18792\">dr hab. prof. U\u015a Miros\u0142aw Nakonieczny<\/a>.<\/p>\n<p><a href=\"https:\/\/us.edu.pl\/wp-content\/uploads\/imported_files\/b6bdeab0a9a304a2600068fb6771f639_zaproszenie-konkurs_kb-2016.jpg\"><img alt=\"Grafika: zaproszenie na uroczyst\u0105 gal\u0119 wr\u0119czenia nagr\u00f3d w konkursie \" src=\"https:\/\/us.edu.pl\/wp-content\/uploads\/imported_files\/b6bdeab0a9a304a2600068fb6771f639_zaproszenie-konkurs_kb-2016.jpg\" style=\"width: 650px; height: 650px;\" \/><\/a><\/p>\n","protected":false},"excerpt":{"rendered":"<p>Do tegorocznej jubileuszowej edycji Og\u00f3lnopolskiego Konkursu Dziennikarskiego im. Krystyny Bochenek zg\u0142oszono 54 materia\u0142y dziennikarskie, spo\u015br\u00f3d kt\u00f3rych 52 spe\u0142ni\u0142y warunki formalne. Oceniane by\u0142y prace, kt\u00f3re powsta\u0142y i ukaza\u0142y si\u0119 w 2015 roku. Spo\u015br\u00f3d nades\u0142anych film\u00f3w, materia\u0142\u00f3w radiowych oraz publikacji prasowych i internetowych kapita\u0142a konkursu wybra\u0142a pi\u0119\u0107 prac nominowanych do nagrody. Wyniki poznamy 15 kwietnia 2016 roku podczas uroczystej gali wr\u0119czenia nagr\u00f3d, kt\u00f3ra rozpocznie si\u0119 o godz. 17.00 w Teatrze \u015al\u0105skim im. Stanis\u0142awa Wyspia\u0144skiego w Katowicach (Scena w Malarni). Uroczysto\u015bci towarzyszy\u0107 b\u0119dzie spektakl \u201e\u015amieszny staruszek\u201d w re\u017cyserii Ewy Wyskoczyl.<\/p>\n<p> [&#8230;]<\/p>\n<p><a class=\"btn btn-secondary understrap-read-more-link\" href=\"https:\/\/us.edu.pl\/en\/event\/gala-wreczenia-nagrod-w-ogolnopolskim-konkursie-dziennikarskim-im-krystyny-bochenek\/\">Read More&#8230;<\/a><\/p>\n","protected":false},"author":1,"featured_media":0,"template":"","meta":{"_expiration-date-status":"","_expiration-date":0,"_expiration-date-type":"","_expiration-date-categories":[],"_expiration-date-options":[]},"acf":[],"_links":{"self":[{"href":"https:\/\/us.edu.pl\/en\/wp-json\/wp\/v2\/event\/109117"}],"collection":[{"href":"https:\/\/us.edu.pl\/en\/wp-json\/wp\/v2\/event"}],"about":[{"href":"https:\/\/us.edu.pl\/en\/wp-json\/wp\/v2\/types\/event"}],"author":[{"embeddable":true,"href":"https:\/\/us.edu.pl\/en\/wp-json\/wp\/v2\/users\/1"}],"version-history":[{"count":0,"href":"https:\/\/us.edu.pl\/en\/wp-json\/wp\/v2\/event\/109117\/revisions"}],"wp:attachment":[{"href":"https:\/\/us.edu.pl\/en\/wp-json\/wp\/v2\/media?parent=109117"}],"curies":[{"name":"wp","href":"https:\/\/api.w.org\/{rel}","templated":true}]}}

Gala wręczenia nagród w Ogólnopolskim Konkursie Dziennikarskim im. Krystyny Bochenek

<p>Do tegorocznej jubileuszowej edycji Ogólnopolskiego Konkursu Dziennikarskiego im. Krystyny Bochenek zgłoszono 54 materiały dziennikarskie, spośród których 52 spełniły warunki formalne. Oceniane były prace, które powstały i ukazały się w 2015 roku. Spośród nadesłanych filmów, materiałów radiowych oraz publikacji prasowych i internetowych kapitała konkursu wybrała pięć prac nominowanych do nagrody. Wyniki poznamy 15 kwietnia 2016 roku podczas uroczystej gali wręczenia nagród, która rozpocznie się o godz. 17.00 w Teatrze Śląskim im. Stanisława Wyspiańskiego w Katowicach (Scena w Malarni). Uroczystości towarzyszyć będzie spektakl „Śmieszny staruszek” w reżyserii Ewy Wyskoczyl.</p>
<p><!--break--></p>
<p>Finalistami V edycji konkursu zostali (kolejność alfabetyczna):</span></p>
<ul>
<li>Aleksandra Fudala-Barańska, Adam Turula „Tragedia Górnośląska 1945” (kulturalnyslask.pl, 15.01.2015),</li>
<li>Anna Goc „Wracają do dziś” („Tygodnik Powszechny”, 20-27.12.2015),</li>
<li>Alojzy Lysko „Opowieść górnośląska” („Dziennik Zachodni”, 12.06.2015; miesięcznik „Śląsk”, 12.2015),</li>
<li>Beata Netz, Maciej Szczawiński „Miasto poety” (TVP Katowice, 10.10.2015),</li>
<li>Bartosz Panek „Niezwyczajne życie” (Program 1 Polskiego Radia, 8.11.2015).</li>
</ul>
<p>&nbsp;</p>
<p>Zwycięzca otrzyma Nagrodę imienia Krystyny Bochenek, która ma formę gratyfikacji finansowej w wysokości 50 tys. zł.&nbsp; Szczegółowe informacje na temat konkursu dostępne są na stronie: <a href="http://www.konkurskbochenek.us.edu.pl">www.konkurskbochenek.us.edu.pl</a>.</p>
<p>W uroczystości weźmie udział prorektor ds. umiędzynarodowienia, współpracy z otoczeniem i promocji&nbsp;<a href="http://pracownik.us.edu.pl/us-addressbook/emp/18792">dr hab. prof. UŚ Mirosław Nakonieczny</a>.</p>
<p><a href="https://us.edu.pl/wp-content/uploads/imported_files/b6bdeab0a9a304a2600068fb6771f639_zaproszenie-konkurs_kb-2016.jpg"><img alt="Grafika: zaproszenie na uroczystą galę wręczenia nagród w konkursie " src="https://us.edu.pl/wp-content/uploads/imported_files/b6bdeab0a9a304a2600068fb6771f639_zaproszenie-konkurs_kb-2016.jpg" style="width: 650px; height: 650px;" /></a></p>

<p>Do tegorocznej jubileuszowej edycji Ogólnopolskiego Konkursu Dziennikarskiego im. Krystyny Bochenek zgłoszono 54 materiały dziennikarskie, spośród których 52 spełniły warunki formalne. Oceniane były prace, które powstały i ukazały się w 2015 roku. Spośród nadesłanych filmów, materiałów radiowych oraz publikacji prasowych i internetowych kapitała konkursu wybrała pięć prac nominowanych do nagrody. Wyniki poznamy 15 kwietnia 2016 roku podczas uroczystej gali wręczenia nagród, która rozpocznie się o godz. 17.00 w Teatrze Śląskim im. Stanisława Wyspiańskiego w Katowicach (Scena w Malarni). Uroczystości towarzyszyć będzie spektakl „Śmieszny staruszek” w reżyserii Ewy Wyskoczyl.</p>
<p> [&#8230;]</p>
<p><a class="btn btn-secondary understrap-read-more-link" href="https://us.edu.pl/en/event/gala-wreczenia-nagrod-w-ogolnopolskim-konkursie-dziennikarskim-im-krystyny-bochenek/">Read More&#8230;</a></p>
