{"id":121820,"date":"2020-05-18T14:39:11","date_gmt":"2020-05-18T12:39:11","guid":{"rendered":"https:\/\/us.edu.pl\/?post_type=event&#038;p=121820"},"modified":"2020-06-08T10:35:20","modified_gmt":"2020-06-08T08:35:20","slug":"jestesmy-razem-wyjatkowy-koncert-z-okazji-swieta-uniwersytetu-slaskiego","status":"publish","type":"event","link":"https:\/\/us.edu.pl\/en\/event\/jestesmy-razem-wyjatkowy-koncert-z-okazji-swieta-uniwersytetu-slaskiego\/","title":{"rendered":"[ONLINE] \u2018We Are Together\u2019 \u2013 a unique concert on the occasion of the feast of the University of Silesia"},"content":{"rendered":"<p><\/p>\n<p>[vc_row][vc_column]\r\n                <div class=\"text-modules\">\r\n                    <div class=\"container\">\r\n                        \r\n                        <div class=\"text-modules__content\"><\/p>\n<p>The unique concert on the occasion of the feast of the University of Silesia will take place at 8 PM on Monday, 8 June 2020.<\/p>\n<p>The coronavirus pandemic affected the lives of billions of people around the world, causing e.g. the closure of cultural institutions. Media are promoting the slogan #stayhome. However, this time does not necessarily mean that we must get bored and give up concerts and live music, because they are shared online.<\/p>\n<p>The University of Silesia is not indifferent to the situation and prepared a unique concert entitled \u2018We Are Together\u2019, which was recorded in the Krzysztof Kie\u015blowski Film School at the University of Silesia. In this way, we want to emphasize that the University community is formed of individuals who are ready to share their works with\u00a0the whole society in such a difficult time.<\/p>\n<p>Until now, we celebrated by inviting people to participate in an academic concert in the concert hall. Unfortunately, due to the coronavirus pandemic, such a meeting of the academic community and its friends will not be possible, therefore, we would like to invite you to a virtual concert.<\/p>\n<p>\n<\/div>\r\n                    <\/div>\r\n                <\/div>\r\n                <div class=\"text-modules\">\r\n                    <div class=\"container\">\r\n                        \r\n                        <div class=\"text-modules__content\"><\/p>\n<h3>Invitation<\/h3>\n<p>&nbsp;<\/p>\n<p><img class=\"wp-image-121214 size-full\" src=\"https:\/\/us.edu.pl\/wp-content\/uploads\/fotografie\/Andrzej-Kowalczyk_fot-Julia-Agnieszka-Szymala.jpg\" alt=\"Prof. Andrzej Kowalczyk\" width=\"140\" srcset=\"https:\/\/us.edu.pl\/wp-content\/uploads\/fotografie\/Andrzej-Kowalczyk_fot-Julia-Agnieszka-Szymala.jpg 500w, https:\/\/us.edu.pl\/wp-content\/uploads\/fotografie\/Andrzej-Kowalczyk_fot-Julia-Agnieszka-Szymala-400x600.jpg 400w, https:\/\/us.edu.pl\/wp-content\/uploads\/fotografie\/Andrzej-Kowalczyk_fot-Julia-Agnieszka-Szymala-383x575.jpg 383w\" sizes=\"(max-width: 500px) 100vw, 500px\" \/><\/p>\n<p>Ladies and Gentlemen,<\/p>\n<p>On 8 June 2020 we celebrate the 52nd anniversary of establishment of the University of Silesia and its scientific activity, as well as its work for the benefit of its social and economic environment.<\/p>\n<p>Until now, we celebrated by inviting people to participate in an academic concert in the concert hall. Unfortunately, due to the coronavirus pandemic, such a meeting of the academic community and its friends will not be possible, therefore, we would like to invite you to the concert in virtual space. The University of Silesia prepared a unique concert entitled \u2018We Are Together\u2019, which was recorded in the Krzysztof Kie\u015blowski Film School at the University of Silesia. In this way, we are proving that the University community is formed of individuals who are ready to share their works with\u00a0the whole society in such a difficult time. In the period of epidemic risk, our University community gave a testimony of solidarity and responsibility. I would like to thank all academics, non-academic staff, doctoral students and students for understanding the seriousness of the situation, adapting to the new working and studying conditions, as well as for their dedication and readiness to help one another.<\/p>\n<p>I wish you good health and unshakeable faith in good future, as well as unforgettable musical impressions during the premier of the concert (Monday, 8 June 2020, 8 PM,\u00a0<a href=\"http:\/\/youtube.com\/UniwersytetSlaski\">youtube.com\/UniwersytetSlaski<\/a>), which is organised remotely for the very first time. Especially in this difficult period we must be together, support and be kind to one another \u2013 it is a special moment, unprecedented in the history of our University. Although we are separated, let us be together.<\/p>\n<p>Kind regards,<br \/>\nProf. Andrzej Kowalczyk<br \/>\nRector of the University of Silesia<\/p>\n<p>\n<\/div>\r\n                    <\/div>\r\n                <\/div>\r\n                <div class=\"text-modules\">\r\n                    <div class=\"container\">\r\n                        \r\n                        <div class=\"text-modules__content\"><\/p>\n<h3>Programme of the concert<\/h3>\n<p style=\"padding-left: 40px;\">Fanfare of the University of Silesia<br \/>\nSpeech of Prof. Andrzej Kowalczyk, Rector of the University of Silesia<\/p>\n<p style=\"padding-left: 40px;\">Artist: Grzegorz Niemczuk \u2013 piano<br \/>\nL. van Beethoven, <em>For Elise<\/em><br \/>\nL. van Beethoven,\u00a0<em>Piano Sonata in C# minor <\/em>op. 27 no. 2<em>\u00a0Moonlight<\/em> part 1<br \/>\nF. Chopin,\u00a0<em>Nocturne in E-flat major <\/em>op. 9 no. 2<br \/>\nF. Chopin, <em>Polonaise\u00a0in A major <\/em>op. 40 no. 1<\/p>\n<p style=\"padding-left: 40px;\">Artists: Guitar duo Tomasz Spali\u0144ski &amp; Rafa\u0142 Jarczewski<br \/>\nCelso Machado,\u00a0<em>P\u00e9 de Moleque<\/em><br \/>\nCelso Machado,<em>\u00a0Sambinha<\/em><br \/>\nCelso Machado,\u00a0<em>Pa\u00e7oca<\/em><br \/>\nAntonio Carlos Jobim,\u00a0<em>Eu Te Amo<\/em><\/p>\n<p style=\"padding-left: 40px;\">Speech of the Rector-elect of the University of Silesia<\/p>\n<p style=\"padding-left: 40px;\">Artist: Tomasz Orlow \u2013 piano<br \/>\nImprovised ballad on themes from <em>Star Wars\u00a0<\/em>by John Williams<br \/>\nSuite of jazz standards<\/p>\n<p style=\"padding-left: 40px;\">Film summary of 4 years of celebrating together<\/p>\n<p>You can watch the concert on \u2018Uniwersytet \u015al\u0105ski\u2019 and \u2018U\u015aTV\u2019 YouTube channels.<\/p>\n<p>\n<\/div>\r\n                    <\/div>\r\n                <\/div>\r\n                <div class=\"text-modules\">\r\n                    <div class=\"container\">\r\n                        \r\n                        <div class=\"text-modules__content\"><\/p>\n<p>Please join the concert tonight at 8 PM:\u00a0<a href=\"https:\/\/youtu.be\/PIajQk7vh-o\">youtu.be\/PIajQk7vh-o<\/a>.<\/p>\n<p><iframe loading=\"lazy\" title=\"Koncert &quot;Jeste\u015bmy razem&quot; z okazji 52. urodzin Uniwersytetu \u015al\u0105skiego w Katowicach\" width=\"640\" height=\"360\" src=\"https:\/\/www.youtube.com\/embed\/PIajQk7vh-o?feature=oembed\" frameborder=\"0\" allow=\"accelerometer; autoplay; encrypted-media; gyroscope; picture-in-picture\" allowfullscreen><\/iframe><\/p>\n<p>\n<\/div>\r\n                    <\/div>\r\n                <\/div>[\/vc_column][\/vc_row]<\/p>\n<p><\/p>","protected":false},"excerpt":{"rendered":"<p>[vc_row][vc_column][\/vc_column][\/vc_row] [&#8230;]<\/p>\n<p><a class=\"btn btn-secondary understrap-read-more-link\" href=\"https:\/\/us.edu.pl\/en\/event\/jestesmy-razem-wyjatkowy-koncert-z-okazji-swieta-uniwersytetu-slaskiego\/\">Read More&#8230;<\/a><\/p>\n","protected":false},"author":33,"featured_media":121827,"template":"","meta":{"_expiration-date-status":"saved","_expiration-date":0,"_expiration-date-type":"","_expiration-date-categories":[],"_expiration-date-options":[]},"acf":[],"_links":{"self":[{"href":"https:\/\/us.edu.pl\/en\/wp-json\/wp\/v2\/event\/121820"}],"collection":[{"href":"https:\/\/us.edu.pl\/en\/wp-json\/wp\/v2\/event"}],"about":[{"href":"https:\/\/us.edu.pl\/en\/wp-json\/wp\/v2\/types\/event"}],"author":[{"embeddable":true,"href":"https:\/\/us.edu.pl\/en\/wp-json\/wp\/v2\/users\/33"}],"version-history":[{"count":0,"href":"https:\/\/us.edu.pl\/en\/wp-json\/wp\/v2\/event\/121820\/revisions"}],"wp:featuredmedia":[{"embeddable":true,"href":"https:\/\/us.edu.pl\/en\/wp-json\/wp\/v2\/media\/121827"}],"wp:attachment":[{"href":"https:\/\/us.edu.pl\/en\/wp-json\/wp\/v2\/media?parent=121820"}],"curies":[{"name":"wp","href":"https:\/\/api.w.org\/{rel}","templated":true}]}}

<p></p>
<p>[vc_row][vc_column]
                <div class="text-modules">
                    <div class="container">
                        
                        <div class="text-modules__content"></p>
<p>The unique concert on the occasion of the feast of the University of Silesia will take place at 8 PM on Monday, 8 June 2020.</p>
<p>The coronavirus pandemic affected the lives of billions of people around the world, causing e.g. the closure of cultural institutions. Media are promoting the slogan #stayhome. However, this time does not necessarily mean that we must get bored and give up concerts and live music, because they are shared online.</p>
<p>The University of Silesia is not indifferent to the situation and prepared a unique concert entitled ‘We Are Together’, which was recorded in the Krzysztof Kieślowski Film School at the University of Silesia. In this way, we want to emphasize that the University community is formed of individuals who are ready to share their works with the whole society in such a difficult time.</p>
<p>Until now, we celebrated by inviting people to participate in an academic concert in the concert hall. Unfortunately, due to the coronavirus pandemic, such a meeting of the academic community and its friends will not be possible, therefore, we would like to invite you to a virtual concert.</p>
<p>
</div>
                    </div>
                </div>
                <div class="text-modules">
                    <div class="container">
                        
                        <div class="text-modules__content"></p>
<h3>Invitation</h3>
<p>&nbsp;</p>
<p><img class="wp-image-121214 size-full" src="https://us.edu.pl/wp-content/uploads/fotografie/Andrzej-Kowalczyk_fot-Julia-Agnieszka-Szymala.jpg" alt="Prof. Andrzej Kowalczyk" width="140" srcset="https://us.edu.pl/wp-content/uploads/fotografie/Andrzej-Kowalczyk_fot-Julia-Agnieszka-Szymala.jpg 500w, https://us.edu.pl/wp-content/uploads/fotografie/Andrzej-Kowalczyk_fot-Julia-Agnieszka-Szymala-400x600.jpg 400w, https://us.edu.pl/wp-content/uploads/fotografie/Andrzej-Kowalczyk_fot-Julia-Agnieszka-Szymala-383x575.jpg 383w" sizes="(max-width: 500px) 100vw, 500px" /></p>
<p>Ladies and Gentlemen,</p>
<p>On 8 June 2020 we celebrate the 52nd anniversary of establishment of the University of Silesia and its scientific activity, as well as its work for the benefit of its social and economic environment.</p>
<p>Until now, we celebrated by inviting people to participate in an academic concert in the concert hall. Unfortunately, due to the coronavirus pandemic, such a meeting of the academic community and its friends will not be possible, therefore, we would like to invite you to the concert in virtual space. The University of Silesia prepared a unique concert entitled ‘We Are Together’, which was recorded in the Krzysztof Kieślowski Film School at the University of Silesia. In this way, we are proving that the University community is formed of individuals who are ready to share their works with the whole society in such a difficult time. In the period of epidemic risk, our University community gave a testimony of solidarity and responsibility. I would like to thank all academics, non-academic staff, doctoral students and students for understanding the seriousness of the situation, adapting to the new working and studying conditions, as well as for their dedication and readiness to help one another.</p>
<p>I wish you good health and unshakeable faith in good future, as well as unforgettable musical impressions during the premier of the concert (Monday, 8 June 2020, 8 PM, <a href="http://youtube.com/UniwersytetSlaski">youtube.com/UniwersytetSlaski</a>), which is organised remotely for the very first time. Especially in this difficult period we must be together, support and be kind to one another – it is a special moment, unprecedented in the history of our University. Although we are separated, let us be together.</p>
<p>Kind regards,<br />
Prof. Andrzej Kowalczyk<br />
Rector of the University of Silesia</p>
<p>
</div>
                    </div>
                </div>
                <div class="text-modules">
                    <div class="container">
                        
                        <div class="text-modules__content"></p>
<h3>Programme of the concert</h3>
<p style="padding-left: 40px;">Fanfare of the University of Silesia<br />
Speech of Prof. Andrzej Kowalczyk, Rector of the University of Silesia</p>
<p style="padding-left: 40px;">Artist: Grzegorz Niemczuk – piano<br />
L. van Beethoven, <em>For Elise</em><br />
L. van Beethoven, <em>Piano Sonata in C# minor </em>op. 27 no. 2<em> Moonlight</em> part 1<br />
F. Chopin, <em>Nocturne in E-flat major </em>op. 9 no. 2<br />
F. Chopin, <em>Polonaise in A major </em>op. 40 no. 1</p>
<p style="padding-left: 40px;">Artists: Guitar duo Tomasz Spaliński &amp; Rafał Jarczewski<br />
Celso Machado, <em>Pé de Moleque</em><br />
Celso Machado,<em> Sambinha</em><br />
Celso Machado, <em>Paçoca</em><br />
Antonio Carlos Jobim, <em>Eu Te Amo</em></p>
<p style="padding-left: 40px;">Speech of the Rector-elect of the University of Silesia</p>
<p style="padding-left: 40px;">Artist: Tomasz Orlow – piano<br />
Improvised ballad on themes from <em>Star Wars </em>by John Williams<br />
Suite of jazz standards</p>
<p style="padding-left: 40px;">Film summary of 4 years of celebrating together</p>
<p>You can watch the concert on ‘Uniwersytet Śląski’ and ‘UŚTV’ YouTube channels.</p>
<p>
</div>
                    </div>
                </div>
                <div class="text-modules">
                    <div class="container">
                        
                        <div class="text-modules__content"></p>
<p>Please join the concert tonight at 8 PM: <a href="https://youtu.be/PIajQk7vh-o">youtu.be/PIajQk7vh-o</a>.</p>
<p><iframe loading="lazy" title="Koncert &quot;Jesteśmy razem&quot; z okazji 52. urodzin Uniwersytetu Śląskiego w Katowicach" width="640" height="360" src="https://www.youtube.com/embed/PIajQk7vh-o?feature=oembed" frameborder="0" allow="accelerometer; autoplay; encrypted-media; gyroscope; picture-in-picture" allowfullscreen></iframe></p>
<p>
</div>
                    </div>
                </div>[/vc_column][/vc_row]</p>
<p></p>
