{"id":134046,"date":"2021-02-05T14:44:27","date_gmt":"2021-02-05T13:44:27","guid":{"rendered":"https:\/\/us.edu.pl\/?post_type=event&#038;p=134046"},"modified":"2021-02-11T11:31:55","modified_gmt":"2021-02-11T10:31:55","slug":"scena-premier-naukowych-naukowy-talk-show-z-udzialem-grzegorza-paprzyckiego","status":"publish","type":"event","link":"https:\/\/us.edu.pl\/en\/event\/scena-premier-naukowych-naukowy-talk-show-z-udzialem-grzegorza-paprzyckiego\/","title":{"rendered":"Scientific Premiere Stage: Science Talk Show with Grzegorz Paprzycki"},"content":{"rendered":"<p><\/p>\n<p>[vc_row][vc_column width=&#8221;2\/3&#8243;]\r\n                <div class=\"text-modules\">\r\n                    <div class=\"container\">\r\n                        \r\n                        <div class=\"text-modules__content\"><\/p>\n<p>We invite you to the fourth edition of Scientific Premiere Stage: Science Talk Show. The series organised by the University of Silesia promotes interesting, inspiring and acclaimed achievements of people associated with the University. This time we will meet Grzegorz Paprzycki, graduate of Film and Television Directing at the Krzysztof Kie\u015blowski Film School in Katowice, whose movie was on the long list for an Academy Award.<\/p>\n<p><em>My Country, So Beautiful<\/em> is a documentary film which shows Poland as a place where nationalism came out of the underground and became an actual threat. Paprzycki\u2019s movie caused a stir among critics, won a number of film industry awards, and made it to the Academy Awards longlist. The director focuses both on the rise of far-right movements, which have become part of the political mainstream in Poland over the last few years, as well as on the people on the left and right sides of the ideological and political discourse, who are all determined to defend their principles and values. What divides them is their attitude to the nationalist ideology.<\/p>\n<p>The meeting will be held online on 11 February 2021 at 6 PM. You can watch the live broadcast on<a href=\"https:\/\/www.youtube.com\/UniwersytetSlaski\"> YouTube channel<\/a> and<a href=\"https:\/\/www.facebook.com\/UniwersytetSlaski\"> Facebook fanpage of the University of Silesia<\/a>. You can also ask questions on chat during the meeting. The meeting will be hosted by Ewa Niewiadomska, a journalist from Polskie Radio Katowice. At the end of the meeting you can watch the film \u201eMy Country, So Beautiful\u201d.<\/p>\n<p>Link to online broadcasts:<\/p>\n<ul>\n<li><a href=\"https:\/\/youtu.be\/vSrkcJbpynU\">YouTube (Polish language)<\/a><\/li>\n<li><a href=\"https:\/\/youtu.be\/MQJO7IW1C0o\">YouTube (English language)<\/a><\/li>\n<li><a href=\"https:\/\/facebook.com\/uniwersytetslaski\/live\">Facebook (Polish language)<\/a><\/li>\n<\/ul>\n<p>If you are interested, you can take part in a conversation with the guest on <a href=\"https:\/\/zoom.us\/j\/97587732023?pwd=WmRGUExlVnZJeHhGRzM5amUrUHRCZz09\">Zoom<\/a> after the interview.<\/p>\n<p>The previous Science Talk Shows are available on <a href=\"https:\/\/www.youtube.com\/playlist?list=PLlhOYvtSn-fsy1vOaKozmczMTY_2yqhC3&amp;fbclid=IwAR0EYPYFwUNqpzhYw0bSbFOZNA9ZMXDziB7c-nVdDugwE3cmjWtlD956UaM\">YouTube<\/a>.<\/p>\n<p>\n<\/div>\r\n                    <\/div>\r\n                <\/div>\r\n                <div class=\"text-modules\">\r\n                    <div class=\"container\">\r\n                        \r\n                        <div class=\"text-modules__content\"><\/p>\n<h3><em>My Country, So Beautiful<\/em> \u2013 trailer<\/h3>\n<p><iframe loading=\"lazy\" title=\"My country, so beautiful \/ M&amp;oacute;j kraj taki pi\u0119kny \/ trailer \/ 2019\" src=\"https:\/\/player.vimeo.com\/video\/330518866?dnt=1&amp;app_id=122963\" width=\"640\" height=\"360\" frameborder=\"0\" allow=\"autoplay; fullscreen; picture-in-picture\" allowfullscreen><\/iframe><\/p>\n<p>\n<\/div>\r\n                    <\/div>\r\n                <\/div>[\/vc_column][vc_column width=&#8221;1\/3&#8243;]\r\n                <div class=\"text-modules\">\r\n                    <div class=\"container\">\r\n                        \r\n                        <div class=\"text-modules__content\"><\/p>\n<p><img class=\"alignnone wp-image-134047 size-medium\" src=\"https:\/\/us.edu.pl\/wp-content\/uploads\/image\/plakaty\/plakat-1-424x600.png\" alt=\"na czarnym tle od g\u00f3ry logo U\u015a, napis: Scena Premier Naukowych - Naukowy Talk Show, 11.02.2021 r., godz. 18.00 online, zdj\u0119cie go\u015bcia, poni\u017cej napis: Grzegorz Paprzycki, tw\u00f3rca filmu \u201eM\u00f3j kraj taki pi\u0119kny\u201d z szans\u0105 na nominacj\u0119 do Oskara, prowadzenie Ewa Niewiadomska Polskie Radio Katowice, transmisja youtube.com\/UniwersytetSlaski\" width=\"424\" height=\"600\" srcset=\"https:\/\/us.edu.pl\/wp-content\/uploads\/image\/plakaty\/plakat-1-424x600.png 424w, https:\/\/us.edu.pl\/wp-content\/uploads\/image\/plakaty\/plakat-1-768x1087.png 768w, https:\/\/us.edu.pl\/wp-content\/uploads\/image\/plakaty\/plakat-1-724x1024.png 724w, https:\/\/us.edu.pl\/wp-content\/uploads\/image\/plakaty\/plakat-1-406x575.png 406w, https:\/\/us.edu.pl\/wp-content\/uploads\/image\/plakaty\/plakat-1.png 1000w\" sizes=\"(max-width: 424px) 100vw, 424px\" \/><\/p>\n<p>\n<\/div>\r\n                    <\/div>\r\n                <\/div>[\/vc_column][\/vc_row]<\/p>\n<p><\/p>","protected":false},"excerpt":{"rendered":"<p>[vc_row][vc_column width=&#8221;2\/3&#8243;][\/vc_column][vc_column width=&#8221;1\/3&#8243;][\/vc_column][\/vc_row] [&#8230;]<\/p>\n<p><a class=\"btn btn-secondary understrap-read-more-link\" href=\"https:\/\/us.edu.pl\/en\/event\/scena-premier-naukowych-naukowy-talk-show-z-udzialem-grzegorza-paprzyckiego\/\">Read More&#8230;<\/a><\/p>\n","protected":false},"author":33,"featured_media":134048,"template":"","meta":{"_expiration-date-status":"saved","_expiration-date":0,"_expiration-date-type":"","_expiration-date-categories":[],"_expiration-date-options":[]},"acf":[],"_links":{"self":[{"href":"https:\/\/us.edu.pl\/en\/wp-json\/wp\/v2\/event\/134046"}],"collection":[{"href":"https:\/\/us.edu.pl\/en\/wp-json\/wp\/v2\/event"}],"about":[{"href":"https:\/\/us.edu.pl\/en\/wp-json\/wp\/v2\/types\/event"}],"author":[{"embeddable":true,"href":"https:\/\/us.edu.pl\/en\/wp-json\/wp\/v2\/users\/33"}],"version-history":[{"count":0,"href":"https:\/\/us.edu.pl\/en\/wp-json\/wp\/v2\/event\/134046\/revisions"}],"wp:featuredmedia":[{"embeddable":true,"href":"https:\/\/us.edu.pl\/en\/wp-json\/wp\/v2\/media\/134048"}],"wp:attachment":[{"href":"https:\/\/us.edu.pl\/en\/wp-json\/wp\/v2\/media?parent=134046"}],"curies":[{"name":"wp","href":"https:\/\/api.w.org\/{rel}","templated":true}]}}

<p></p>
<p>[vc_row][vc_column width=&#8221;2/3&#8243;]
                <div class="text-modules">
                    <div class="container">
                        
                        <div class="text-modules__content"></p>
<p>We invite you to the fourth edition of Scientific Premiere Stage: Science Talk Show. The series organised by the University of Silesia promotes interesting, inspiring and acclaimed achievements of people associated with the University. This time we will meet Grzegorz Paprzycki, graduate of Film and Television Directing at the Krzysztof Kieślowski Film School in Katowice, whose movie was on the long list for an Academy Award.</p>
<p><em>My Country, So Beautiful</em> is a documentary film which shows Poland as a place where nationalism came out of the underground and became an actual threat. Paprzycki’s movie caused a stir among critics, won a number of film industry awards, and made it to the Academy Awards longlist. The director focuses both on the rise of far-right movements, which have become part of the political mainstream in Poland over the last few years, as well as on the people on the left and right sides of the ideological and political discourse, who are all determined to defend their principles and values. What divides them is their attitude to the nationalist ideology.</p>
<p>The meeting will be held online on 11 February 2021 at 6 PM. You can watch the live broadcast on<a href="https://www.youtube.com/UniwersytetSlaski"> YouTube channel</a> and<a href="https://www.facebook.com/UniwersytetSlaski"> Facebook fanpage of the University of Silesia</a>. You can also ask questions on chat during the meeting. The meeting will be hosted by Ewa Niewiadomska, a journalist from Polskie Radio Katowice. At the end of the meeting you can watch the film „My Country, So Beautiful”.</p>
<p>Link to online broadcasts:</p>
<ul>
<li><a href="https://youtu.be/vSrkcJbpynU">YouTube (Polish language)</a></li>
<li><a href="https://youtu.be/MQJO7IW1C0o">YouTube (English language)</a></li>
<li><a href="https://facebook.com/uniwersytetslaski/live">Facebook (Polish language)</a></li>
</ul>
<p>If you are interested, you can take part in a conversation with the guest on <a href="https://zoom.us/j/97587732023?pwd=WmRGUExlVnZJeHhGRzM5amUrUHRCZz09">Zoom</a> after the interview.</p>
<p>The previous Science Talk Shows are available on <a href="https://www.youtube.com/playlist?list=PLlhOYvtSn-fsy1vOaKozmczMTY_2yqhC3&amp;fbclid=IwAR0EYPYFwUNqpzhYw0bSbFOZNA9ZMXDziB7c-nVdDugwE3cmjWtlD956UaM">YouTube</a>.</p>
<p>
</div>
                    </div>
                </div>
                <div class="text-modules">
                    <div class="container">
                        
                        <div class="text-modules__content"></p>
<h3><em>My Country, So Beautiful</em> – trailer</h3>
<p><iframe loading="lazy" title="My country, so beautiful / M&amp;oacute;j kraj taki piękny / trailer / 2019" src="https://player.vimeo.com/video/330518866?dnt=1&amp;app_id=122963" width="640" height="360" frameborder="0" allow="autoplay; fullscreen; picture-in-picture" allowfullscreen></iframe></p>
<p>
</div>
                    </div>
                </div>[/vc_column][vc_column width=&#8221;1/3&#8243;]
                <div class="text-modules">
                    <div class="container">
                        
                        <div class="text-modules__content"></p>
<p><img class="alignnone wp-image-134047 size-medium" src="https://us.edu.pl/wp-content/uploads/image/plakaty/plakat-1-424x600.png" alt="na czarnym tle od góry logo UŚ, napis: Scena Premier Naukowych - Naukowy Talk Show, 11.02.2021 r., godz. 18.00 online, zdjęcie gościa, poniżej napis: Grzegorz Paprzycki, twórca filmu „Mój kraj taki piękny” z szansą na nominację do Oskara, prowadzenie Ewa Niewiadomska Polskie Radio Katowice, transmisja youtube.com/UniwersytetSlaski" width="424" height="600" srcset="https://us.edu.pl/wp-content/uploads/image/plakaty/plakat-1-424x600.png 424w, https://us.edu.pl/wp-content/uploads/image/plakaty/plakat-1-768x1087.png 768w, https://us.edu.pl/wp-content/uploads/image/plakaty/plakat-1-724x1024.png 724w, https://us.edu.pl/wp-content/uploads/image/plakaty/plakat-1-406x575.png 406w, https://us.edu.pl/wp-content/uploads/image/plakaty/plakat-1.png 1000w" sizes="(max-width: 424px) 100vw, 424px" /></p>
<p>
</div>
                    </div>
                </div>[/vc_column][/vc_row]</p>
<p></p>
