{"id":154548,"date":"2022-04-06T12:16:26","date_gmt":"2022-04-06T10:16:26","guid":{"rendered":"https:\/\/us.edu.pl\/?post_type=event&#038;p=154548"},"modified":"2022-04-06T13:14:30","modified_gmt":"2022-04-06T11:14:30","slug":"ogolnopolska-konferencja-interdyscyplinarna-pt-miedzy-katedra-a-katedra-kosciol-a-nauka-kultura-i-polityka","status":"publish","type":"event","link":"https:\/\/us.edu.pl\/en\/event\/ogolnopolska-konferencja-interdyscyplinarna-pt-miedzy-katedra-a-katedra-kosciol-a-nauka-kultura-i-polityka\/","title":{"rendered":"Og\u00f3lnopolska konferencja interdyscyplinarna pt. \u201eMi\u0119dzy katedr\u0105 a katedr\u0105. Ko\u015bci\u00f3\u0142 a nauka, kultura i polityka\u201d"},"content":{"rendered":"<p class=\"qtranxs-available-languages-message qtranxs-available-languages-message-en\">Sorry, this entry is only available in <a href=\"https:\/\/us.edu.pl\/pl\/wp-json\/wp\/v2\/event\/154548\" class=\"qtranxs-available-language-link qtranxs-available-language-link-pl\" title=\"Polski\">Polish<\/a>.<\/p>","protected":false},"excerpt":{"rendered":"<p>Sorry, this entry is only available in Polish. [&#8230;]<\/p>\n<p><a class=\"btn btn-secondary understrap-read-more-link\" href=\"https:\/\/us.edu.pl\/en\/event\/ogolnopolska-konferencja-interdyscyplinarna-pt-miedzy-katedra-a-katedra-kosciol-a-nauka-kultura-i-polityka\/\">Read More&#8230;<\/a><\/p>\n","protected":false},"author":4637,"featured_media":149335,"template":"","meta":{"_expiration-date-status":"saved","_expiration-date":0,"_expiration-date-type":"","_expiration-date-categories":[],"_expiration-date-options":[]},"acf":[],"_links":{"self":[{"href":"https:\/\/us.edu.pl\/en\/wp-json\/wp\/v2\/event\/154548"}],"collection":[{"href":"https:\/\/us.edu.pl\/en\/wp-json\/wp\/v2\/event"}],"about":[{"href":"https:\/\/us.edu.pl\/en\/wp-json\/wp\/v2\/types\/event"}],"author":[{"embeddable":true,"href":"https:\/\/us.edu.pl\/en\/wp-json\/wp\/v2\/users\/4637"}],"version-history":[{"count":0,"href":"https:\/\/us.edu.pl\/en\/wp-json\/wp\/v2\/event\/154548\/revisions"}],"wp:featuredmedia":[{"embeddable":true,"href":"https:\/\/us.edu.pl\/en\/wp-json\/wp\/v2\/media\/149335"}],"wp:attachment":[{"href":"https:\/\/us.edu.pl\/en\/wp-json\/wp\/v2\/media?parent=154548"}],"curies":[{"name":"wp","href":"https:\/\/api.w.org\/{rel}","templated":true}]}}

Ogólnopolska konferencja interdyscyplinarna pt. „Między katedrą a katedrą. Kościół a nauka, kultura i polityka”
