{"id":162621,"date":"2022-10-03T13:34:29","date_gmt":"2022-10-03T11:34:29","guid":{"rendered":"https:\/\/us.edu.pl\/?post_type=event&#038;p=162621"},"modified":"2022-10-21T14:15:08","modified_gmt":"2022-10-21T12:15:08","slug":"panel-dyskusyjny-pt-przyszlosc-ksztalcenia-w-szkolach-filmowych-w-polsce","status":"publish","type":"event","link":"https:\/\/us.edu.pl\/en\/event\/panel-dyskusyjny-pt-przyszlosc-ksztalcenia-w-szkolach-filmowych-w-polsce\/","title":{"rendered":"Panel \u2018The future of film schools in Poland\u2019"},"content":{"rendered":"<p><\/p>\n<p>[vc_row][vc_column width=&#8221;1\/3&#8243;][\/vc_column][vc_column width=&#8221;2\/3&#8243;]\r\n                <div class=\"text-modules\">\r\n                    <div class=\"container\">\r\n                        \r\n                        <div class=\"text-modules__content\"><\/p>\n<p>Christopher Nolan, Quentin Tarantino and Ethan Coen are not directors by education, and yet they have made tremendous careers \u2013 their names are recognisable all over the world. Do their examples show that it is not worth investing in film education, and that aspiring filmmakers should focus on self-development? How to teach those who want to become successful cinematographers or screenwriters in the future? Does the curriculum keep up with the industry that is constantly changing, both in the business and technological aspects?<\/p>\n<p>Representatives of Polish public and private schools educating aspiring Oscar candidates will try to find answers to the above questions during the discussion panel \u2018The future of film schools in Poland\u2019 which will be held on 22 October 2022 at 4 p.m. at Kino Elektronik in Warsaw.<\/p>\n<p>The guests of the panel will be:<\/p>\n<ul>\n<li>Krystyna Doktorowicz, PhD, DLitt, Associate Professor \u2013 Dean of the Krzysztof Kie\u015blowski Film School of the University of Silesia in Katowice;<\/li>\n<li>Milenia Fiedler, PhD, DLitt, Associate Professor \u2013 Rector of the Polish National, Film, Television and Theatre School in Lodz;<\/li>\n<li>Wojciech Marczewski, PhD, DLitt \u2013 co-founder and programme director of the Wajda School;<\/li>\n<li>Barbara Paw\u0142owska, PhD \u2013 Vice-Rector for Education and Students of the Warsaw Film School<\/li>\n<li>Jerzy Rados \u2013 deputy director of the Gdynia Film School.<\/li>\n<\/ul>\n<p>The discussion will be led by journalist Stanis\u0142aw Bry\u015b \u2013 a graduate of the organisation of film and television production at USil Krzysztof Kie\u015blowski Film School of the University of Silesia.<\/p>\n<p>The panel is organised by USil Krzysztof Kie\u015blowski Film School and is part of the 38th Warsaw Film Festival, which takes place from 14 to 23 October 2022.<\/p>\n<p>In addition to the discussion panel, the festival also includes competitions featuring films created by employees, students and graduates of USil Krzysztof Kie\u015blowski Film School.<\/p>\n<p>One of them is the full-length feature debut directed by a graduate Maciej Kawalski. His \u2018Dangerous Men\u2019 was shown at the opening of the 38th Warsaw Film Festival.<\/p>\n<p>Lecturer Beata Dzianowicz, PhD, DLitt participates in the international competition \u2013 her production \u2018Shreds\u2019 was among 15 selected films from all over the world.<\/p>\n<p>In addition, the \u2018Best Polish short films 2022\u2019 section shows the productions of students of USil Krzysztof Kie\u015blowski Film School:<\/p>\n<ul>\n<li>\u2018Time for rebellion\u2019 [original title: \u2018Czas na bunt\u2019] \u2013 Filip Kantor is the production manager,<\/li>\n<li>\u2018Funeralia\u2019 \u2013 the director is Bart\u0142omiej B\u0142aszczy\u0144ski.<\/li>\n<\/ul>\n<p>More information can be found on <a href=\"https:\/\/www.facebook.com\/events\/796440658336723\/?active_tab=about\">the Facebook page<\/a>.<\/p>\n<p>\n<\/div>\r\n                    <\/div>\r\n                <\/div>\r\n                <div class=\"text-modules\">\r\n                    <div class=\"container\">\r\n                        \r\n                        <div class=\"text-modules__content\"><\/p>\n<p><img class=\"size-full wp-image-163558\" src=\"https:\/\/us.edu.pl\/wp-content\/uploads\/obrazek-wyrozniajacy\/WFF.jpg\" alt=\"Grafika promuj\u0105ca 38. Warszawski Festiwal Filmowy\" width=\"100%\" height=\"auto\" srcset=\"https:\/\/us.edu.pl\/wp-content\/uploads\/obrazek-wyrozniajacy\/WFF.jpg 820w, https:\/\/us.edu.pl\/wp-content\/uploads\/obrazek-wyrozniajacy\/WFF-768x431.jpg 768w, https:\/\/us.edu.pl\/wp-content\/uploads\/obrazek-wyrozniajacy\/WFF-575x323.jpg 575w\" sizes=\"(max-width: 820px) 100vw, 820px\" \/><\/p>\n<p>\n<\/div>\r\n                    <\/div>\r\n                <\/div>[\/vc_column][\/vc_row]<\/p>\n<p><\/p>","protected":false},"excerpt":{"rendered":"<p>[vc_row][vc_column width=&#8221;1\/3&#8243;][\/vc_column][vc_column width=&#8221;2\/3&#8243;][\/vc_column][\/vc_row] [&#8230;]<\/p>\n<p><a class=\"btn btn-secondary understrap-read-more-link\" href=\"https:\/\/us.edu.pl\/en\/event\/panel-dyskusyjny-pt-przyszlosc-ksztalcenia-w-szkolach-filmowych-w-polsce\/\">Read More&#8230;<\/a><\/p>\n","protected":false},"author":3279,"featured_media":124084,"template":"","meta":{"_expiration-date-status":"","_expiration-date":0,"_expiration-date-type":"","_expiration-date-categories":[],"_expiration-date-options":[]},"acf":[],"_links":{"self":[{"href":"https:\/\/us.edu.pl\/en\/wp-json\/wp\/v2\/event\/162621"}],"collection":[{"href":"https:\/\/us.edu.pl\/en\/wp-json\/wp\/v2\/event"}],"about":[{"href":"https:\/\/us.edu.pl\/en\/wp-json\/wp\/v2\/types\/event"}],"author":[{"embeddable":true,"href":"https:\/\/us.edu.pl\/en\/wp-json\/wp\/v2\/users\/3279"}],"version-history":[{"count":2,"href":"https:\/\/us.edu.pl\/en\/wp-json\/wp\/v2\/event\/162621\/revisions"}],"predecessor-version":[{"id":163589,"href":"https:\/\/us.edu.pl\/en\/wp-json\/wp\/v2\/event\/162621\/revisions\/163589"}],"wp:featuredmedia":[{"embeddable":true,"href":"https:\/\/us.edu.pl\/en\/wp-json\/wp\/v2\/media\/124084"}],"wp:attachment":[{"href":"https:\/\/us.edu.pl\/en\/wp-json\/wp\/v2\/media?parent=162621"}],"curies":[{"name":"wp","href":"https:\/\/api.w.org\/{rel}","templated":true}]}}

<p></p>
<p>[vc_row][vc_column width=&#8221;1/3&#8243;][/vc_column][vc_column width=&#8221;2/3&#8243;]
                <div class="text-modules">
                    <div class="container">
                        
                        <div class="text-modules__content"></p>
<p>Christopher Nolan, Quentin Tarantino and Ethan Coen are not directors by education, and yet they have made tremendous careers – their names are recognisable all over the world. Do their examples show that it is not worth investing in film education, and that aspiring filmmakers should focus on self-development? How to teach those who want to become successful cinematographers or screenwriters in the future? Does the curriculum keep up with the industry that is constantly changing, both in the business and technological aspects?</p>
<p>Representatives of Polish public and private schools educating aspiring Oscar candidates will try to find answers to the above questions during the discussion panel ‘The future of film schools in Poland’ which will be held on 22 October 2022 at 4 p.m. at Kino Elektronik in Warsaw.</p>
<p>The guests of the panel will be:</p>
<ul>
<li>Krystyna Doktorowicz, PhD, DLitt, Associate Professor – Dean of the Krzysztof Kieślowski Film School of the University of Silesia in Katowice;</li>
<li>Milenia Fiedler, PhD, DLitt, Associate Professor – Rector of the Polish National, Film, Television and Theatre School in Lodz;</li>
<li>Wojciech Marczewski, PhD, DLitt – co-founder and programme director of the Wajda School;</li>
<li>Barbara Pawłowska, PhD – Vice-Rector for Education and Students of the Warsaw Film School</li>
<li>Jerzy Rados – deputy director of the Gdynia Film School.</li>
</ul>
<p>The discussion will be led by journalist Stanisław Bryś – a graduate of the organisation of film and television production at USil Krzysztof Kieślowski Film School of the University of Silesia.</p>
<p>The panel is organised by USil Krzysztof Kieślowski Film School and is part of the 38th Warsaw Film Festival, which takes place from 14 to 23 October 2022.</p>
<p>In addition to the discussion panel, the festival also includes competitions featuring films created by employees, students and graduates of USil Krzysztof Kieślowski Film School.</p>
<p>One of them is the full-length feature debut directed by a graduate Maciej Kawalski. His ‘Dangerous Men’ was shown at the opening of the 38th Warsaw Film Festival.</p>
<p>Lecturer Beata Dzianowicz, PhD, DLitt participates in the international competition – her production ‘Shreds’ was among 15 selected films from all over the world.</p>
<p>In addition, the ‘Best Polish short films 2022’ section shows the productions of students of USil Krzysztof Kieślowski Film School:</p>
<ul>
<li>‘Time for rebellion’ [original title: ‘Czas na bunt’] – Filip Kantor is the production manager,</li>
<li>‘Funeralia’ – the director is Bartłomiej Błaszczyński.</li>
</ul>
<p>More information can be found on <a href="https://www.facebook.com/events/796440658336723/?active_tab=about">the Facebook page</a>.</p>
<p>
</div>
                    </div>
                </div>
                <div class="text-modules">
                    <div class="container">
                        
                        <div class="text-modules__content"></p>
<p><img class="size-full wp-image-163558" src="https://us.edu.pl/wp-content/uploads/obrazek-wyrozniajacy/WFF.jpg" alt="Grafika promująca 38. Warszawski Festiwal Filmowy" width="100%" height="auto" srcset="https://us.edu.pl/wp-content/uploads/obrazek-wyrozniajacy/WFF.jpg 820w, https://us.edu.pl/wp-content/uploads/obrazek-wyrozniajacy/WFF-768x431.jpg 768w, https://us.edu.pl/wp-content/uploads/obrazek-wyrozniajacy/WFF-575x323.jpg 575w" sizes="(max-width: 820px) 100vw, 820px" /></p>
<p>
</div>
                    </div>
                </div>[/vc_column][/vc_row]</p>
<p></p>
