{"id":185783,"date":"2024-05-20T10:17:43","date_gmt":"2024-05-20T08:17:43","guid":{"rendered":"https:\/\/us.edu.pl\/?post_type=event&#038;p=185783"},"modified":"2024-06-07T09:16:01","modified_gmt":"2024-06-07T07:16:01","slug":"v-surdokonferencja-codziennosc-osob-z-niepelnosprawnoscia-sluchu","status":"publish","type":"event","link":"https:\/\/us.edu.pl\/en\/event\/v-surdokonferencja-codziennosc-osob-z-niepelnosprawnoscia-sluchu\/","title":{"rendered":"V Surdokonferencja \u201eCodzienno\u015b\u0107 os\u00f3b z niepe\u0142nosprawno\u015bci\u0105 s\u0142uchu&#8230;\u201d"},"content":{"rendered":"<p class=\"qtranxs-available-languages-message qtranxs-available-languages-message-en\">Sorry, this entry is only available in <a href=\"https:\/\/us.edu.pl\/pl\/wp-json\/wp\/v2\/event\/185783\" class=\"qtranxs-available-language-link qtranxs-available-language-link-pl\" title=\"Polski\">Polish<\/a>.<\/p>","protected":false},"excerpt":{"rendered":"<p>Sorry, this entry is only available in Polish. [&#8230;]<\/p>\n<p><a class=\"btn btn-secondary understrap-read-more-link\" href=\"https:\/\/us.edu.pl\/en\/event\/v-surdokonferencja-codziennosc-osob-z-niepelnosprawnoscia-sluchu\/\">Read More&#8230;<\/a><\/p>\n","protected":false},"author":33,"featured_media":176216,"template":"","meta":{"_expiration-date-status":"","_expiration-date":0,"_expiration-date-type":"","_expiration-date-categories":[],"_expiration-date-options":[]},"acf":[],"_links":{"self":[{"href":"https:\/\/us.edu.pl\/en\/wp-json\/wp\/v2\/event\/185783"}],"collection":[{"href":"https:\/\/us.edu.pl\/en\/wp-json\/wp\/v2\/event"}],"about":[{"href":"https:\/\/us.edu.pl\/en\/wp-json\/wp\/v2\/types\/event"}],"author":[{"embeddable":true,"href":"https:\/\/us.edu.pl\/en\/wp-json\/wp\/v2\/users\/33"}],"version-history":[{"count":0,"href":"https:\/\/us.edu.pl\/en\/wp-json\/wp\/v2\/event\/185783\/revisions"}],"wp:featuredmedia":[{"embeddable":true,"href":"https:\/\/us.edu.pl\/en\/wp-json\/wp\/v2\/media\/176216"}],"wp:attachment":[{"href":"https:\/\/us.edu.pl\/en\/wp-json\/wp\/v2\/media?parent=185783"}],"curies":[{"name":"wp","href":"https:\/\/api.w.org\/{rel}","templated":true}]}}

V Surdokonferencja „Codzienność osób z niepełnosprawnością słuchu&#8230;”
