{"id":237325,"date":"2025-07-08T13:18:41","date_gmt":"2025-07-08T11:18:41","guid":{"rendered":"https:\/\/us.edu.pl\/?post_type=event&#038;p=237325"},"modified":"2025-07-09T12:02:21","modified_gmt":"2025-07-09T10:02:21","slug":"letnia-szkola-entomologii","status":"publish","type":"event","link":"https:\/\/us.edu.pl\/en\/event\/letnia-szkola-entomologii\/","title":{"rendered":"Letni\u0105 Szko\u0142\u0119 Entomologii"},"content":{"rendered":"<p class=\"qtranxs-available-languages-message qtranxs-available-languages-message-en\">Sorry, this entry is only available in <a href=\"https:\/\/us.edu.pl\/pl\/wp-json\/wp\/v2\/event\/237325\" class=\"qtranxs-available-language-link qtranxs-available-language-link-pl\" title=\"Polski\">Polish<\/a>.<\/p>","protected":false},"excerpt":{"rendered":"<p>Sorry, this entry is only available in Polish. [&#8230;]<\/p>\n<p><a class=\"btn btn-secondary understrap-read-more-link\" href=\"https:\/\/us.edu.pl\/en\/event\/letnia-szkola-entomologii\/\">Read More&#8230;<\/a><\/p>\n","protected":false},"author":33,"featured_media":237405,"template":"","meta":{"_expiration-date-status":"","_expiration-date":0,"_expiration-date-type":"","_expiration-date-categories":[],"_expiration-date-options":[]},"acf":[],"_links":{"self":[{"href":"https:\/\/us.edu.pl\/en\/wp-json\/wp\/v2\/event\/237325"}],"collection":[{"href":"https:\/\/us.edu.pl\/en\/wp-json\/wp\/v2\/event"}],"about":[{"href":"https:\/\/us.edu.pl\/en\/wp-json\/wp\/v2\/types\/event"}],"author":[{"embeddable":true,"href":"https:\/\/us.edu.pl\/en\/wp-json\/wp\/v2\/users\/33"}],"version-history":[{"count":2,"href":"https:\/\/us.edu.pl\/en\/wp-json\/wp\/v2\/event\/237325\/revisions"}],"predecessor-version":[{"id":237345,"href":"https:\/\/us.edu.pl\/en\/wp-json\/wp\/v2\/event\/237325\/revisions\/237345"}],"wp:featuredmedia":[{"embeddable":true,"href":"https:\/\/us.edu.pl\/en\/wp-json\/wp\/v2\/media\/237405"}],"wp:attachment":[{"href":"https:\/\/us.edu.pl\/en\/wp-json\/wp\/v2\/media?parent=237325"}],"curies":[{"name":"wp","href":"https:\/\/api.w.org\/{rel}","templated":true}]}}

Letnią Szkołę Entomologii
