{"id":241520,"date":"2025-09-24T10:34:38","date_gmt":"2025-09-24T08:34:38","guid":{"rendered":"https:\/\/us.edu.pl\/?post_type=event&#038;p=241520"},"modified":"2025-10-07T09:29:33","modified_gmt":"2025-10-07T07:29:33","slug":"25-lecie-wydzialu-teologicznego-uniwersytetu-slaskiego-dzien-ii-drugi-zjazd-absolwentow","status":"publish","type":"event","link":"https:\/\/us.edu.pl\/en\/event\/25-lecie-wydzialu-teologicznego-uniwersytetu-slaskiego-dzien-ii-drugi-zjazd-absolwentow\/","title":{"rendered":"25-lecie Wydzia\u0142u Teologicznego Uniwersytetu \u015al\u0105skiego. Dzie\u0144 II: Drugi Zjazd Absolwent\u00f3w"},"content":{"rendered":"<p class=\"qtranxs-available-languages-message qtranxs-available-languages-message-en\">Sorry, this entry is only available in <a href=\"https:\/\/us.edu.pl\/pl\/wp-json\/wp\/v2\/event\/241520\" class=\"qtranxs-available-language-link qtranxs-available-language-link-pl\" title=\"Polski\">Polish<\/a>.<\/p>","protected":false},"excerpt":{"rendered":"<p>Sorry, this entry is only available in Polish. [&#8230;]<\/p>\n<p><a class=\"btn btn-secondary understrap-read-more-link\" href=\"https:\/\/us.edu.pl\/en\/event\/25-lecie-wydzialu-teologicznego-uniwersytetu-slaskiego-dzien-ii-drugi-zjazd-absolwentow\/\">Read More&#8230;<\/a><\/p>\n","protected":false},"author":33,"featured_media":241517,"template":"","meta":{"_expiration-date-status":"","_expiration-date":0,"_expiration-date-type":"","_expiration-date-categories":[],"_expiration-date-options":[]},"acf":[],"_links":{"self":[{"href":"https:\/\/us.edu.pl\/en\/wp-json\/wp\/v2\/event\/241520"}],"collection":[{"href":"https:\/\/us.edu.pl\/en\/wp-json\/wp\/v2\/event"}],"about":[{"href":"https:\/\/us.edu.pl\/en\/wp-json\/wp\/v2\/types\/event"}],"author":[{"embeddable":true,"href":"https:\/\/us.edu.pl\/en\/wp-json\/wp\/v2\/users\/33"}],"version-history":[{"count":0,"href":"https:\/\/us.edu.pl\/en\/wp-json\/wp\/v2\/event\/241520\/revisions"}],"wp:featuredmedia":[{"embeddable":true,"href":"https:\/\/us.edu.pl\/en\/wp-json\/wp\/v2\/media\/241517"}],"wp:attachment":[{"href":"https:\/\/us.edu.pl\/en\/wp-json\/wp\/v2\/media?parent=241520"}],"curies":[{"name":"wp","href":"https:\/\/api.w.org\/{rel}","templated":true}]}}

25-lecie Wydziału Teologicznego Uniwersytetu Śląskiego. Dzień II: Drugi Zjazd Absolwentów
