{"id":144004,"date":"2021-09-15T09:20:06","date_gmt":"2021-09-15T07:20:06","guid":{"rendered":"https:\/\/us.edu.pl\/wp-content\/uploads\/fotografie\/Nowak-Katarzyna.jpeg"},"modified":"2021-09-15T09:21:47","modified_gmt":"2021-09-15T07:21:47","slug":"nowak-katarzyna","status":"inherit","type":"attachment","link":"https:\/\/us.edu.pl\/en\/swoboda-badan-dr-katarzyna-nowak\/nowak-katarzyna\/","title":{"rendered":"Nowak Katarzyna"},"author":33,"comment_status":"closed","ping_status":"closed","template":"","meta":{"_expiration-date-status":"","_expiration-date":0,"_expiration-date-type":"","_expiration-date-categories":[],"_expiration-date-options":[]},"acf":[],"description":{"rendered":"<p class=\"attachment\"><a href='https:\/\/us.edu.pl\/wp-content\/uploads\/fotografie\/Nowak-Katarzyna.jpeg'><img width=\"290\" height=\"600\" src=\"https:\/\/us.edu.pl\/wp-content\/uploads\/fotografie\/Nowak-Katarzyna-290x600.jpeg\" class=\"attachment-medium size-medium\" alt=\"zdj\u0119cie dr Katarzyny Nowak w laboratorium\" srcset=\"https:\/\/us.edu.pl\/wp-content\/uploads\/fotografie\/Nowak-Katarzyna-290x600.jpeg 290w, https:\/\/us.edu.pl\/wp-content\/uploads\/fotografie\/Nowak-Katarzyna.jpeg 386w\" sizes=\"(max-width: 290px) 100vw, 290px\" \/><\/a><\/p>\n<p>Dr Katarzyna Nowak z Wydzia\u0142u Nauk Przyrodniczych Uniwersytetu \u015al\u0105skiego w Katowicach, laureatka konkursu pn. \u201eSwoboda bada\u0144\u201d w ramach programu Inicjatywa Doskona\u0142o\u015bci Badawczej | fot. archiwum prywatne dr K. Nowak<\/p>\n"},"caption":{"rendered":"<p>Dr Katarzyna Nowak z Wydzia\u0142u Nauk Przyrodniczych Uniwersytetu \u015al\u0105skiego w Katowicach, laureatka konkursu pn. \u201eSwoboda bada\u0144\u201d w ramach programu Inicjatywa Doskona\u0142o\u015bci Badawczej | fot. archiwum prywatne dr K. Nowak [&#8230;]<\/p>\n<p><a class=\"btn btn-secondary understrap-read-more-link\" href=\"https:\/\/us.edu.pl\/en\/swoboda-badan-dr-katarzyna-nowak\/nowak-katarzyna\/\">Read More&#8230;<\/a><\/p>\n"},"alt_text":"zdj\u0119cie dr Katarzyny Nowak w laboratorium","media_type":"image","mime_type":"image\/jpeg","media_details":{"width":386,"height":800,"file":"fotografie\/Nowak-Katarzyna.jpeg","sizes":{"thumbnail":{"file":"Nowak-Katarzyna-150x150.jpeg","width":150,"height":150,"mime_type":"image\/jpeg","source_url":"https:\/\/us.edu.pl\/wp-content\/uploads\/fotografie\/Nowak-Katarzyna-150x150.jpeg"},"medium":{"file":"Nowak-Katarzyna-290x600.jpeg","width":290,"height":600,"mime_type":"image\/jpeg","source_url":"https:\/\/us.edu.pl\/wp-content\/uploads\/fotografie\/Nowak-Katarzyna-290x600.jpeg"},"us_slider":{"file":"Nowak-Katarzyna-386x575.jpeg","width":386,"height":575,"mime_type":"image\/jpeg","source_url":"https:\/\/us.edu.pl\/wp-content\/uploads\/fotografie\/Nowak-Katarzyna-386x575.jpeg"},"square":{"file":"Nowak-Katarzyna-277x575.jpeg","width":277,"height":575,"mime_type":"image\/jpeg","source_url":"https:\/\/us.edu.pl\/wp-content\/uploads\/fotografie\/Nowak-Katarzyna-277x575.jpeg"},"full":{"file":"Nowak-Katarzyna.jpeg","width":386,"height":800,"mime_type":"image\/jpeg","source_url":"https:\/\/us.edu.pl\/wp-content\/uploads\/fotografie\/Nowak-Katarzyna.jpeg"}},"image_meta":{"aperture":"0","credit":"","camera":"","caption":"","created_timestamp":"0","copyright":"","focal_length":"0","iso":"0","shutter_speed":"0","title":"","orientation":"1","keywords":[]}},"post":144000,"source_url":"https:\/\/us.edu.pl\/wp-content\/uploads\/fotografie\/Nowak-Katarzyna.jpeg","_links":{"self":[{"href":"https:\/\/us.edu.pl\/en\/wp-json\/wp\/v2\/media\/144004"}],"collection":[{"href":"https:\/\/us.edu.pl\/en\/wp-json\/wp\/v2\/media"}],"about":[{"href":"https:\/\/us.edu.pl\/en\/wp-json\/wp\/v2\/types\/attachment"}],"author":[{"embeddable":true,"href":"https:\/\/us.edu.pl\/en\/wp-json\/wp\/v2\/users\/33"}],"replies":[{"embeddable":true,"href":"https:\/\/us.edu.pl\/en\/wp-json\/wp\/v2\/comments?post=144004"}]}}

<p class="attachment"><a href='https://us.edu.pl/wp-content/uploads/fotografie/Nowak-Katarzyna.jpeg'><img width="290" height="600" src="https://us.edu.pl/wp-content/uploads/fotografie/Nowak-Katarzyna-290x600.jpeg" class="attachment-medium size-medium" alt="zdjęcie dr Katarzyny Nowak w laboratorium" srcset="https://us.edu.pl/wp-content/uploads/fotografie/Nowak-Katarzyna-290x600.jpeg 290w, https://us.edu.pl/wp-content/uploads/fotografie/Nowak-Katarzyna.jpeg 386w" sizes="(max-width: 290px) 100vw, 290px" /></a></p>
<p>Dr Katarzyna Nowak z Wydziału Nauk Przyrodniczych Uniwersytetu Śląskiego w Katowicach, laureatka konkursu pn. „Swoboda badań” w ramach programu Inicjatywa Doskonałości Badawczej | fot. archiwum prywatne dr K. Nowak</p>

<p>Dr Katarzyna Nowak z Wydziału Nauk Przyrodniczych Uniwersytetu Śląskiego w Katowicach, laureatka konkursu pn. „Swoboda badań” w ramach programu Inicjatywa Doskonałości Badawczej | fot. archiwum prywatne dr K. Nowak [&#8230;]</p>
<p><a class="btn btn-secondary understrap-read-more-link" href="https://us.edu.pl/en/swoboda-badan-dr-katarzyna-nowak/nowak-katarzyna/">Read More&#8230;</a></p>

zdjęcie dr Katarzyny Nowak w laboratorium
