{"id":150035,"date":"2022-01-19T14:06:47","date_gmt":"2022-01-19T13:06:47","guid":{"rendered":"https:\/\/us.edu.pl\/wp-content\/uploads\/obrazek-wyr\u00f3\u017cniaj\u0105cy\/AM\u015a-futsal-fot.-Przemys\u0142aw-K\u0105dzio\u0142ka.jpg"},"modified":"2022-01-19T14:07:47","modified_gmt":"2022-01-19T13:07:47","slug":"ams-futsal-fot-przemyslaw-kadziolka","status":"inherit","type":"attachment","link":"https:\/\/us.edu.pl\/en\/sportowe-osiagniecia-studentow-us\/ams-futsal-fot-przemyslaw-kadziolka\/","title":{"rendered":"AM\u015a futsal fot. Przemys\u0142aw K\u0105dzio\u0142ka"},"author":3279,"comment_status":"closed","ping_status":"closed","template":"","meta":{"_expiration-date-status":"","_expiration-date":0,"_expiration-date-type":"","_expiration-date-categories":[],"_expiration-date-options":[]},"acf":[],"description":{"rendered":"<p class=\"attachment\"><a href='https:\/\/us.edu.pl\/wp-content\/uploads\/obrazek-wyr\u00f3\u017cniaj\u0105cy\/AM\u015a-futsal-fot.-Przemys\u0142aw-K\u0105dzio\u0142ka.jpg'><img width=\"600\" height=\"399\" src=\"https:\/\/us.edu.pl\/wp-content\/uploads\/obrazek-wyr\u00f3\u017cniaj\u0105cy\/AM\u015a-futsal-fot.-Przemys\u0142aw-K\u0105dzio\u0142ka-600x399.jpg\" class=\"attachment-medium size-medium\" alt=\"Zwyci\u0119ska dru\u017cyna student\u00f3w U\u015a pozuje do zdj\u0119cia\" srcset=\"https:\/\/us.edu.pl\/wp-content\/uploads\/obrazek-wyr\u00f3\u017cniaj\u0105cy\/AM\u015a-futsal-fot.-Przemys\u0142aw-K\u0105dzio\u0142ka-600x399.jpg 600w, https:\/\/us.edu.pl\/wp-content\/uploads\/obrazek-wyr\u00f3\u017cniaj\u0105cy\/AM\u015a-futsal-fot.-Przemys\u0142aw-K\u0105dzio\u0142ka-768x511.jpg 768w, https:\/\/us.edu.pl\/wp-content\/uploads\/obrazek-wyr\u00f3\u017cniaj\u0105cy\/AM\u015a-futsal-fot.-Przemys\u0142aw-K\u0105dzio\u0142ka-575x382.jpg 575w, https:\/\/us.edu.pl\/wp-content\/uploads\/obrazek-wyr\u00f3\u017cniaj\u0105cy\/AM\u015a-futsal-fot.-Przemys\u0142aw-K\u0105dzio\u0142ka.jpg 800w\" sizes=\"(max-width: 600px) 100vw, 600px\" \/><\/a><\/p>\n<p>Zwyci\u0119ski zesp\u00f3\u0142 Akademickich Mistrzostw \u015al\u0105skach w futsalu | fot. Przemys\u0142aw K\u0105dzio\u0142ka<\/p>\n"},"caption":{"rendered":"<p>Zwyci\u0119ski zesp\u00f3\u0142 Akademickich Mistrzostw \u015al\u0105skach w futsalu | fot. Przemys\u0142aw K\u0105dzio\u0142ka [&#8230;]<\/p>\n<p><a class=\"btn btn-secondary understrap-read-more-link\" href=\"https:\/\/us.edu.pl\/en\/sportowe-osiagniecia-studentow-us\/ams-futsal-fot-przemyslaw-kadziolka\/\">Read More&#8230;<\/a><\/p>\n"},"alt_text":"Zwyci\u0119ska dru\u017cyna student\u00f3w U\u015a pozuje do zdj\u0119cia","media_type":"image","mime_type":"image\/jpeg","media_details":{"width":800,"height":532,"file":"obrazek-wyr\u00f3\u017cniaj\u0105cy\/AM\u015a-futsal-fot.-Przemys\u0142aw-K\u0105dzio\u0142ka.jpg","sizes":{"thumbnail":{"file":"AM\u015a-futsal-fot.-Przemys\u0142aw-K\u0105dzio\u0142ka-150x150.jpg","width":150,"height":150,"mime_type":"image\/jpeg","source_url":"https:\/\/us.edu.pl\/wp-content\/uploads\/obrazek-wyr\u00f3\u017cniaj\u0105cy\/AM\u015a-futsal-fot.-Przemys\u0142aw-K\u0105dzio\u0142ka-150x150.jpg"},"medium":{"file":"AM\u015a-futsal-fot.-Przemys\u0142aw-K\u0105dzio\u0142ka-600x399.jpg","width":600,"height":399,"mime_type":"image\/jpeg","source_url":"https:\/\/us.edu.pl\/wp-content\/uploads\/obrazek-wyr\u00f3\u017cniaj\u0105cy\/AM\u015a-futsal-fot.-Przemys\u0142aw-K\u0105dzio\u0142ka-600x399.jpg"},"medium_large":{"file":"AM\u015a-futsal-fot.-Przemys\u0142aw-K\u0105dzio\u0142ka-768x511.jpg","width":768,"height":511,"mime_type":"image\/jpeg","source_url":"https:\/\/us.edu.pl\/wp-content\/uploads\/obrazek-wyr\u00f3\u017cniaj\u0105cy\/AM\u015a-futsal-fot.-Przemys\u0142aw-K\u0105dzio\u0142ka-768x511.jpg"},"square":{"file":"AM\u015a-futsal-fot.-Przemys\u0142aw-K\u0105dzio\u0142ka-575x382.jpg","width":575,"height":382,"mime_type":"image\/jpeg","source_url":"https:\/\/us.edu.pl\/wp-content\/uploads\/obrazek-wyr\u00f3\u017cniaj\u0105cy\/AM\u015a-futsal-fot.-Przemys\u0142aw-K\u0105dzio\u0142ka-575x382.jpg"},"full":{"file":"AM\u015a-futsal-fot.-Przemys\u0142aw-K\u0105dzio\u0142ka.jpg","width":800,"height":532,"mime_type":"image\/jpeg","source_url":"https:\/\/us.edu.pl\/wp-content\/uploads\/obrazek-wyr\u00f3\u017cniaj\u0105cy\/AM\u015a-futsal-fot.-Przemys\u0142aw-K\u0105dzio\u0142ka.jpg"}},"image_meta":{"aperture":"0","credit":"","camera":"","caption":"","created_timestamp":"0","copyright":"","focal_length":"0","iso":"0","shutter_speed":"0","title":"","orientation":"1","keywords":[]}},"post":150034,"source_url":"https:\/\/us.edu.pl\/wp-content\/uploads\/obrazek-wyr\u00f3\u017cniaj\u0105cy\/AM\u015a-futsal-fot.-Przemys\u0142aw-K\u0105dzio\u0142ka.jpg","_links":{"self":[{"href":"https:\/\/us.edu.pl\/en\/wp-json\/wp\/v2\/media\/150035"}],"collection":[{"href":"https:\/\/us.edu.pl\/en\/wp-json\/wp\/v2\/media"}],"about":[{"href":"https:\/\/us.edu.pl\/en\/wp-json\/wp\/v2\/types\/attachment"}],"author":[{"embeddable":true,"href":"https:\/\/us.edu.pl\/en\/wp-json\/wp\/v2\/users\/3279"}],"replies":[{"embeddable":true,"href":"https:\/\/us.edu.pl\/en\/wp-json\/wp\/v2\/comments?post=150035"}]}}

https://us.edu.pl/wp-content/uploads/obrazek-wyróżniający/AMŚ-futsal-fot.-Przemysław-Kądziołka.jpg

AMŚ futsal fot. Przemysław Kądziołka

<p class="attachment"><a href='https://us.edu.pl/wp-content/uploads/obrazek-wyróżniający/AMŚ-futsal-fot.-Przemysław-Kądziołka.jpg'><img width="600" height="399" src="https://us.edu.pl/wp-content/uploads/obrazek-wyróżniający/AMŚ-futsal-fot.-Przemysław-Kądziołka-600x399.jpg" class="attachment-medium size-medium" alt="Zwycięska drużyna studentów UŚ pozuje do zdjęcia" srcset="https://us.edu.pl/wp-content/uploads/obrazek-wyróżniający/AMŚ-futsal-fot.-Przemysław-Kądziołka-600x399.jpg 600w, https://us.edu.pl/wp-content/uploads/obrazek-wyróżniający/AMŚ-futsal-fot.-Przemysław-Kądziołka-768x511.jpg 768w, https://us.edu.pl/wp-content/uploads/obrazek-wyróżniający/AMŚ-futsal-fot.-Przemysław-Kądziołka-575x382.jpg 575w, https://us.edu.pl/wp-content/uploads/obrazek-wyróżniający/AMŚ-futsal-fot.-Przemysław-Kądziołka.jpg 800w" sizes="(max-width: 600px) 100vw, 600px" /></a></p>
<p>Zwycięski zespół Akademickich Mistrzostw Śląskach w futsalu | fot. Przemysław Kądziołka</p>

<p>Zwycięski zespół Akademickich Mistrzostw Śląskach w futsalu | fot. Przemysław Kądziołka [&#8230;]</p>
<p><a class="btn btn-secondary understrap-read-more-link" href="https://us.edu.pl/en/sportowe-osiagniecia-studentow-us/ams-futsal-fot-przemyslaw-kadziolka/">Read More&#8230;</a></p>

Zwycięska drużyna studentów UŚ pozuje do zdjęcia

obrazek-wyróżniający/AMŚ-futsal-fot.-Przemysław-Kądziołka.jpg

AMŚ-futsal-fot.-Przemysław-Kądziołka-150x150.jpg

https://us.edu.pl/wp-content/uploads/obrazek-wyróżniający/AMŚ-futsal-fot.-Przemysław-Kądziołka-150x150.jpg

AMŚ-futsal-fot.-Przemysław-Kądziołka-600x399.jpg

https://us.edu.pl/wp-content/uploads/obrazek-wyróżniający/AMŚ-futsal-fot.-Przemysław-Kądziołka-600x399.jpg

AMŚ-futsal-fot.-Przemysław-Kądziołka-768x511.jpg

https://us.edu.pl/wp-content/uploads/obrazek-wyróżniający/AMŚ-futsal-fot.-Przemysław-Kądziołka-768x511.jpg

AMŚ-futsal-fot.-Przemysław-Kądziołka-575x382.jpg

https://us.edu.pl/wp-content/uploads/obrazek-wyróżniający/AMŚ-futsal-fot.-Przemysław-Kądziołka-575x382.jpg

AMŚ-futsal-fot.-Przemysław-Kądziołka.jpg
