{"id":151912,"date":"2022-02-17T09:57:39","date_gmt":"2022-02-17T08:57:39","guid":{"rendered":"https:\/\/us.edu.pl\/wp-content\/uploads\/Galerie\/2022\/2022-02-16_Gala_wr\u0119czenia_nagrody_im_Kutza\/Dr-hab.-Krystyna-Doktorowicz-prof.-U\u015a-dziekan-Szko\u0142y-Filmowej-im.-Krzysztofa-Kie\u015blowskiego.jpg"},"modified":"2022-02-17T09:58:53","modified_gmt":"2022-02-17T08:58:53","slug":"dr-hab-krystyna-doktorowicz-prof-us-dziekan-szkoly-filmowej-im-krzysztofa-kieslowskiego-2","status":"inherit","type":"attachment","link":"https:\/\/us.edu.pl\/en\/multimedia\/gala-wreczenia-nagrody-im-kazimierza-kutza\/dr-hab-krystyna-doktorowicz-prof-us-dziekan-szkoly-filmowej-im-krzysztofa-kieslowskiego-2\/","title":{"rendered":"Dr hab. Krystyna Doktorowicz, prof. U\u015a, dziekan Szko\u0142y Filmowej im. Krzysztofa Kie\u015blowskiego"},"author":4637,"comment_status":"closed","ping_status":"closed","template":"","meta":{"_expiration-date-status":"","_expiration-date":0,"_expiration-date-type":"","_expiration-date-categories":[],"_expiration-date-options":[]},"acf":[],"description":{"rendered":"<p class=\"attachment\"><a href='https:\/\/us.edu.pl\/wp-content\/uploads\/Galerie\/2022\/2022-02-16_Gala_wr\u0119czenia_nagrody_im_Kutza\/Dr-hab.-Krystyna-Doktorowicz-prof.-U\u015a-dziekan-Szko\u0142y-Filmowej-im.-Krzysztofa-Kie\u015blowskiego.jpg'><img width=\"600\" height=\"400\" src=\"https:\/\/us.edu.pl\/wp-content\/uploads\/Galerie\/2022\/2022-02-16_Gala_wr\u0119czenia_nagrody_im_Kutza\/Dr-hab.-Krystyna-Doktorowicz-prof.-U\u015a-dziekan-Szko\u0142y-Filmowej-im.-Krzysztofa-Kie\u015blowskiego-600x400.jpg\" class=\"attachment-medium size-medium\" alt=\"Dr hab. Krystyna Doktorowicz, prof. U\u015a, dziekan Szko\u0142y Filmowej im. Krzysztofa Kie\u015blowskiego\" srcset=\"https:\/\/us.edu.pl\/wp-content\/uploads\/Galerie\/2022\/2022-02-16_Gala_wr\u0119czenia_nagrody_im_Kutza\/Dr-hab.-Krystyna-Doktorowicz-prof.-U\u015a-dziekan-Szko\u0142y-Filmowej-im.-Krzysztofa-Kie\u015blowskiego-600x400.jpg 600w, https:\/\/us.edu.pl\/wp-content\/uploads\/Galerie\/2022\/2022-02-16_Gala_wr\u0119czenia_nagrody_im_Kutza\/Dr-hab.-Krystyna-Doktorowicz-prof.-U\u015a-dziekan-Szko\u0142y-Filmowej-im.-Krzysztofa-Kie\u015blowskiego-768x512.jpg 768w, https:\/\/us.edu.pl\/wp-content\/uploads\/Galerie\/2022\/2022-02-16_Gala_wr\u0119czenia_nagrody_im_Kutza\/Dr-hab.-Krystyna-Doktorowicz-prof.-U\u015a-dziekan-Szko\u0142y-Filmowej-im.-Krzysztofa-Kie\u015blowskiego-575x383.jpg 575w, https:\/\/us.edu.pl\/wp-content\/uploads\/Galerie\/2022\/2022-02-16_Gala_wr\u0119czenia_nagrody_im_Kutza\/Dr-hab.-Krystyna-Doktorowicz-prof.-U\u015a-dziekan-Szko\u0142y-Filmowej-im.-Krzysztofa-Kie\u015blowskiego.jpg 800w\" sizes=\"(max-width: 600px) 100vw, 600px\" \/><\/a><\/p>\n"},"caption":{"rendered":"<p> [&#8230;]<\/p>\n<p><a class=\"btn btn-secondary understrap-read-more-link\" href=\"https:\/\/us.edu.pl\/en\/multimedia\/gala-wreczenia-nagrody-im-kazimierza-kutza\/dr-hab-krystyna-doktorowicz-prof-us-dziekan-szkoly-filmowej-im-krzysztofa-kieslowskiego-2\/\">Read More&#8230;<\/a><\/p>\n"},"alt_text":"Dr hab. Krystyna Doktorowicz, prof. U\u015a, dziekan Szko\u0142y Filmowej im. Krzysztofa Kie\u015blowskiego","media_type":"image","mime_type":"image\/jpeg","media_details":{"width":800,"height":533,"file":"Galerie\/2022\/2022-02-16_Gala_wr\u0119czenia_nagrody_im_Kutza\/Dr-hab.-Krystyna-Doktorowicz-prof.-U\u015a-dziekan-Szko\u0142y-Filmowej-im.-Krzysztofa-Kie\u015blowskiego.jpg","sizes":{"thumbnail":{"file":"Dr-hab.-Krystyna-Doktorowicz-prof.-U\u015a-dziekan-Szko\u0142y-Filmowej-im.-Krzysztofa-Kie\u015blowskiego-150x150.jpg","width":150,"height":150,"mime_type":"image\/jpeg","source_url":"https:\/\/us.edu.pl\/wp-content\/uploads\/Galerie\/2022\/2022-02-16_Gala_wr\u0119czenia_nagrody_im_Kutza\/Dr-hab.-Krystyna-Doktorowicz-prof.-U\u015a-dziekan-Szko\u0142y-Filmowej-im.-Krzysztofa-Kie\u015blowskiego-150x150.jpg"},"medium":{"file":"Dr-hab.-Krystyna-Doktorowicz-prof.-U\u015a-dziekan-Szko\u0142y-Filmowej-im.-Krzysztofa-Kie\u015blowskiego-600x400.jpg","width":600,"height":400,"mime_type":"image\/jpeg","source_url":"https:\/\/us.edu.pl\/wp-content\/uploads\/Galerie\/2022\/2022-02-16_Gala_wr\u0119czenia_nagrody_im_Kutza\/Dr-hab.-Krystyna-Doktorowicz-prof.-U\u015a-dziekan-Szko\u0142y-Filmowej-im.-Krzysztofa-Kie\u015blowskiego-600x400.jpg"},"medium_large":{"file":"Dr-hab.-Krystyna-Doktorowicz-prof.-U\u015a-dziekan-Szko\u0142y-Filmowej-im.-Krzysztofa-Kie\u015blowskiego-768x512.jpg","width":768,"height":512,"mime_type":"image\/jpeg","source_url":"https:\/\/us.edu.pl\/wp-content\/uploads\/Galerie\/2022\/2022-02-16_Gala_wr\u0119czenia_nagrody_im_Kutza\/Dr-hab.-Krystyna-Doktorowicz-prof.-U\u015a-dziekan-Szko\u0142y-Filmowej-im.-Krzysztofa-Kie\u015blowskiego-768x512.jpg"},"square":{"file":"Dr-hab.-Krystyna-Doktorowicz-prof.-U\u015a-dziekan-Szko\u0142y-Filmowej-im.-Krzysztofa-Kie\u015blowskiego-575x383.jpg","width":575,"height":383,"mime_type":"image\/jpeg","source_url":"https:\/\/us.edu.pl\/wp-content\/uploads\/Galerie\/2022\/2022-02-16_Gala_wr\u0119czenia_nagrody_im_Kutza\/Dr-hab.-Krystyna-Doktorowicz-prof.-U\u015a-dziekan-Szko\u0142y-Filmowej-im.-Krzysztofa-Kie\u015blowskiego-575x383.jpg"},"full":{"file":"Dr-hab.-Krystyna-Doktorowicz-prof.-U\u015a-dziekan-Szko\u0142y-Filmowej-im.-Krzysztofa-Kie\u015blowskiego.jpg","width":800,"height":533,"mime_type":"image\/jpeg","source_url":"https:\/\/us.edu.pl\/wp-content\/uploads\/Galerie\/2022\/2022-02-16_Gala_wr\u0119czenia_nagrody_im_Kutza\/Dr-hab.-Krystyna-Doktorowicz-prof.-U\u015a-dziekan-Szko\u0142y-Filmowej-im.-Krzysztofa-Kie\u015blowskiego.jpg"}},"image_meta":{"aperture":"0","credit":"","camera":"","caption":"","created_timestamp":"0","copyright":"","focal_length":"0","iso":"0","shutter_speed":"0","title":"","orientation":"0","keywords":[]}},"post":151904,"source_url":"https:\/\/us.edu.pl\/wp-content\/uploads\/Galerie\/2022\/2022-02-16_Gala_wr\u0119czenia_nagrody_im_Kutza\/Dr-hab.-Krystyna-Doktorowicz-prof.-U\u015a-dziekan-Szko\u0142y-Filmowej-im.-Krzysztofa-Kie\u015blowskiego.jpg","_links":{"self":[{"href":"https:\/\/us.edu.pl\/en\/wp-json\/wp\/v2\/media\/151912"}],"collection":[{"href":"https:\/\/us.edu.pl\/en\/wp-json\/wp\/v2\/media"}],"about":[{"href":"https:\/\/us.edu.pl\/en\/wp-json\/wp\/v2\/types\/attachment"}],"author":[{"embeddable":true,"href":"https:\/\/us.edu.pl\/en\/wp-json\/wp\/v2\/users\/4637"}],"replies":[{"embeddable":true,"href":"https:\/\/us.edu.pl\/en\/wp-json\/wp\/v2\/comments?post=151912"}]}}

https://us.edu.pl/wp-content/uploads/Galerie/2022/2022-02-16_Gala_wręczenia_nagrody_im_Kutza/Dr-hab.-Krystyna-Doktorowicz-prof.-UŚ-dziekan-Szkoły-Filmowej-im.-Krzysztofa-Kieślowskiego.jpg

Dr hab. Krystyna Doktorowicz, prof. UŚ, dziekan Szkoły Filmowej im. Krzysztofa Kieślowskiego

<p class="attachment"><a href='https://us.edu.pl/wp-content/uploads/Galerie/2022/2022-02-16_Gala_wręczenia_nagrody_im_Kutza/Dr-hab.-Krystyna-Doktorowicz-prof.-UŚ-dziekan-Szkoły-Filmowej-im.-Krzysztofa-Kieślowskiego.jpg'><img width="600" height="400" src="https://us.edu.pl/wp-content/uploads/Galerie/2022/2022-02-16_Gala_wręczenia_nagrody_im_Kutza/Dr-hab.-Krystyna-Doktorowicz-prof.-UŚ-dziekan-Szkoły-Filmowej-im.-Krzysztofa-Kieślowskiego-600x400.jpg" class="attachment-medium size-medium" alt="Dr hab. Krystyna Doktorowicz, prof. UŚ, dziekan Szkoły Filmowej im. Krzysztofa Kieślowskiego" srcset="https://us.edu.pl/wp-content/uploads/Galerie/2022/2022-02-16_Gala_wręczenia_nagrody_im_Kutza/Dr-hab.-Krystyna-Doktorowicz-prof.-UŚ-dziekan-Szkoły-Filmowej-im.-Krzysztofa-Kieślowskiego-600x400.jpg 600w, https://us.edu.pl/wp-content/uploads/Galerie/2022/2022-02-16_Gala_wręczenia_nagrody_im_Kutza/Dr-hab.-Krystyna-Doktorowicz-prof.-UŚ-dziekan-Szkoły-Filmowej-im.-Krzysztofa-Kieślowskiego-768x512.jpg 768w, https://us.edu.pl/wp-content/uploads/Galerie/2022/2022-02-16_Gala_wręczenia_nagrody_im_Kutza/Dr-hab.-Krystyna-Doktorowicz-prof.-UŚ-dziekan-Szkoły-Filmowej-im.-Krzysztofa-Kieślowskiego-575x383.jpg 575w, https://us.edu.pl/wp-content/uploads/Galerie/2022/2022-02-16_Gala_wręczenia_nagrody_im_Kutza/Dr-hab.-Krystyna-Doktorowicz-prof.-UŚ-dziekan-Szkoły-Filmowej-im.-Krzysztofa-Kieślowskiego.jpg 800w" sizes="(max-width: 600px) 100vw, 600px" /></a></p>

Galerie/2022/2022-02-16_Gala_wręczenia_nagrody_im_Kutza/Dr-hab.-Krystyna-Doktorowicz-prof.-UŚ-dziekan-Szkoły-Filmowej-im.-Krzysztofa-Kieślowskiego.jpg

Dr-hab.-Krystyna-Doktorowicz-prof.-UŚ-dziekan-Szkoły-Filmowej-im.-Krzysztofa-Kieślowskiego-150x150.jpg

https://us.edu.pl/wp-content/uploads/Galerie/2022/2022-02-16_Gala_wręczenia_nagrody_im_Kutza/Dr-hab.-Krystyna-Doktorowicz-prof.-UŚ-dziekan-Szkoły-Filmowej-im.-Krzysztofa-Kieślowskiego-150x150.jpg

Dr-hab.-Krystyna-Doktorowicz-prof.-UŚ-dziekan-Szkoły-Filmowej-im.-Krzysztofa-Kieślowskiego-600x400.jpg

https://us.edu.pl/wp-content/uploads/Galerie/2022/2022-02-16_Gala_wręczenia_nagrody_im_Kutza/Dr-hab.-Krystyna-Doktorowicz-prof.-UŚ-dziekan-Szkoły-Filmowej-im.-Krzysztofa-Kieślowskiego-600x400.jpg

Dr-hab.-Krystyna-Doktorowicz-prof.-UŚ-dziekan-Szkoły-Filmowej-im.-Krzysztofa-Kieślowskiego-768x512.jpg

https://us.edu.pl/wp-content/uploads/Galerie/2022/2022-02-16_Gala_wręczenia_nagrody_im_Kutza/Dr-hab.-Krystyna-Doktorowicz-prof.-UŚ-dziekan-Szkoły-Filmowej-im.-Krzysztofa-Kieślowskiego-768x512.jpg

Dr-hab.-Krystyna-Doktorowicz-prof.-UŚ-dziekan-Szkoły-Filmowej-im.-Krzysztofa-Kieślowskiego-575x383.jpg

https://us.edu.pl/wp-content/uploads/Galerie/2022/2022-02-16_Gala_wręczenia_nagrody_im_Kutza/Dr-hab.-Krystyna-Doktorowicz-prof.-UŚ-dziekan-Szkoły-Filmowej-im.-Krzysztofa-Kieślowskiego-575x383.jpg

Dr-hab.-Krystyna-Doktorowicz-prof.-UŚ-dziekan-Szkoły-Filmowej-im.-Krzysztofa-Kieślowskiego.jpg
