{"id":248131,"date":"2026-04-24T13:32:37","date_gmt":"2026-04-24T11:32:37","guid":{"rendered":"https:\/\/us.edu.pl\/wp-content\/uploads\/obrazek-wyrozniajacy\/fot.-Joanna-Trabka-8.jpg"},"modified":"2026-04-24T13:33:27","modified_gmt":"2026-04-24T11:33:27","slug":"fot-joanna-trabka-8","status":"inherit","type":"attachment","link":"https:\/\/us.edu.pl\/en\/porozumienie-o-wspolpracy-miedzy-us-a-tworcami-bielika\/fot-joanna-trabka-8\/","title":{"rendered":"fot. Joanna Tr\u0105bka 8"},"author":3279,"comment_status":"closed","ping_status":"closed","template":"","meta":{"_expiration-date-status":"","_expiration-date":0,"_expiration-date-type":"","_expiration-date-categories":[],"_expiration-date-options":[]},"acf":[],"description":{"rendered":"<p class=\"attachment\"><a href='https:\/\/us.edu.pl\/wp-content\/uploads\/obrazek-wyrozniajacy\/fot.-Joanna-Trabka-8.jpg'><img width=\"800\" height=\"533\" src=\"https:\/\/us.edu.pl\/wp-content\/uploads\/obrazek-wyrozniajacy\/fot.-Joanna-Trabka-8.jpg\" class=\"attachment-medium size-medium\" alt=\"Prorektor ds. studenckich i kszta\u0142cenia dr Katarzyna Trynda, prof U\u015a oraz przedstawiciel Fundacji SpeakLeash Sebastian Kondracki\" srcset=\"https:\/\/us.edu.pl\/wp-content\/uploads\/obrazek-wyrozniajacy\/fot.-Joanna-Trabka-8.jpg 800w, https:\/\/us.edu.pl\/wp-content\/uploads\/obrazek-wyrozniajacy\/fot.-Joanna-Trabka-8-768x512.jpg 768w, https:\/\/us.edu.pl\/wp-content\/uploads\/obrazek-wyrozniajacy\/fot.-Joanna-Trabka-8-575x383.jpg 575w\" sizes=\"(max-width: 800px) 100vw, 800px\" \/><\/a><\/p>\n<p>Prorektor ds. studenckich i kszta\u0142cenia dr Katarzyna Trynda, prof U\u015a oraz przedstawiciel Fundacji SpeakLeash Sebastian Kondracki<\/p>\n"},"caption":{"rendered":"<p>Prorektor ds. studenckich i kszta\u0142cenia dr Katarzyna Trynda, prof U\u015a oraz przedstawiciel Fundacji SpeakLeash Sebastian Kondracki | Fot. Joanna Tr\u0105bka [&#8230;]<\/p>\n<p><a class=\"btn btn-secondary understrap-read-more-link\" href=\"https:\/\/us.edu.pl\/en\/porozumienie-o-wspolpracy-miedzy-us-a-tworcami-bielika\/fot-joanna-trabka-8\/\">Read More&#8230;<\/a><\/p>\n"},"alt_text":"Prorektor ds. studenckich i kszta\u0142cenia dr Katarzyna Trynda, prof U\u015a oraz przedstawiciel Fundacji SpeakLeash Sebastian Kondracki","media_type":"image","mime_type":"image\/jpeg","media_details":{"width":800,"height":533,"file":"obrazek-wyrozniajacy\/fot.-Joanna-Trabka-8.jpg","sizes":{"thumbnail":{"file":"fot.-Joanna-Trabka-8-150x150.jpg","width":150,"height":150,"mime_type":"image\/jpeg","source_url":"https:\/\/us.edu.pl\/wp-content\/uploads\/obrazek-wyrozniajacy\/fot.-Joanna-Trabka-8-150x150.jpg"},"medium_large":{"file":"fot.-Joanna-Trabka-8-768x512.jpg","width":768,"height":512,"mime_type":"image\/jpeg","source_url":"https:\/\/us.edu.pl\/wp-content\/uploads\/obrazek-wyrozniajacy\/fot.-Joanna-Trabka-8-768x512.jpg"},"square":{"file":"fot.-Joanna-Trabka-8-575x383.jpg","width":575,"height":383,"mime_type":"image\/jpeg","source_url":"https:\/\/us.edu.pl\/wp-content\/uploads\/obrazek-wyrozniajacy\/fot.-Joanna-Trabka-8-575x383.jpg"},"cmplz_banner_image":{"file":"fot.-Joanna-Trabka-8-350x100.jpg","width":350,"height":100,"mime_type":"image\/jpeg","source_url":"https:\/\/us.edu.pl\/wp-content\/uploads\/obrazek-wyrozniajacy\/fot.-Joanna-Trabka-8-350x100.jpg"},"full":{"file":"fot.-Joanna-Trabka-8.jpg","width":800,"height":533,"mime_type":"image\/jpeg","source_url":"https:\/\/us.edu.pl\/wp-content\/uploads\/obrazek-wyrozniajacy\/fot.-Joanna-Trabka-8.jpg"}},"image_meta":{"aperture":"0","credit":"","camera":"","caption":"","created_timestamp":"1776878347","copyright":"","focal_length":"0","iso":"0","shutter_speed":"0","title":"","orientation":"1","keywords":[]}},"post":248130,"source_url":"https:\/\/us.edu.pl\/wp-content\/uploads\/obrazek-wyrozniajacy\/fot.-Joanna-Trabka-8.jpg","_links":{"self":[{"href":"https:\/\/us.edu.pl\/en\/wp-json\/wp\/v2\/media\/248131"}],"collection":[{"href":"https:\/\/us.edu.pl\/en\/wp-json\/wp\/v2\/media"}],"about":[{"href":"https:\/\/us.edu.pl\/en\/wp-json\/wp\/v2\/types\/attachment"}],"author":[{"embeddable":true,"href":"https:\/\/us.edu.pl\/en\/wp-json\/wp\/v2\/users\/3279"}],"replies":[{"embeddable":true,"href":"https:\/\/us.edu.pl\/en\/wp-json\/wp\/v2\/comments?post=248131"}]}}

fot. Joanna Trąbka 8

<p class="attachment"><a href='https://us.edu.pl/wp-content/uploads/obrazek-wyrozniajacy/fot.-Joanna-Trabka-8.jpg'><img width="800" height="533" src="https://us.edu.pl/wp-content/uploads/obrazek-wyrozniajacy/fot.-Joanna-Trabka-8.jpg" class="attachment-medium size-medium" alt="Prorektor ds. studenckich i kształcenia dr Katarzyna Trynda, prof UŚ oraz przedstawiciel Fundacji SpeakLeash Sebastian Kondracki" srcset="https://us.edu.pl/wp-content/uploads/obrazek-wyrozniajacy/fot.-Joanna-Trabka-8.jpg 800w, https://us.edu.pl/wp-content/uploads/obrazek-wyrozniajacy/fot.-Joanna-Trabka-8-768x512.jpg 768w, https://us.edu.pl/wp-content/uploads/obrazek-wyrozniajacy/fot.-Joanna-Trabka-8-575x383.jpg 575w" sizes="(max-width: 800px) 100vw, 800px" /></a></p>
<p>Prorektor ds. studenckich i kształcenia dr Katarzyna Trynda, prof UŚ oraz przedstawiciel Fundacji SpeakLeash Sebastian Kondracki</p>

<p>Prorektor ds. studenckich i kształcenia dr Katarzyna Trynda, prof UŚ oraz przedstawiciel Fundacji SpeakLeash Sebastian Kondracki | Fot. Joanna Trąbka [&#8230;]</p>
<p><a class="btn btn-secondary understrap-read-more-link" href="https://us.edu.pl/en/porozumienie-o-wspolpracy-miedzy-us-a-tworcami-bielika/fot-joanna-trabka-8/">Read More&#8230;</a></p>

Prorektor ds. studenckich i kształcenia dr Katarzyna Trynda, prof UŚ oraz przedstawiciel Fundacji SpeakLeash Sebastian Kondracki
