{"id":157495,"date":"2022-06-01T18:24:12","date_gmt":"2022-06-01T16:24:12","guid":{"rendered":"https:\/\/us.edu.pl\/?post_type=multimedia&#038;p=157495"},"modified":"2022-06-02T12:57:17","modified_gmt":"2022-06-02T10:57:17","slug":"fotorelacja-xxvi-koncert-akademicki-z-okazji-swieta-uczelni-i-50-lecia-uniwersytetu-slaskiego-w-cieszynie","status":"publish","type":"multimedia","link":"https:\/\/us.edu.pl\/en\/multimedia\/fotorelacja-xxvi-koncert-akademicki-z-okazji-swieta-uczelni-i-50-lecia-uniwersytetu-slaskiego-w-cieszynie\/","title":{"rendered":"Fotorelacja | XXVI koncert akademicki z okazji \u015bwi\u0119ta uczelni i 50-lecia Uniwersytetu \u015al\u0105skiego w Cieszynie"},"content":{"rendered":"<p class=\"qtranxs-available-languages-message qtranxs-available-languages-message-en\">Sorry, this entry is only available in <a href=\"https:\/\/us.edu.pl\/pl\/wp-json\/wp\/v2\/multimedia\/157495\" class=\"qtranxs-available-language-link qtranxs-available-language-link-pl\" title=\"Polski\">Polish<\/a>.<\/p>","protected":false},"excerpt":{"rendered":"<p>Sorry, this entry is only available in Polish. [&#8230;]<\/p>\n<p><a class=\"btn btn-secondary understrap-read-more-link\" href=\"https:\/\/us.edu.pl\/en\/multimedia\/fotorelacja-xxvi-koncert-akademicki-z-okazji-swieta-uczelni-i-50-lecia-uniwersytetu-slaskiego-w-cieszynie\/\">Read More&#8230;<\/a><\/p>\n","protected":false},"author":26,"featured_media":157515,"template":"","meta":{"_expiration-date-status":"","_expiration-date":0,"_expiration-date-type":"","_expiration-date-categories":[],"_expiration-date-options":[]},"acf":[],"_links":{"self":[{"href":"https:\/\/us.edu.pl\/en\/wp-json\/wp\/v2\/multimedia\/157495"}],"collection":[{"href":"https:\/\/us.edu.pl\/en\/wp-json\/wp\/v2\/multimedia"}],"about":[{"href":"https:\/\/us.edu.pl\/en\/wp-json\/wp\/v2\/types\/multimedia"}],"author":[{"embeddable":true,"href":"https:\/\/us.edu.pl\/en\/wp-json\/wp\/v2\/users\/26"}],"version-history":[{"count":0,"href":"https:\/\/us.edu.pl\/en\/wp-json\/wp\/v2\/multimedia\/157495\/revisions"}],"wp:featuredmedia":[{"embeddable":true,"href":"https:\/\/us.edu.pl\/en\/wp-json\/wp\/v2\/media\/157515"}],"wp:attachment":[{"href":"https:\/\/us.edu.pl\/en\/wp-json\/wp\/v2\/media?parent=157495"}],"curies":[{"name":"wp","href":"https:\/\/api.w.org\/{rel}","templated":true}]}}

Fotorelacja | XXVI koncert akademicki z okazji święta uczelni i 50-lecia Uniwersytetu Śląskiego w Cieszynie
