{"id":59694,"date":"2016-03-21T18:05:32","date_gmt":"2016-03-21T17:05:32","guid":{"rendered":"https:\/\/us.edu.pl\/multimedia\/wyniki-wyborow-prorektorow-na-kadencje-2016-2020\/"},"modified":"2016-03-21T18:05:32","modified_gmt":"2016-03-21T17:05:32","slug":"wyniki-wyborow-prorektorow-na-kadencje-2016-2020","status":"publish","type":"multimedia","link":"https:\/\/us.edu.pl\/en\/multimedia\/wyniki-wyborow-prorektorow-na-kadencje-2016-2020\/","title":{"rendered":"Wyniki wybor\u00f3w prorektor\u00f3w na kadencj\u0119 2016\u20132020"},"content":{"rendered":"","protected":false},"excerpt":{"rendered":"","protected":false},"author":1,"featured_media":62872,"template":"","meta":{"_expiration-date-status":"","_expiration-date":0,"_expiration-date-type":"","_expiration-date-categories":[],"_expiration-date-options":[]},"acf":[],"_links":{"self":[{"href":"https:\/\/us.edu.pl\/en\/wp-json\/wp\/v2\/multimedia\/59694"}],"collection":[{"href":"https:\/\/us.edu.pl\/en\/wp-json\/wp\/v2\/multimedia"}],"about":[{"href":"https:\/\/us.edu.pl\/en\/wp-json\/wp\/v2\/types\/multimedia"}],"author":[{"embeddable":true,"href":"https:\/\/us.edu.pl\/en\/wp-json\/wp\/v2\/users\/1"}],"version-history":[{"count":0,"href":"https:\/\/us.edu.pl\/en\/wp-json\/wp\/v2\/multimedia\/59694\/revisions"}],"wp:featuredmedia":[{"embeddable":true,"href":"https:\/\/us.edu.pl\/en\/wp-json\/wp\/v2\/media\/62872"}],"wp:attachment":[{"href":"https:\/\/us.edu.pl\/en\/wp-json\/wp\/v2\/media?parent=59694"}],"curies":[{"name":"wp","href":"https:\/\/api.w.org\/{rel}","templated":true}]}}

Wyniki wyborów prorektorów na kadencję 2016–2020
