{"id":103,"date":"2020-01-28T12:39:47","date_gmt":"2020-01-28T11:39:47","guid":{"rendered":"https:\/\/us.edu.pl\/icrk\/?page_id=103"},"modified":"2020-01-28T13:01:38","modified_gmt":"2020-01-28T12:01:38","slug":"projekty","status":"publish","type":"page","link":"https:\/\/us.edu.pl\/icrk\/projekty\/","title":{"rendered":"Projekty"},"content":{"rendered":"<p><\/p>\n<p>[vc_row][vc_column]\r\n                <div class=\"text-modules \">\r\n                    <div class=\"container\">\r\n                        <h3 class=\"section-title section-title_border-bottom\">Projekty<\/h3> \r\n                        <div class=\"row m-0\">\r\n                            <div class=\"text-modules__content\">\r\n                                Czym jest Lorem Ipsum?<br \/>\nLorem Ipsum jest tekstem stosowanym jako przyk\u0142adowy wype\u0142niacz w przemy\u015ble poligraficznym. Zosta\u0142 po raz pierwszy u\u017cyty w XV w. przez nieznanego drukarza do wype\u0142nienia tekstem pr\u00f3bnej ksi\u0105\u017cki. Pi\u0119\u0107 wiek\u00f3w p\u00f3\u017aniej zacz\u0105\u0142 by\u0107 u\u017cywany przemy\u015ble elektronicznym, pozostaj\u0105c praktycznie niezmienionym. Spopularyzowa\u0142 si\u0119 w latach 60. XX w. wraz z publikacj\u0105 arkuszy Letrasetu, zawieraj\u0105cych fragmenty Lorem Ipsum, a ostatnio z zawieraj\u0105cym r\u00f3\u017cne wersje Lorem Ipsum oprogramowaniem przeznaczonym do realizacji druk\u00f3w na komputerach osobistych, jak Aldus PageMaker<\/p>\n<p>Do czego tego u\u017cy\u0107?<br \/>\nOg\u00f3lnie znana teza g\u0142osi, i\u017c u\u017cytkownika mo\u017ce rozprasza\u0107 zrozumia\u0142a zawarto\u015b\u0107 strony, kiedy ten chce zobaczy\u0107 sam jej wygl\u0105d. Jedn\u0105 z mocnych stron u\u017cywania Lorem Ipsum jest to, \u017ce ma wiele r\u00f3\u017cnych \u201ekombinacji\u201d zda\u0144, s\u0142\u00f3w i akapit\u00f3w, w przeciwie\u0144stwie do zwyk\u0142ego: \u201etekst, tekst, tekst\u201d, sprawiaj\u0105cego, \u017ce wygl\u0105da to \u201ezbyt czytelnie\u201d po polsku. Wielu webmaster\u00f3w i designer\u00f3w u\u017cywa Lorem Ipsum jako domy\u015blnego modelu tekstu i wpisanie w internetowej wyszukiwarce \u2018lorem ipsum\u2019 spowoduje znalezienie bardzo wielu stron, kt\u00f3re wci\u0105\u017c s\u0105 w budowie. Wiele wersji tekstu ewoluowa\u0142o i zmienia\u0142o si\u0119 przez lata, czasem przez przypadek, czasem specjalnie (humorystyczne wstawki itd).<\/p>\n<p>Sk\u0105d si\u0119 to wzi\u0119\u0142o?<br \/>\nW przeciwie\u0144stwie do rozpowszechnionych opinii, Lorem Ipsum nie jest tylko przypadkowym tekstem. Ma ono korzenie w klasycznej \u0142aci\u0144skiej literaturze z 45 roku przed Chrystusem, czyli ponad 2000 lat temu! Richard McClintock, wyk\u0142adowca \u0142aciny na uniwersytecie Hampden-Sydney w Virginii, przyjrza\u0142 si\u0119 uwa\u017cniej jednemu z najbardziej niejasnych s\u0142\u00f3w w Lorem Ipsum \u2013 consectetur \u2013 i po wielu poszukiwaniach odnalaz\u0142 niezaprzeczalne \u017ar\u00f3d\u0142o: Lorem Ipsum pochodzi z fragment\u00f3w (1.10.32 i 1.10.33) \u201ede Finibus Bonorum et Malorum\u201d, czyli \u201eO granicy dobra i z\u0142a\u201d, napisanej w\u0142a\u015bnie w 45 p.n.e. przez Cycerona. Jest to bardzo popularna w czasach renesansu rozprawa na temat etyki. Pierwszy wiersz Lorem Ipsum, \u201eLorem ipsum dolor sit amet&#8230;\u201d pochodzi w\u0142a\u015bnie z sekcji 1.10.32.<\/p>\n<p>Standardowy blok Lorem Ipsum, u\u017cywany od XV wieku, jest odtworzony ni\u017cej dla zainteresowanych. Fragmenty 1.10.32 i 1.10.33 z \u201ede Finibus Bonorum et Malorum\u201d Cycerona, s\u0105 odtworzone w dok\u0142adnej, oryginalnej formie, wraz z angielskimi t\u0142umaczeniami H. Rackhama z 1914 roku.<\/p>\n<p>Sk\u0105d to wzi\u0105\u0107?<br \/>\nJest dost\u0119pnych wiele r\u00f3\u017cnych wersji Lorem Ipsum, ale wi\u0119kszo\u015b\u0107 zmieni\u0142a si\u0119 pod wp\u0142ywem dodanego humoru czy przypadkowych s\u0142\u00f3w, kt\u00f3re nawet w najmniejszym stopniu nie przypominaj\u0105 istniej\u0105cych. Je\u015bli masz zamiar u\u017cy\u0107 fragmentu Lorem Ipsum, lepiej mie\u0107 pewno\u015b\u0107, \u017ce nie ma niczego \u201edziwnego\u201d w \u015brodku tekstu. Wszystkie Internetowe generatory Lorem Ipsum maj\u0105 tendencje do kopiowania ju\u017c istniej\u0105cych blok\u00f3w, co czyni nasz pierwszym prawdziwym generatorem w Internecie. U\u017cywamy zawieraj\u0105cego ponad 200 \u0142aci\u0144skich s\u0142\u00f3w s\u0142ownika, w kontek\u015bcie wielu znanych sentencji, by wygenerowa\u0107 tekst wygl\u0105daj\u0105cy odpowiednio. To wszystko czyni \u201enasz\u201d Lorem Ipsum wolnym od powt\u00f3rze\u0144, humorystycznych wstawek czy niecharakterystycznych s\u0142\u00f3w. \r\n                                <div class=\"mt-3\"><\/div>\r\n                            <\/div>\r\n                            \r\n                            <div class=\"text-modules__img\"><img src=\"https:\/\/us.edu.pl\/icrk\/wp-content\/uploads\/sites\/55\/Nieprzypisane\/bibl_granat.png\" alt=\"img\"><\/div>\r\n                        <\/div>\r\n                    <\/div>\r\n                <\/div>[\/vc_column][\/vc_row]<\/p>\n<p><\/p>","protected":false},"excerpt":{"rendered":"<p>[vc_row][vc_column][\/vc_column][\/vc_row] [&#8230;]<\/p>\n<p><a class=\"btn btn-secondary understrap-read-more-link\" href=\"https:\/\/us.edu.pl\/icrk\/projekty\/\">Read More&#8230;<\/a><\/p>\n","protected":false},"author":25,"featured_media":0,"parent":0,"menu_order":0,"comment_status":"closed","ping_status":"closed","template":"","meta":{"_expiration-date-status":"saved","_expiration-date":0,"_expiration-date-type":"","_expiration-date-categories":[],"_expiration-date-options":[]},"acf":[],"_links":{"self":[{"href":"https:\/\/us.edu.pl\/icrk\/wp-json\/wp\/v2\/pages\/103"}],"collection":[{"href":"https:\/\/us.edu.pl\/icrk\/wp-json\/wp\/v2\/pages"}],"about":[{"href":"https:\/\/us.edu.pl\/icrk\/wp-json\/wp\/v2\/types\/page"}],"author":[{"embeddable":true,"href":"https:\/\/us.edu.pl\/icrk\/wp-json\/wp\/v2\/users\/25"}],"replies":[{"embeddable":true,"href":"https:\/\/us.edu.pl\/icrk\/wp-json\/wp\/v2\/comments?post=103"}],"version-history":[{"count":3,"href":"https:\/\/us.edu.pl\/icrk\/wp-json\/wp\/v2\/pages\/103\/revisions"}],"predecessor-version":[{"id":121,"href":"https:\/\/us.edu.pl\/icrk\/wp-json\/wp\/v2\/pages\/103\/revisions\/121"}],"wp:attachment":[{"href":"https:\/\/us.edu.pl\/icrk\/wp-json\/wp\/v2\/media?parent=103"}],"curies":[{"name":"wp","href":"https:\/\/api.w.org\/{rel}","templated":true}]}}