{"id":771,"date":"2020-05-28T15:12:43","date_gmt":"2020-05-28T13:12:43","guid":{"rendered":"https:\/\/us.edu.pl\/icrk\/?page_id=771"},"modified":"2021-11-16T10:06:23","modified_gmt":"2021-11-16T09:06:23","slug":"zespol","status":"publish","type":"page","link":"https:\/\/us.edu.pl\/icrk\/inicjatywy\/zespol\/","title":{"rendered":"zesp\u00f3\u0142"},"content":{"rendered":"<p><\/p>\n<p>[vc_row el_class=&#8221;container&#8221;][vc_column]\r\n                <div class=\"text-modules\">\r\n                    <div class=\"container\">\r\n                        <h3 class=\"page-title text__title\">Zesp\u00f3\u0142<\/h3>\r\n                        <div class=\"text-modules__content\"><\/div>\r\n                    <\/div>\r\n                <\/div>[\/vc_column][\/vc_row][vc_row el_class=&#8221;container&#8221;][vc_column width=&#8221;1\/12&#8243;][\/vc_column][vc_column width=&#8221;11\/12&#8243;]\r\n                <div class=\"text-modules\">\r\n                    <div class=\"container\">\r\n                        \r\n                        <div class=\"text-modules__content\"><\/p>\n<p><strong style=\"color: #011535;\">Kierownik projektu<\/strong><\/p>\n<p>\n<\/div>\r\n                    <\/div>\r\n                <\/div>[\/vc_column][\/vc_row][vc_row el_class=&#8221;container&#8221;][vc_column width=&#8221;1\/12&#8243;][\/vc_column][vc_column width=&#8221;4\/12&#8243;]\r\n                <div class=\"text-modules\">\r\n                    <div class=\"container\">\r\n                        \r\n                        <div class=\"text-modules__content\"><\/p>\n<p style=\"text-align: right;\"><img class=\"alignnone wp-image-786 size-full\" src=\"https:\/\/us.edu.pl\/icrk\/wp-content\/uploads\/sites\/55\/Obrazy\/prof-Barbara-Kozusznik_fot-Malgorzata-Kloskowicz.jpg\" alt=\"prof. dr hab. Barbara Ko\u017cusznik\" width=\"100%\" height=\"auto\" \/><br \/>\n<span style=\"font-size: 10pt;\"><em><span style=\"color: #808080;\">fot. Ma\u0142gorzata K\u0142oskowicz<\/span><\/em><\/span><\/p>\n<p>\n<\/div>\r\n                    <\/div>\r\n                <\/div>[\/vc_column][vc_column width=&#8221;7\/12&#8243;][vc_empty_space][vc_tta_tabs][vc_tta_section title=&#8221;prof. dr hab. Barbara Ko\u017cusznik&#8221; tab_id=&#8221;1590741027412-f309705c-c611&#8243;]\r\n                <div class=\"text-modules\">\r\n                    <div class=\"container\">\r\n                        \r\n                        <div class=\"text-modules__content\"><\/p>\n<p>Profesor psychologii, dyrektor Interdyscyplinarnego Centrum Rozwoju Kadr, pe\u0142nomocnik rektora ds. rozwoju kadr Uniwersytetu \u015al\u0105skiego w Katowicach, prezydent Division 1 Work and Organizational Psychology International Association of Applied Psychology (IAAP), cz\u0142onek European Association of Work and Organizational Psychology (EAWOP), prezes zarz\u0105du Polskiego Stowarzyszenia Psychologii Organizacji.<\/p>\n<p>\n<\/div>\r\n                    <\/div>\r\n                <\/div>[\/vc_tta_section][\/vc_tta_tabs][\/vc_column][\/vc_row][vc_row el_class=&#8221;container&#8221;][vc_column width=&#8221;1\/12&#8243;][\/vc_column][vc_column width=&#8221;11\/12&#8243;]\r\n                <div class=\"text-modules\">\r\n                    <div class=\"container\">\r\n                        \r\n                        <div class=\"text-modules__content\"><\/p>\n<p><strong style=\"color: #011535;\">G\u0142\u00f3wni wykonawcy<\/strong><\/p>\n<p>\n<\/div>\r\n                    <\/div>\r\n                <\/div>[vc_tta_tabs][vc_tta_section title=&#8221;Katarzyna Wi\u0119cek-Jakubek&#8221; tab_id=&#8221;1590741027816-4dcd726f-21f8&#8243;]\r\n                <div class=\"text-modules\">\r\n                    <div class=\"container\">\r\n                        \r\n                        <div class=\"text-modules__content\"><\/p>\n<p>Specjalista w zakresie psychologii pracy i organizacji, kierownik Dzia\u0142u HR i Komunikacji z Pracownikami Uniwersytetu \u015al\u0105skiego w Katowicach, cz\u0142onek zarz\u0105du Division 1 Work and Organizational Psychology International Association of Applied Psychology (IAAP), cz\u0142onek European Association of Work and Organizational Psychology (EAWOP), cz\u0142onek Polskiego Stowarzyszenia Psychologii Organizacji.<\/p>\n<p>\n<\/div>\r\n                    <\/div>\r\n                <\/div>[\/vc_tta_section][vc_tta_section title=&#8221;dr hab. in\u017c. Olaf Flak, prof. U\u015a&#8221; tab_id=&#8221;1590741027905-6c1372b9-f323&#8243;]\r\n                <div class=\"text-modules\">\r\n                    <div class=\"container\">\r\n                        \r\n                        <div class=\"text-modules__content\"><\/p>\n<p>Specjalista w zakresie konkurencyjno\u015bci przedsi\u0119biorstw, technik i narz\u0119dzi mened\u017cerskich oraz automatyzacji pracy zespo\u0142u, prodziekan ds. umi\u0119dzynarodowienia i organizacji Szko\u0142y Filmowej im. Krzysztofa Kie\u015blowskiego Uniwersytetu \u015al\u0105skiego w Katowicach, tytu\u0142 doktora in\u017cyniera uzyska\u0142 w zakresie nauk ekonomicznych.<\/p>\n<p>\n<\/div>\r\n                    <\/div>\r\n                <\/div>[\/vc_tta_section][vc_tta_section title=&#8221;dr Ma\u0142gorzata Chrupa\u0142a-Pniak&#8221; tab_id=&#8221;1590741028003-c352c5a6-e7ec&#8221;]\r\n                <div class=\"text-modules\">\r\n                    <div class=\"container\">\r\n                        \r\n                        <div class=\"text-modules__content\"><\/p>\n<p>Specjalista w zakresie psychologii pracy i organizacji, w szczeg\u00f3lno\u015bci problematyki zaanga\u017cowania w prac\u0119 oraz psychologicznych predyktor\u00f3w efektywno\u015bci pracy zespo\u0142\u00f3w pracowniczych; aktualnie specjalista ds. bada\u0144 stanu kapita\u0142u ludzkiego w Dziale HR i Komunikacji z Pracownikami Uniwersytetu \u015al\u0105skiego w Katowicach.<\/p>\n<p>\n<\/div>\r\n                    <\/div>\r\n                <\/div>[\/vc_tta_section][vc_tta_section title=&#8221;dr Adrian Pyszka&#8221; tab_id=&#8221;1590741028206-22cb93e7-eece&#8221;]\r\n                <div class=\"text-modules\">\r\n                    <div class=\"container\">\r\n                        \r\n                        <div class=\"text-modules__content\"><\/p>\n<p>Specjalista w zakresie wspomagania zmian s\u0142u\u017c\u0105cych zwi\u0119kszaniu zatrudnialno\u015bci pracownik\u00f3w na rynku pracy i budowania program\u00f3w restrukturyzacji zatrudnienia z elementami wsparcia pracownik\u00f3w przez procesy zmian, r\u00f3wnie\u017c w zatrudnieniu.<\/p>\n<p>\n<\/div>\r\n                    <\/div>\r\n                <\/div>[\/vc_tta_section][\/vc_tta_tabs][vc_tta_tabs][vc_tta_section title=&#8221;dr Barbara Smorczewska&#8221; tab_id=&#8221;1590741028394-ba2b4e2b-ea75&#8243;]\r\n                <div class=\"text-modules\">\r\n                    <div class=\"container\">\r\n                        \r\n                        <div class=\"text-modules__content\"><\/p>\n<p>Specjalista w zakresie psychologii, adiunkt w Instytucie Psychologii Uniwersytetu \u015al\u0105skiego w Katowicach, cz\u0142onek zarz\u0105du European Association of Work and Organizational Psychology (EAWOP).<\/p>\n<p>\n<\/div>\r\n                    <\/div>\r\n                <\/div>[\/vc_tta_section][vc_tta_section title=&#8221;Micha\u0142 Fafi\u0144ski&#8221; tab_id=&#8221;1590741028499-91c5ce89-854e&#8221;]\r\n                <div class=\"text-modules\">\r\n                    <div class=\"container\">\r\n                        \r\n                        <div class=\"text-modules__content\"><\/p>\n<p>Broker innowacji, pracownik Biura Wsp\u00f3\u0142pracy z Gospodark\u0105 Uniwersytetu \u015al\u0105skiego w Katowicach, gdzie zajmuje si\u0119 prowadzeniem doradztwa dla pracownik\u00f3w naukowych w zakresie: pozyskiwania dotacji na dzia\u0142alno\u015b\u0107 B+R, oceny zg\u0142aszania projekt\u00f3w pod k\u0105tem biznesowo-gospodarczym oraz w zakresie potencja\u0142u komercyjnego projekt\u00f3w.<\/p>\n<p>\n<\/div>\r\n                    <\/div>\r\n                <\/div>[\/vc_tta_section][vc_tta_section title=&#8221;Anna W\u0119grzyn&#8221; tab_id=&#8221;1590741028628-c953e1fe-2963&#8243;]\r\n                <div class=\"text-modules\">\r\n                    <div class=\"container\">\r\n                        \r\n                        <div class=\"text-modules__content\"><\/p>\n<p>Mened\u017cer ds. zarz\u0105dzania zasobami ludzkimi w BPSC, specjalista w zakresie projektowania funkcjonalno\u015bci system\u00f3w informatycznych wspomagaj\u0105cych ZZL, opracowywanie analiz przedwdro\u017ceniowych, projektowanie podstawowych proces\u00f3w personalnych oraz audytu kompetencji.<\/p>\n<p>\n<\/div>\r\n                    <\/div>\r\n                <\/div>[\/vc_tta_section][vc_tta_section title=&#8221;Anna Olender-Sta\u015bkiewicz&#8221; tab_id=&#8221;1590741028755-53505295-60c2&#8243;]\r\n                <div class=\"text-modules\">\r\n                    <div class=\"container\">\r\n                        \r\n                        <div class=\"text-modules__content\"><\/p>\n<p>Koordynator projektu pn. \u201eInterdyscyplinarne Centrum Rozwoju Kadr: <em>think tank<\/em> ds. rozwoju kluczowych kompetencji kadr przysz\u0142o\u015bci dla polskiej nauki\u201d finansowanego z Ministerstwa Nauki i Szkolnictwa Wy\u017cszego w ramach programu DIALOG<\/p>\n<p>\n<\/div>\r\n                    <\/div>\r\n                <\/div>[\/vc_tta_section][\/vc_tta_tabs][\/vc_column][\/vc_row][vc_row el_class=&#8221;container&#8221;][vc_column width=&#8221;1\/12&#8243;][\/vc_column][vc_column width=&#8221;5\/12&#8243;]\r\n                <div class=\"text-modules\">\r\n                    <div class=\"container\">\r\n                        \r\n                        <div class=\"text-modules__content\"><\/p>\n<p><img class=\"wp-image-350 size-full\" src=\"https:\/\/us.edu.pl\/icrk\/wp-content\/uploads\/sites\/55\/Obrazy\/MG_6396_fot-Julia-Agnieszka-Szymala.jpg\" alt=\"Dziewi\u0119\u0107 os\u00f3b na zdj\u0119ciu \" width=\"100%\" srcset=\"https:\/\/us.edu.pl\/icrk\/wp-content\/uploads\/sites\/55\/Obrazy\/MG_6396_fot-Julia-Agnieszka-Szymala.jpg 1024w, https:\/\/us.edu.pl\/icrk\/wp-content\/uploads\/sites\/55\/Obrazy\/MG_6396_fot-Julia-Agnieszka-Szymala-300x200.jpg 300w, https:\/\/us.edu.pl\/icrk\/wp-content\/uploads\/sites\/55\/Obrazy\/MG_6396_fot-Julia-Agnieszka-Szymala-768x512.jpg 768w, https:\/\/us.edu.pl\/icrk\/wp-content\/uploads\/sites\/55\/Obrazy\/MG_6396_fot-Julia-Agnieszka-Szymala-575x384.jpg 575w\" sizes=\"(max-width: 1024px) 100vw, 1024px\" \/><\/p>\n<p>\n<\/div>\r\n                    <\/div>\r\n                <\/div>[\/vc_column][vc_column width=&#8221;6\/12&#8243;][vc_empty_space]\r\n                <div class=\"text-modules\">\r\n                    <div class=\"container\">\r\n                        \r\n                        <div class=\"text-modules__content\"><\/p>\n<p style=\"color: #333333; font-size: 10pt;\"><span style=\"font-size: 10pt;\">Cz\u0142onkowie zespo\u0142u<\/span><\/p>\n<p style=\"color: #333333; font-size: 10pt;\"><span style=\"font-size: 10pt;\">Na zdj\u0119ciu:<\/span><\/p>\n<ul>\n<li style=\"color: #333333; font-size: 10pt;\">od lewej, pierwszy rz\u0105d: kierownik projektu, dyrektor ICRK prof. dr hab. Barbara Ko\u017cusznik, dr Barbara Smorczewska, Micha\u0142 Fafi\u0144ski, dr hab. Olaf Flak, prof. U\u015a, dr Ma\u0142gorzata K\u0142oskowicz,<\/li>\n<li style=\"color: #333333; font-size: 10pt;\">od lewej, drugi rz\u0105d: Anna W\u0119grzyn, Anna Olender-Sta\u015bkiewicz, dr Ma\u0142gorzata Chrupa\u0142a-Pniak, dr Adrian Pyszka, a tak\u017ce (nieobecna na zdj\u0119ciu) Katarzyna Wi\u0119cek-Jakubek.<\/li>\n<\/ul>\n<p style=\"color: #333333; font-size: 10pt;\">Fot. Julia Agnieszka Szymala<\/p>\n<p>\n<\/div>\r\n                    <\/div>\r\n                <\/div>[\/vc_column][\/vc_row]<\/p>\n<p><\/p>","protected":false},"excerpt":{"rendered":"<p>[vc_row el_class=&#8221;container&#8221;][vc_column][\/vc_column][\/vc_row][vc_row el_class=&#8221;container&#8221;][vc_column width=&#8221;1\/12&#8243;][\/vc_column][vc_column width=&#8221;11\/12&#8243;][\/vc_column][\/vc_row][vc_row el_class=&#8221;container&#8221;][vc_column width=&#8221;1\/12&#8243;][\/vc_column][vc_column width=&#8221;4\/12&#8243;][\/vc_column][vc_column width=&#8221;7\/12&#8243;][vc_empty_space][vc_tta_tabs][vc_tta_section title=&#8221;prof. dr hab. Barbara Ko\u017cusznik&#8221; tab_id=&#8221;1590741027412-f309705c-c611&#8243;][\/vc_tta_section][\/vc_tta_tabs][\/vc_column][\/vc_row][vc_row el_class=&#8221;container&#8221;][vc_column width=&#8221;1\/12&#8243;][\/vc_column][vc_column width=&#8221;11\/12&#8243;][vc_tta_tabs][vc_tta_section title=&#8221;Katarzyna Wi\u0119cek-Jakubek&#8221; tab_id=&#8221;1590741027816-4dcd726f-21f8&#8243;][\/vc_tta_section][vc_tta_section title=&#8221;dr hab. in\u017c. Olaf Flak, prof. U\u015a&#8221; tab_id=&#8221;1590741027905-6c1372b9-f323&#8243;][\/vc_tta_section][vc_tta_section title=&#8221;dr Ma\u0142gorzata Chrupa\u0142a-Pniak&#8221; tab_id=&#8221;1590741028003-c352c5a6-e7ec&#8221;][\/vc_tta_section][vc_tta_section title=&#8221;dr Adrian Pyszka&#8221; tab_id=&#8221;1590741028206-22cb93e7-eece&#8221;][\/vc_tta_section][\/vc_tta_tabs][vc_tta_tabs][vc_tta_section title=&#8221;dr Barbara Smorczewska&#8221; tab_id=&#8221;1590741028394-ba2b4e2b-ea75&#8243;][\/vc_tta_section][vc_tta_section title=&#8221;Micha\u0142 Fafi\u0144ski&#8221; tab_id=&#8221;1590741028499-91c5ce89-854e&#8221;][\/vc_tta_section][vc_tta_section title=&#8221;Anna W\u0119grzyn&#8221; tab_id=&#8221;1590741028628-c953e1fe-2963&#8243;][\/vc_tta_section][vc_tta_section title=&#8221;Anna Olender-Sta\u015bkiewicz&#8221; tab_id=&#8221;1590741028755-53505295-60c2&#8243;][\/vc_tta_section][\/vc_tta_tabs][\/vc_column][\/vc_row][vc_row el_class=&#8221;container&#8221;][vc_column width=&#8221;1\/12&#8243;][\/vc_column][vc_column width=&#8221;5\/12&#8243;][\/vc_column][vc_column width=&#8221;6\/12&#8243;][vc_empty_space][\/vc_column][\/vc_row] [&#8230;]<\/p>\n<p><a class=\"btn btn-secondary understrap-read-more-link\" href=\"https:\/\/us.edu.pl\/icrk\/inicjatywy\/zespol\/\">Read More&#8230;<\/a><\/p>\n","protected":false},"author":139,"featured_media":0,"parent":325,"menu_order":0,"comment_status":"closed","ping_status":"closed","template":"","meta":{"_expiration-date-status":"saved","_expiration-date":0,"_expiration-date-type":"","_expiration-date-categories":[],"_expiration-date-options":[]},"acf":[],"_links":{"self":[{"href":"https:\/\/us.edu.pl\/icrk\/wp-json\/wp\/v2\/pages\/771"}],"collection":[{"href":"https:\/\/us.edu.pl\/icrk\/wp-json\/wp\/v2\/pages"}],"about":[{"href":"https:\/\/us.edu.pl\/icrk\/wp-json\/wp\/v2\/types\/page"}],"author":[{"embeddable":true,"href":"https:\/\/us.edu.pl\/icrk\/wp-json\/wp\/v2\/users\/139"}],"replies":[{"embeddable":true,"href":"https:\/\/us.edu.pl\/icrk\/wp-json\/wp\/v2\/comments?post=771"}],"version-history":[{"count":16,"href":"https:\/\/us.edu.pl\/icrk\/wp-json\/wp\/v2\/pages\/771\/revisions"}],"predecessor-version":[{"id":1799,"href":"https:\/\/us.edu.pl\/icrk\/wp-json\/wp\/v2\/pages\/771\/revisions\/1799"}],"up":[{"embeddable":true,"href":"https:\/\/us.edu.pl\/icrk\/wp-json\/wp\/v2\/pages\/325"}],"wp:attachment":[{"href":"https:\/\/us.edu.pl\/icrk\/wp-json\/wp\/v2\/media?parent=771"}],"curies":[{"name":"wp","href":"https:\/\/api.w.org\/{rel}","templated":true}]}}