{"id":5797,"date":"2023-03-27T10:59:27","date_gmt":"2023-03-27T08:59:27","guid":{"rendered":"https:\/\/us.edu.pl\/instytut\/ibbios\/?post_type=event&#038;p=5797"},"modified":"2023-03-27T11:38:26","modified_gmt":"2023-03-27T09:38:26","slug":"nie-mamy-planety-b-spotkanie-w-ramach-klubu-mysli-ekologicznej","status":"publish","type":"event","link":"https:\/\/us.edu.pl\/instytut\/ibbios\/event\/nie-mamy-planety-b-spotkanie-w-ramach-klubu-mysli-ekologicznej\/","title":{"rendered":"\u201eNie mamy planety B\u201d &#8211; spotkanie w ramach Klubu My\u015bli Ekologicznej"},"content":{"rendered":"<p>[vc_row][vc_column]\r\n                <div class=\"text-modules reverse\">\r\n                    <div class=\"container\">\r\n                         \r\n                        <div class=\"row m-0\">\r\n                            <div class=\"text-modules__content\">\r\n                                <\/p>\n<div class=\"x11i5rnm xat24cr x1mh8g0r x1vvkbs xdj266r\">Zapraszamy na trzecie spotkanie z eko-filmem <strong>18 kwietnia 2023 o godz. 17:30<\/strong> w kinoteatrze <strong>Rialto<\/strong> w Katowicach na projekcj\u0119 filmu <span style=\"color: #339966;\"><strong>\u201ePlaneta 2.0\u201d <\/strong><span style=\"color: #000000;\">(re\u017c. Matt Wolf, USA, 2020, 115 min.)<\/span><\/span>.<\/div>\n<div><\/div>\n<div><\/div>\n<div><\/div>\n<div>Film opowiada histori\u0119 grupy ekolog\u00f3w i my\u015blicieli, z Johnem Alenem na czele. Doprowadzaj\u0105 oni do realizacji olbrzymiego przedsi\u0119wzi\u0119cia badawczego, transmitowanego w 1991 r. przez telewizj\u0119 na ca\u0142ym \u015bwiecie. Badacze zamkn\u0119li si\u0119 w wybudowanej &#8222;Biosferze 2&#8221; (&#8222;Biosfera 1&#8221; to Ziemia) na pustyni w Arizonie na 2 lata. Energi\u0119 dostarcza\u0142o im s\u0142o\u0144ce oraz gaz ziemny. Stworzyli tam swoist\u0105 Ark\u0119 Noego, aby pog\u0142\u0119bi\u0107 wiedz\u0119 o prawach ekologii oraz egzystencji na Ziemi. Eksperyment by\u0142 r\u00f3wnie\u017c testem dla wielu dziedzin nauk przed pr\u00f3b\u0105 kolonizacji kosmosu. Jednak rzeczywisto\u015b\u0107 przebywania w zamkni\u0119ciu zweryfikowa\u0142a wizje uczestnik\u00f3w projektu.<\/div>\n<div><\/div>\n<div><\/div>\n<div><\/div>\n<p><strong>UWAGA<\/strong>: Wst\u0119p na wydarzenie jest bezp\u0142atny, obowi\u0105zuj\u0105 wej\u015bci\u00f3wki do odbioru w kasie kina lub pobrane poprzez <a href=\"https:\/\/rialto.katowice.pl\/\">stron\u0119 internetow\u0105<\/a>.<\/p>\n<div><\/div>\n<div><\/div>\n<div>Spotkanie poprowadz\u0105:<\/div>\n<ul>\n<li><strong>prof. Piotr Skuba\u0142a<\/strong> (Wydzia\u0142 Nauk Przyrodniczych, Uniwersytet \u015al\u0105ski, ekolog, akarolog, etyk \u015brodowiskowy, edukator ekologiczny, aktywista klimatyczny)<\/li>\n<li><strong>dr Ryszard Kulik<\/strong> (Pracownia na rzecz Wszystkich Istot, psycholog, ekofilozof skoncentrowany na g\u0142\u0119bokiej ekologii, autor ksi\u0105\u017cek i artyku\u0142\u00f3w po\u015bwi\u0119conych relacji cz\u0142owiek \u2013 przyroda).<\/li>\n<\/ul>\n<div><\/div>\n<div>\n<hr \/>\n<\/div>\n<div><\/div>\n<div>\n<div class=\"x11i5rnm xat24cr x1mh8g0r x1vvkbs xtlvy1s\">ORGANIZATORZY:<\/div>\n<ul>\n<li class=\"x11i5rnm xat24cr x1mh8g0r x1vvkbs xtlvy1s\">Klub My\u015bli Ekologicznej<\/li>\n<li class=\"x11i5rnm xat24cr x1mh8g0r x1vvkbs xtlvy1s\">Metropolia GZM<\/li>\n<li class=\"x11i5rnm xat24cr x1mh8g0r x1vvkbs xtlvy1s\">Uniwersytet \u015al\u0105ski w Katowicach<\/li>\n<li class=\"x11i5rnm xat24cr x1mh8g0r x1vvkbs xtlvy1s\">Wydzia\u0142 Nauk Przyrodniczych U\u015a<\/li>\n<li class=\"x11i5rnm xat24cr x1mh8g0r x1vvkbs xtlvy1s\">Millennium Docs Against Gravity<\/li>\n<\/ul>\n<div class=\"x11i5rnm xat24cr x1mh8g0r x1vvkbs xtlvy1s\"><\/div>\n<div class=\"x11i5rnm xat24cr x1mh8g0r x1vvkbs xtlvy1s\">PATRONAT MEDIALNY:<\/div>\n<ul>\n<li class=\"x11i5rnm xat24cr x1mh8g0r x1vvkbs xtlvy1s\">Gazeta Uniwersytecka U\u015a w Katowicach<\/li>\n<li class=\"x11i5rnm xat24cr x1mh8g0r x1vvkbs xtlvy1s\">Miesi\u0119cznik Dzikie \u017bycie<\/li>\n<li class=\"x11i5rnm xat24cr x1mh8g0r x1vvkbs xtlvy1s\">Miesi\u0119cznik AURA<\/li>\n<li class=\"x11i5rnm xat24cr x1mh8g0r x1vvkbs xtlvy1s\">Kwartalnik Ekologia<\/li>\n<li class=\"x11i5rnm xat24cr x1mh8g0r x1vvkbs xtlvy1s\">Edukacja Etyczna<\/li>\n<li class=\"x11i5rnm xat24cr x1mh8g0r x1vvkbs xtlvy1s\">\u015al\u0105ska Opinia<\/li>\n<li class=\"x11i5rnm xat24cr x1mh8g0r x1vvkbs xtlvy1s\">Europe Direct \u015al\u0105skie<\/li>\n<\/ul>\n<\/div>\n<div class=\"x11i5rnm xat24cr x1mh8g0r x1vvkbs xtlvy1s\"><\/div>\n<div class=\"mt-3\"><\/div>\r\n                            <\/div>\r\n                            \r\n                            <div class=\"text-modules__img\"><img src=\"https:\/\/us.edu.pl\/instytut\/ibbios\/wp-content\/uploads\/sites\/36\/Bez-kategorii\/dzikie-zycie-2-1-1024x1024.png\" alt=\"img\"><\/div>\r\n                        <\/div>\r\n                    <\/div>\r\n                <\/div>[\/vc_column][\/vc_row]<\/p>","protected":false},"excerpt":{"rendered":"<p>[vc_row][vc_column][\/vc_column][\/vc_row] [&#8230;]<\/p>\n<p><a class=\"btn btn-secondary understrap-read-more-link\" href=\"https:\/\/us.edu.pl\/instytut\/ibbios\/event\/nie-mamy-planety-b-spotkanie-w-ramach-klubu-mysli-ekologicznej\/\">Read More&#8230;<\/a><\/p>\n","protected":false},"author":41,"featured_media":5828,"template":"","meta":{"_expiration-date-status":"","_expiration-date":0,"_expiration-date-type":"","_expiration-date-categories":[],"_expiration-date-options":[]},"acf":[],"_links":{"self":[{"href":"https:\/\/us.edu.pl\/instytut\/ibbios\/wp-json\/wp\/v2\/event\/5797"}],"collection":[{"href":"https:\/\/us.edu.pl\/instytut\/ibbios\/wp-json\/wp\/v2\/event"}],"about":[{"href":"https:\/\/us.edu.pl\/instytut\/ibbios\/wp-json\/wp\/v2\/types\/event"}],"author":[{"embeddable":true,"href":"https:\/\/us.edu.pl\/instytut\/ibbios\/wp-json\/wp\/v2\/users\/41"}],"version-history":[{"count":10,"href":"https:\/\/us.edu.pl\/instytut\/ibbios\/wp-json\/wp\/v2\/event\/5797\/revisions"}],"predecessor-version":[{"id":5829,"href":"https:\/\/us.edu.pl\/instytut\/ibbios\/wp-json\/wp\/v2\/event\/5797\/revisions\/5829"}],"wp:featuredmedia":[{"embeddable":true,"href":"https:\/\/us.edu.pl\/instytut\/ibbios\/wp-json\/wp\/v2\/media\/5828"}],"wp:attachment":[{"href":"https:\/\/us.edu.pl\/instytut\/ibbios\/wp-json\/wp\/v2\/media?parent=5797"}],"curies":[{"name":"wp","href":"https:\/\/api.w.org\/{rel}","templated":true}]}}

„Nie mamy planety B” &#8211; spotkanie w ramach Klubu Myśli Ekologicznej

<p>[vc_row][vc_column]
                <div class="text-modules reverse">
                    <div class="container">
                         
                        <div class="row m-0">
                            <div class="text-modules__content">
                                </p>
<div class="x11i5rnm xat24cr x1mh8g0r x1vvkbs xdj266r">Zapraszamy na trzecie spotkanie z eko-filmem <strong>18 kwietnia 2023 o godz. 17:30</strong> w kinoteatrze <strong>Rialto</strong> w Katowicach na projekcję filmu <span style="color: #339966;"><strong>„Planeta 2.0” </strong><span style="color: #000000;">(reż. Matt Wolf, USA, 2020, 115 min.)</span></span>.</div>
<div></div>
<div></div>
<div></div>
<div>Film opowiada historię grupy ekologów i myślicieli, z Johnem Alenem na czele. Doprowadzają oni do realizacji olbrzymiego przedsięwzięcia badawczego, transmitowanego w 1991 r. przez telewizję na całym świecie. Badacze zamknęli się w wybudowanej &#8222;Biosferze 2&#8221; (&#8222;Biosfera 1&#8221; to Ziemia) na pustyni w Arizonie na 2 lata. Energię dostarczało im słońce oraz gaz ziemny. Stworzyli tam swoistą Arkę Noego, aby pogłębić wiedzę o prawach ekologii oraz egzystencji na Ziemi. Eksperyment był również testem dla wielu dziedzin nauk przed próbą kolonizacji kosmosu. Jednak rzeczywistość przebywania w zamknięciu zweryfikowała wizje uczestników projektu.</div>
<div></div>
<div></div>
<div></div>
<p><strong>UWAGA</strong>: Wstęp na wydarzenie jest bezpłatny, obowiązują wejściówki do odbioru w kasie kina lub pobrane poprzez <a href="https://rialto.katowice.pl/">stronę internetową</a>.</p>
<div></div>
<div></div>
<div>Spotkanie poprowadzą:</div>
<ul>
<li><strong>prof. Piotr Skubała</strong> (Wydział Nauk Przyrodniczych, Uniwersytet Śląski, ekolog, akarolog, etyk środowiskowy, edukator ekologiczny, aktywista klimatyczny)</li>
<li><strong>dr Ryszard Kulik</strong> (Pracownia na rzecz Wszystkich Istot, psycholog, ekofilozof skoncentrowany na głębokiej ekologii, autor książek i artykułów poświęconych relacji człowiek – przyroda).</li>
</ul>
<div></div>
<div>
<hr />
</div>
<div></div>
<div>
<div class="x11i5rnm xat24cr x1mh8g0r x1vvkbs xtlvy1s">ORGANIZATORZY:</div>
<ul>
<li class="x11i5rnm xat24cr x1mh8g0r x1vvkbs xtlvy1s">Klub Myśli Ekologicznej</li>
<li class="x11i5rnm xat24cr x1mh8g0r x1vvkbs xtlvy1s">Metropolia GZM</li>
<li class="x11i5rnm xat24cr x1mh8g0r x1vvkbs xtlvy1s">Uniwersytet Śląski w Katowicach</li>
<li class="x11i5rnm xat24cr x1mh8g0r x1vvkbs xtlvy1s">Wydział Nauk Przyrodniczych UŚ</li>
<li class="x11i5rnm xat24cr x1mh8g0r x1vvkbs xtlvy1s">Millennium Docs Against Gravity</li>
</ul>
<div class="x11i5rnm xat24cr x1mh8g0r x1vvkbs xtlvy1s"></div>
<div class="x11i5rnm xat24cr x1mh8g0r x1vvkbs xtlvy1s">PATRONAT MEDIALNY:</div>
<ul>
<li class="x11i5rnm xat24cr x1mh8g0r x1vvkbs xtlvy1s">Gazeta Uniwersytecka UŚ w Katowicach</li>
<li class="x11i5rnm xat24cr x1mh8g0r x1vvkbs xtlvy1s">Miesięcznik Dzikie Życie</li>
<li class="x11i5rnm xat24cr x1mh8g0r x1vvkbs xtlvy1s">Miesięcznik AURA</li>
<li class="x11i5rnm xat24cr x1mh8g0r x1vvkbs xtlvy1s">Kwartalnik Ekologia</li>
<li class="x11i5rnm xat24cr x1mh8g0r x1vvkbs xtlvy1s">Edukacja Etyczna</li>
<li class="x11i5rnm xat24cr x1mh8g0r x1vvkbs xtlvy1s">Śląska Opinia</li>
<li class="x11i5rnm xat24cr x1mh8g0r x1vvkbs xtlvy1s">Europe Direct Śląskie</li>
</ul>
</div>
<div class="x11i5rnm xat24cr x1mh8g0r x1vvkbs xtlvy1s"></div>
<div class="mt-3"></div>
                            </div>
                            
                            <div class="text-modules__img"><img src="https://us.edu.pl/instytut/ibbios/wp-content/uploads/sites/36/Bez-kategorii/dzikie-zycie-2-1-1024x1024.png" alt="img"></div>
                        </div>
                    </div>
                </div>[/vc_column][/vc_row]</p>
