{"id":6220,"date":"2023-04-12T10:50:18","date_gmt":"2023-04-12T08:50:18","guid":{"rendered":"https:\/\/us.edu.pl\/instytut\/ibbios\/?post_type=event&#038;p=6220"},"modified":"2023-04-12T10:50:18","modified_gmt":"2023-04-12T08:50:18","slug":"szpik-jako-fabryka-krwi-czyli-wstep-do-hematologii-webinar-z-lek-grzegorzem-henslerem-z-dkms","status":"publish","type":"event","link":"https:\/\/us.edu.pl\/instytut\/ibbios\/event\/szpik-jako-fabryka-krwi-czyli-wstep-do-hematologii-webinar-z-lek-grzegorzem-henslerem-z-dkms\/","title":{"rendered":"&#8221;Szpik jako fabryka krwi &#8211; czyli wst\u0119p do hematologii&#8221; &#8211; webinar z lek. Grzegorzem Henslerem z DKMS"},"content":{"rendered":"<p>[vc_row][vc_column]\r\n                <div class=\"text-modules\">\r\n                    <div class=\"container\">\r\n                        \r\n                        <div class=\"text-modules__content\"><p><span style=\"font-size: 12pt;\"><strong>Wampiriada<\/strong> i <strong>Studenci Dla Zdrowia<\/strong> zapraszaj\u0105 na darmowy webinar, kt\u00f3ry powstaje przy wsp\u00f3\u0142pracy z\u00a0<strong>fundacj\u0105 DKMS<\/strong>. Spotkanie b\u0119dzie po\u015bwi\u0119cone przybli\u017ceniu najwa\u017cniejszego narz\u0105du krwiotw\u00f3rczego w ciele cz\u0142owieka &#8211;\u00a0<strong>szpikowi kostnemu<\/strong>.\u00a0\u00a0\ud83e\ude78<\/span><\/p>\n<p><span style=\"font-size: 12pt;\">Spotkanie poprowadzi <strong>lek. Grzegorz Hensler<\/strong>, kt\u00f3ry jest zawodowo zwi\u0105zany z fundacj\u0105 DKMS, gdzie odpowiada m.in. za kwestie medyczne zwi\u0105zane z rejestracj\u0105 potencjalnych dawc\u00f3w, ocen\u0105 stanu zdrowia i kwalifikacj\u0105 dawc\u00f3w.<\/span><\/p>\n<p>&nbsp;<\/p>\n<p><span style=\"font-size: 12pt;\">Opowiemy mi\u0119dzy innymi o:<\/span><\/p>\n<p><span style=\"font-size: 12pt;\">\u00a0 \u00a0\u2728 Szpiku kostnym jako fabryce krwi.<\/span><\/p>\n<p><span style=\"font-size: 12pt;\">\u00a0 \u00a0\u2728 Krwiotw\u00f3rczej kom\u00f3rce macierzystej szpiku jako cichej bohaterce procesu krwiotworzenia.<\/span><\/p>\n<p><span style=\"font-size: 12pt;\">\u00a0 \u00a0\u2728Dojrza\u0142ych kom\u00f3rkach krwi i ich funkcjach.<\/span><\/p>\n<p><span style=\"font-size: 12pt;\">\u00a0 \u00a0\u2728Czarnym scenariuszu- co si\u0119 stanie, je\u015bli kom\u00f3rka macierzysta pope\u0142ni b\u0142\u0105d?<\/span><\/p>\n<p>&nbsp;<\/p>\n<p><span style=\"font-size: 12pt;\">Spotkanie odb\u0119dzie si\u0119\u00a0<strong>13 kwietnia<\/strong>\u00a0(czwartek)\u00a0<strong>o godzinie 18:00 w formie live na Facebooku. <\/strong>Transmisja b\u0119dzie dost\u0119pna <a href=\"https:\/\/facebook.com\/events\/s\/szpik-jako-fabryka-krwi-czyli-\/453258156977708\/\">na wydarzeniu<\/a>.\u00a0<\/span><\/p>\n<p>&nbsp;<\/p>\n<p><span style=\"font-size: 12pt;\">Serdecznie zapraszamy!\u00a0\u2764\ufe0f<\/span><\/p>\n<p>&nbsp;<\/p>\n<hr \/>\n<p><span style=\"font-size: 12pt;\">Lek. Grzegorz Hensler &#8211; absolwent Akademii Medycznej w Gda\u0144sku. W 2009r zdoby\u0142 specjalizacj\u0119 z chor\u00f3b wewn\u0119trznych w Klinice Hematologii i Onkologii z Odzia\u0142em Transplantacji Szpiku UCK WUM w Warszawie. Nast\u0119pnie rozpocz\u0105\u0142 specjalizacj\u0119 z onkologii klinicznej w Szpitalu MSWiA w Warszawie. Od 2015r zwi\u0105zany zawodowo z Fundacj\u0105 DKMS, gdzie odpowiada za kwestie medyczne zwi\u0105zane z rejestracj\u0105 potencjalnych dawc\u00f3w, ocen\u0105 stanu zdrowia i kwalifikacj\u0105 dawc\u00f3w w procedurze donacji kom\u00f3rek macierzystych szpiku oraz analiz\u0119 danych zdrowotnych dawc\u00f3w po donacji.<\/span><\/p>\n<p>\n<\/div>\r\n                    <\/div>\r\n                <\/div>[\/vc_column][\/vc_row]<\/p>","protected":false},"excerpt":{"rendered":"<p>[vc_row][vc_column][\/vc_column][\/vc_row] [&#8230;]<\/p>\n<p><a class=\"btn btn-secondary understrap-read-more-link\" href=\"https:\/\/us.edu.pl\/instytut\/ibbios\/event\/szpik-jako-fabryka-krwi-czyli-wstep-do-hematologii-webinar-z-lek-grzegorzem-henslerem-z-dkms\/\">Read More&#8230;<\/a><\/p>\n","protected":false},"author":4825,"featured_media":6221,"template":"","meta":{"_expiration-date-status":"","_expiration-date":0,"_expiration-date-type":"","_expiration-date-categories":[],"_expiration-date-options":[]},"acf":[],"_links":{"self":[{"href":"https:\/\/us.edu.pl\/instytut\/ibbios\/wp-json\/wp\/v2\/event\/6220"}],"collection":[{"href":"https:\/\/us.edu.pl\/instytut\/ibbios\/wp-json\/wp\/v2\/event"}],"about":[{"href":"https:\/\/us.edu.pl\/instytut\/ibbios\/wp-json\/wp\/v2\/types\/event"}],"author":[{"embeddable":true,"href":"https:\/\/us.edu.pl\/instytut\/ibbios\/wp-json\/wp\/v2\/users\/4825"}],"version-history":[{"count":2,"href":"https:\/\/us.edu.pl\/instytut\/ibbios\/wp-json\/wp\/v2\/event\/6220\/revisions"}],"predecessor-version":[{"id":6223,"href":"https:\/\/us.edu.pl\/instytut\/ibbios\/wp-json\/wp\/v2\/event\/6220\/revisions\/6223"}],"wp:featuredmedia":[{"embeddable":true,"href":"https:\/\/us.edu.pl\/instytut\/ibbios\/wp-json\/wp\/v2\/media\/6221"}],"wp:attachment":[{"href":"https:\/\/us.edu.pl\/instytut\/ibbios\/wp-json\/wp\/v2\/media?parent=6220"}],"curies":[{"name":"wp","href":"https:\/\/api.w.org\/{rel}","templated":true}]}}

&#8221;Szpik jako fabryka krwi &#8211; czyli wstęp do hematologii&#8221; &#8211; webinar z lek. Grzegorzem Henslerem z DKMS

<p>[vc_row][vc_column]
                <div class="text-modules">
                    <div class="container">
                        
                        <div class="text-modules__content"><p><span style="font-size: 12pt;"><strong>Wampiriada</strong> i <strong>Studenci Dla Zdrowia</strong> zapraszają na darmowy webinar, który powstaje przy współpracy z <strong>fundacją DKMS</strong>. Spotkanie będzie poświęcone przybliżeniu najważniejszego narządu krwiotwórczego w ciele człowieka &#8211; <strong>szpikowi kostnemu</strong>.  🩸</span></p>
<p><span style="font-size: 12pt;">Spotkanie poprowadzi <strong>lek. Grzegorz Hensler</strong>, który jest zawodowo związany z fundacją DKMS, gdzie odpowiada m.in. za kwestie medyczne związane z rejestracją potencjalnych dawców, oceną stanu zdrowia i kwalifikacją dawców.</span></p>
<p>&nbsp;</p>
<p><span style="font-size: 12pt;">Opowiemy między innymi o:</span></p>
<p><span style="font-size: 12pt;">   ✨ Szpiku kostnym jako fabryce krwi.</span></p>
<p><span style="font-size: 12pt;">   ✨ Krwiotwórczej komórce macierzystej szpiku jako cichej bohaterce procesu krwiotworzenia.</span></p>
<p><span style="font-size: 12pt;">   ✨Dojrzałych komórkach krwi i ich funkcjach.</span></p>
<p><span style="font-size: 12pt;">   ✨Czarnym scenariuszu- co się stanie, jeśli komórka macierzysta popełni błąd?</span></p>
<p>&nbsp;</p>
<p><span style="font-size: 12pt;">Spotkanie odbędzie się <strong>13 kwietnia</strong> (czwartek) <strong>o godzinie 18:00 w formie live na Facebooku. </strong>Transmisja będzie dostępna <a href="https://facebook.com/events/s/szpik-jako-fabryka-krwi-czyli-/453258156977708/">na wydarzeniu</a>. </span></p>
<p>&nbsp;</p>
<p><span style="font-size: 12pt;">Serdecznie zapraszamy! ❤️</span></p>
<p>&nbsp;</p>
<hr />
<p><span style="font-size: 12pt;">Lek. Grzegorz Hensler &#8211; absolwent Akademii Medycznej w Gdańsku. W 2009r zdobył specjalizację z chorób wewnętrznych w Klinice Hematologii i Onkologii z Odziałem Transplantacji Szpiku UCK WUM w Warszawie. Następnie rozpoczął specjalizację z onkologii klinicznej w Szpitalu MSWiA w Warszawie. Od 2015r związany zawodowo z Fundacją DKMS, gdzie odpowiada za kwestie medyczne związane z rejestracją potencjalnych dawców, oceną stanu zdrowia i kwalifikacją dawców w procedurze donacji komórek macierzystych szpiku oraz analizę danych zdrowotnych dawców po donacji.</span></p>
<p>
</div>
                    </div>
                </div>[/vc_column][/vc_row]</p>
