{"id":1870,"date":"2020-10-28T08:04:04","date_gmt":"2020-10-28T07:04:04","guid":{"rendered":"https:\/\/us.edu.pl\/instytut\/ibbios\/?page_id=1870"},"modified":"2022-02-28T11:26:20","modified_gmt":"2022-02-28T10:26:20","slug":"konferencje-i-seminaria","status":"publish","type":"page","link":"https:\/\/us.edu.pl\/instytut\/ibbios\/konferencje-i-seminaria\/","title":{"rendered":"Konferencje, Seminaria i Szkolenia"},"content":{"rendered":"<p>[vc_row][vc_column]\r\n\r\n            <div class=\"blocks\" style=\"text-align: \">\r\n               <div class=\"container\">\r\n                  <div class=\"page-title\">Nadchodz\u0105ce konferencje:<\/div>\r\n                  <div class=\"row m-0 blocks_4\">\r\n                  \r\n                     <a href=\"https:\/\/us.edu.pl\/instytut\/ibbios\/2022\/02\/10\/konferencja-naturalne-zasoby-obszarow-granicznych-w-warunkach-zmieniajacego-sie-klimatu-narbac-2022\/\" class=\"thumbnail blocks__item\" style=\"background-image: url(https:\/\/us.edu.pl\/instytut\/ibbios\/wp-content\/uploads\/sites\/36\/Nieprzypisane\/NARBAC-2022-1024x777.jpg)\">\r\n                        <span>wi\u0119cej<\/span>\r\n                        <div class=\"blocks__bottom\">\r\n                        <div class=\"blocks__title\">Naturalne zasoby obszar\u00f3w granicznych w warunkach zmieniaj\u0105cego si\u0119 klimatu \u2013 NARBAC 2022<\/div>\r\n                        <div class=\"blocks__subtitle\">20-23.09.2022 w S\u0142upsku<\/div>\r\n                        <\/div>\r\n                     <\/a>\r\n                  \r\n                     <a href=\"https:\/\/us.edu.pl\/instytut\/ibbios\/2021\/12\/17\/amor-plantarum-nos-unit-laczy-nas-umilowanie-roslin-lix-zjazd-polskiego-towarzystwa-botanicznego\/\" class=\"thumbnail blocks__item\" style=\"background-image: url(https:\/\/us.edu.pl\/instytut\/ibbios\/wp-content\/uploads\/sites\/36\/Nieprzypisane\/PTB-1024x646.jpg)\">\r\n                        <span>wi\u0119cej<\/span>\r\n                        <div class=\"blocks__bottom\">\r\n                        <div class=\"blocks__title\">\u201eAmor plantarum nos unit \u2013 \u0141\u0105czy nas umi\u0142owanie ro\u015blin\u201d. LIX Zjazd Polskiego Towarzystwa Botanicznego<\/div>\r\n                        <div class=\"blocks__subtitle\">26.06-3.07.2022 w Warszawie<\/div>\r\n                        <\/div>\r\n                     <\/a><\/div>     \r\n               <\/div>\r\n            <\/div>\r\n\t\t\t\t\t<div class='container'>\r\n\t\t\t\t\t\t<div class='sidebar_moduls sidebar_dropdown zakladki' style='background-color: #FFFFFF'>\r\n\t\t\t\t\t\t\t<h3 class='page-title'><\/h3>\r\n\t\t\t\t\t\t\t<p class='zakladki__desc'>Minione:<\/p>\r\n\r\n\t\t\t\t\t\t\t<div class='bookmarks'>\r\n\t\t\t\t\t<div class=\"bookmark\">\r\n\t\t\t\t\t\t<div class=\"bookmark__title\">\r\n                            <p>\r\n                                <span class=\"short\">2021<\/span>\r\n                                <span class=\"long\">2021<\/span>\r\n                            <\/p>\r\n\t\t\t\t\t\t<\/div>\r\n\t\t\t\t\t\t\r\n\t\t\t\t\t\t<div class=\"bookmark__content-wrap\">\r\n\t\t\t\t\t\t\t<div class=\"bookmark__content\">\r\n\r\n\t\t\t\t\t\t\t\t\r\n\r\n\t\t\t\t\t\t\t\t<div class=\"bookmark_text\" style=\"\">\r\n\t\t\t\t\t\t\t\t<a href=\"https:\/\/us.edu.pl\/instytut\/ibbios\/2021\/12\/09\/katastrofa-klimatyczna-i-zagrozenia-srodowiskowe-konferencja-naukowa\/\"><b>\u201eKatastrofa klimatyczna i zagro\u017cenia \u015brodowiskowe; nowe wyzwania dla edukacji w kontek\u015bcie rozwijania kompetencji kluczowych i realizacji priorytet\u00f3w Ministerstwa Edukacji i Nauki w roku szkolnym 2021\/2022\u201d<\/b><\/a> 16.12.2021, online <br>\n<br>\n<a href=\"https:\/\/us.edu.pl\/t4e\/english-first-annual-transform4europe-phd-conference\/\"><b>Pierwsza coroczna konferencja doktorant\u00f3w Transform4Europe<\/b><\/a> 8-9.12.2021, online <br>\n<br>\n<a href=\"https:\/\/us.edu.pl\/instytut\/ibbios\/2021\/11\/22\/konferencja-naukowa-dobre-praktyki-dla-wzmacniania-bioroznorodnosci-i-aktywnej-ochrony-muraw-galmanowych\/\"><b> \u201cDobre praktyki dla wzmacniania bior\u00f3\u017cnorodno\u015bci i aktywnej ochrony muraw galmanowych\u201d<\/b><\/a> 23.11.2021, Katowice <br>\n<br>\n<a href=\"https:\/\/www.eurobiotech.krakow.pl\/gb\/?utm_source=newsletter&utm_medium=link&utm_campaign=base_general_1\"><b>Eurobiotech<\/b><\/a> 22-24.09.2021, Krak\u00f3w <br>\n<br>\n<a href=\"https:\/\/pg.edu.pl\/iakos\/iakos-2021\"><b>Interdyscyplinarna Akademicka Konferencja Ochrony \u015arodowiska<\/b><\/a> 22-24.09.2021, Gda\u0144sk <br>\n<br>\n<a href=\"https:\/\/ptber.org.pl\/default\/konferencje\/10th-conference\/\"><b>\u201cExperimental plant biology at various scales: from molecules to the environment.\u201d<\/b><\/a> 20-23.09.2021, Katowice <br>\n<br>\n<a href=\"https:\/\/pbsociety.org.pl\/default\/konferencje\/anahist2021\/\"><b>II Konferencja \u201eAnatomia i histogeneza ro\u015blin: dzi\u015b i jutro\u201d<\/b><\/a> 7-8.09.2021, online <br>\n<br>\n<a href=\"https:\/\/us.edu.pl\/instytut\/ibbios\/2021\/04\/16\/zaproszenie-na-konferencje-pt-zoologia-dzis-trendy-wyzwania-kierunki-na-przyszlosc\/\"><b>\u201eZoologia dzi\u015b: trendy, wyzwania, kierunki na przysz\u0142o\u015b\u0107\u201d<\/b><\/a> 7-8.09.2021, Rzesz\u00f3w <br>\n<br>\n<a href=\"https:\/\/spychowo.olsztyn.lasy.gov.pl\/wydarzenia\/-\/asset_publisher\/1M8a\/content\/konferencja-zwalczanie-inwazyjnych-gatunkow-roslin-w-lasach-ze-szczegolnym-uwzglednieniem-czeremchy-amerykanskie-1\"><b>\"Zwalczanie inwazyjnych gatunk\u00f3w ro\u015blin w lasach, ze szczeg\u00f3lnym uwzgl\u0119dnieniem czeremchy ameryka\u0144skiej\"<\/b><\/a> 17-18.06.2021, Spychowo<br>\r\n\t\t\t\t\t\t\t\t<br>\r\n\t\t\t\t\t\t\t\t\r\n\t\t\t\t\t\t\t\t<\/div>\r\n\t\t\t\t\t\t\t<\/div>\r\n\t\t\t\t\t\t<\/div>\r\n\t\t\t\t\t<\/div><\/div>\r\n\t\t\t\t\t\t<\/div>\r\n\t\t\t\t\t <\/div>[\/vc_column][\/vc_row][vc_row][vc_column]\r\n\r\n            <div class=\"blocks\" style=\"text-align: \">\r\n               <div class=\"container\">\r\n                  <div class=\"page-title\">Szkolenia<\/div>\r\n                  <div class=\"row m-0 blocks_4\">\r\n                  \r\n                     <a href=\"https:\/\/us.edu.pl\/instytut\/ibbios\/2022\/02\/24\/nabor-na-szkolenie-teoretyczno-praktyczne-w-zakresie-wykorzystania-biomasy-dla-celow-energetycznych-oraz-chemicznych\/\" class=\"thumbnail blocks__item\" style=\"background-image: url(https:\/\/us.edu.pl\/instytut\/ibbios\/wp-content\/uploads\/sites\/36\/2020\/05\/scott-graham-OQMZwNd3ThU-unsplash-1024x683.jpg)\">\r\n                        <span>wi\u0119cej<\/span>\r\n                        <div class=\"blocks__bottom\">\r\n                        <div class=\"blocks__title\">Szkolenie teoretyczno\u2013praktyczne w zakresie wykorzystania biomasy dla cel\u00f3w energetycznych oraz chemicznych<\/div>\r\n                        <div class=\"blocks__subtitle\">9-10 marca 2022, Zabrze<\/div>\r\n                        <\/div>\r\n                     <\/a>\r\n                  \r\n                     <a href=\"https:\/\/www.xenstats.pl\/szkolenia-z-programowania-w-r\" class=\"thumbnail blocks__item\" style=\"background-image: url(https:\/\/us.edu.pl\/instytut\/ibbios\/wp-content\/uploads\/sites\/36\/2021\/03\/1032108280.jpg)\">\r\n                        <span>wi\u0119cej<\/span>\r\n                        <div class=\"blocks__bottom\">\r\n                        <div class=\"blocks__title\">Wprowadzenie do R i RStudio dla pocz\u0105tkuj\u0105cych <\/div>\r\n                        <div class=\"blocks__subtitle\">5-6 Czerwca 2021 - Pozna\u0144<\/div>\r\n                        <\/div>\r\n                     <\/a><\/div>     \r\n               <\/div>\r\n            <\/div>[\/vc_column][\/vc_row][vc_row][vc_column]\r\n\r\n            <div class=\"blocks\" style=\"text-align: \">\r\n               <div class=\"container\">\r\n                  <div class=\"page-title\">Seminaria<\/div>\r\n                  <div class=\"row m-0 blocks_4\">\r\n                  \r\n                     <a href=\"http:\/\/biodiversity-polsca.pan.pl\/\" class=\"thumbnail blocks__item\" style=\"background-image: url(https:\/\/us.edu.pl\/instytut\/ibbios\/wp-content\/uploads\/sites\/36\/2020\/05\/ssb-banner-6-1024x427.png)\">\r\n                        <span>wi\u0119cej<\/span>\r\n                        <div class=\"blocks__bottom\">\r\n                        <div class=\"blocks__title\">\"Science for EU 2030 Biodiversity Strategy\"<\/div>\r\n                        <div class=\"blocks__subtitle\">21 maja 2021, online<\/div>\r\n                        <\/div>\r\n                     <\/a><\/div>     \r\n               <\/div>\r\n            <\/div>[\/vc_column][\/vc_row]<\/p>","protected":false},"excerpt":{"rendered":"<p>[vc_row][vc_column][\/vc_column][\/vc_row][vc_row][vc_column][\/vc_column][\/vc_row][vc_row][vc_column][\/vc_column][\/vc_row] [&#8230;]<\/p>\n<p><a class=\"btn btn-secondary understrap-read-more-link\" href=\"https:\/\/us.edu.pl\/instytut\/ibbios\/konferencje-i-seminaria\/\">Read More&#8230;<\/a><\/p>\n","protected":false},"author":2283,"featured_media":0,"parent":0,"menu_order":0,"comment_status":"closed","ping_status":"closed","template":"","meta":{"_expiration-date-status":"saved","_expiration-date":0,"_expiration-date-type":"","_expiration-date-categories":[],"_expiration-date-options":[]},"acf":[],"_links":{"self":[{"href":"https:\/\/us.edu.pl\/instytut\/ibbios\/wp-json\/wp\/v2\/pages\/1870"}],"collection":[{"href":"https:\/\/us.edu.pl\/instytut\/ibbios\/wp-json\/wp\/v2\/pages"}],"about":[{"href":"https:\/\/us.edu.pl\/instytut\/ibbios\/wp-json\/wp\/v2\/types\/page"}],"author":[{"embeddable":true,"href":"https:\/\/us.edu.pl\/instytut\/ibbios\/wp-json\/wp\/v2\/users\/2283"}],"replies":[{"embeddable":true,"href":"https:\/\/us.edu.pl\/instytut\/ibbios\/wp-json\/wp\/v2\/comments?post=1870"}],"version-history":[{"count":10,"href":"https:\/\/us.edu.pl\/instytut\/ibbios\/wp-json\/wp\/v2\/pages\/1870\/revisions"}],"predecessor-version":[{"id":4067,"href":"https:\/\/us.edu.pl\/instytut\/ibbios\/wp-json\/wp\/v2\/pages\/1870\/revisions\/4067"}],"wp:attachment":[{"href":"https:\/\/us.edu.pl\/instytut\/ibbios\/wp-json\/wp\/v2\/media?parent=1870"}],"curies":[{"name":"wp","href":"https:\/\/api.w.org\/{rel}","templated":true}]}}