{"id":5979,"date":"2023-03-28T11:50:48","date_gmt":"2023-03-28T09:50:48","guid":{"rendered":"https:\/\/us.edu.pl\/instytut\/ibbios\/?page_id=5979"},"modified":"2023-03-28T13:36:59","modified_gmt":"2023-03-28T11:36:59","slug":"zespol-mikrobiologii-i-bioremediacji-srodowiska","status":"publish","type":"page","link":"https:\/\/us.edu.pl\/instytut\/ibbios\/zespol-mikrobiologii-i-bioremediacji-srodowiska\/","title":{"rendered":"Zesp\u00f3\u0142 Mikrobiologii i Bioremediacji \u015arodowiska"},"content":{"rendered":"<p>[vc_row][vc_column]\r\n                <div class=\"text-modules \">\r\n                    <div class=\"container\">\r\n                        <h3 class=\"section-title section-title_border-bottom\">Zesp\u00f3\u0142 Mikrobiologii i Bioremediacji \u015arodowiska<\/h3> <h3 class=\"subtitle text-modules__subtitle\">Temat badawczy: Analiza transkryptomiczna gleby i ro\u015blin w czasie wspomaganej fitoremediacji.<\/h3>\r\n                        <div class=\"row m-0\">\r\n                            <div class=\"text-modules__content\">\r\n                                <span style=\"font-size: 12pt;\">Wyniki wielu bada\u0144 pokazuj\u0105, \u017ce wprowadzenie do gleby ska\u017conej w\u0119glowodorami ropopochodnymi bakterii, w celu wspomagania fitoremediacji, niejednokrotnie nie przynosi oczekiwanych efekt\u00f3w. Przyczyny niepowodzenia tego procesu mog\u0105 by\u0107 zwi\u0105zane ze z\u0142o\u017conymi oddzia\u0142ywaniami w obr\u0119bie zespo\u0142\u00f3w mikroorganizm\u00f3w, s\u0142ab\u0105 prze\u017cywalno\u015bci\u0105 wprowadzanych szczep\u00f3w, a tak\u017ce nisk\u0105 aktywno\u015bci\u0105 mechanizm\u00f3w wspomagania fitoremediacji po wprowadzeniu szczep\u00f3w do ska\u017conej gleby. Nie wiadomo r\u00f3wnie\u017c jak wprowadzane szczepy wp\u0142ywaj\u0105 na aktywno\u015b\u0107 ro\u015blinnych mechanizm\u00f3w obrony przed stresem. <\/span><\/p>\n<p><span style=\"font-size: 12pt;\">G\u0142\u00f3wne cele projektu to: <\/span><\/p>\n<ul>\n<li><span style=\"font-size: 12pt;\">okre\u015blenie wp\u0142ywu inokulowanych bakterii wspomagaj\u0105cych fitoremediacj\u0119 na potencja\u0142 degradacyjny ryzo- i endosfery, poprzez okre\u015blenie poziomu ekspresji wybranych gen\u00f3w bakteryjnych <\/span><\/li>\n<li><span style=\"font-size: 12pt;\">oraz okre\u015blenie aktywno\u015bci ro\u015blinnych mechanizm\u00f3w obrony przed stresem, aktywnych w czasie wspomaganej fitoremediacji, badanie fizjologicznej odpowiedzi ro\u015bliny na inokulacj\u0119 gleby bakteriami, a tak\u017ce analiza transkryptomu ro\u015bliny przed i po wprowadzeniu bakterii.\u00a0\u00a0\u00a0\u00a0<\/span><\/li>\n<\/ul>\n<p><span style=\"font-size: 12pt;\">Uzyskane w trakcie realizacji projektu wyniki poszerz\u0105 wiedz\u0119 na temat interakcji pomi\u0119dzy wprowadzanymi szczepami i bakteriami autochtonicznymi oraz ro\u015blinami, a tak\u017ce kluczowych czynnik\u00f3w wp\u0142ywaj\u0105cych na efektywno\u015b\u0107 wspomaganej fitoremediacji gleb ska\u017conych w\u0119glowodorami ropopochodnymi. Uzyskane wyniki umo\u017cliwi\u0105 ponadto pe\u0142niejsze wykorzystanie potencja\u0142u bakterii do wspomagania fitoremediacji, co umo\u017cliwi optymalizacj\u0119 proces\u00f3w oczyszczania \u015brodowiska z wykorzystaniem ro\u015blin. Wyizolowane w ramach projektu szczepy stworz\u0105 kolekcj\u0119 bakterii, kt\u00f3rych skuteczno\u015b\u0107 b\u0119dzie nast\u0119pnie potwierdzana w eksperymentach polowych.<\/span><\/p>\n<p>&nbsp;<\/p>\n<p>S\u0142owa kluczowe:<\/p>\n<ul>\n<li>Fitoremediacja<\/li>\n<li>Bakterie wspomagaj\u0105ce wzrost ro\u015blin<\/li>\n<li>W\u0119glowodory ropopochodne<\/li>\n<li>Metatranskryptomika<\/li>\n<li>Ekspresja gen\u00f3w<\/li>\n<\/ul>\n<div class=\"mt-3\"><\/div>\r\n                            <\/div>\r\n                            \r\n                            \r\n                        <\/div>\r\n                    <\/div>\r\n                <\/div>\r\n                <div class=\"text-modules \">\r\n                    <div class=\"container\">\r\n                        <h3 class=\"section-title section-title_border-bottom\">Sk\u0142ad zespo\u0142u:<\/h3> \r\n                        <div class=\"row m-0\">\r\n                            <div class=\"text-modules__content\">\r\n                                <\/p>\n<ol>\n<li><span style=\"font-size: 12pt;\"><strong>\u00a0Dr hab. Tomasz P\u0142ociniczak, prof. U\u015a<\/strong>\u00a0\u2013 lider zespo\u0142u<\/span><\/li>\n<li><span style=\"font-size: 12pt;\">\u00a0Dr Magdalena Noszczy\u0144ska\u00a0<\/span><\/li>\n<li><span style=\"font-size: 12pt;\">\u00a0Dr Magdalena Pacwa-P\u0142ociniczak\u00a0<\/span><\/li>\n<li><span style=\"font-size: 12pt;\">\u00a0Mgr Agata Kumor<\/span><\/li>\n<li><span style=\"font-size: 12pt;\">\u00a0Mgr Marta Prach<\/span><\/li>\n<\/ol>\n<div class=\"mt-3\"><\/div>\r\n                            <\/div>\r\n                            \r\n                            \r\n                        <\/div>\r\n                    <\/div>\r\n                <\/div>[\/vc_column][\/vc_row]<\/p>","protected":false},"excerpt":{"rendered":"<p>[vc_row][vc_column][\/vc_column][\/vc_row] [&#8230;]<\/p>\n<p><a class=\"btn btn-secondary understrap-read-more-link\" href=\"https:\/\/us.edu.pl\/instytut\/ibbios\/zespol-mikrobiologii-i-bioremediacji-srodowiska\/\">Read More&#8230;<\/a><\/p>\n","protected":false},"author":4825,"featured_media":0,"parent":0,"menu_order":0,"comment_status":"closed","ping_status":"closed","template":"","meta":{"_expiration-date-status":"","_expiration-date":0,"_expiration-date-type":"","_expiration-date-categories":[],"_expiration-date-options":[]},"acf":[],"_links":{"self":[{"href":"https:\/\/us.edu.pl\/instytut\/ibbios\/wp-json\/wp\/v2\/pages\/5979"}],"collection":[{"href":"https:\/\/us.edu.pl\/instytut\/ibbios\/wp-json\/wp\/v2\/pages"}],"about":[{"href":"https:\/\/us.edu.pl\/instytut\/ibbios\/wp-json\/wp\/v2\/types\/page"}],"author":[{"embeddable":true,"href":"https:\/\/us.edu.pl\/instytut\/ibbios\/wp-json\/wp\/v2\/users\/4825"}],"replies":[{"embeddable":true,"href":"https:\/\/us.edu.pl\/instytut\/ibbios\/wp-json\/wp\/v2\/comments?post=5979"}],"version-history":[{"count":3,"href":"https:\/\/us.edu.pl\/instytut\/ibbios\/wp-json\/wp\/v2\/pages\/5979\/revisions"}],"predecessor-version":[{"id":6042,"href":"https:\/\/us.edu.pl\/instytut\/ibbios\/wp-json\/wp\/v2\/pages\/5979\/revisions\/6042"}],"wp:attachment":[{"href":"https:\/\/us.edu.pl\/instytut\/ibbios\/wp-json\/wp\/v2\/media?parent=5979"}],"curies":[{"name":"wp","href":"https:\/\/api.w.org\/{rel}","templated":true}]}}