{"id":5983,"date":"2023-03-28T12:04:46","date_gmt":"2023-03-28T10:04:46","guid":{"rendered":"https:\/\/us.edu.pl\/instytut\/ibbios\/?page_id=5983"},"modified":"2023-03-28T13:37:50","modified_gmt":"2023-03-28T11:37:50","slug":"zespol-histologii-i-embriologii-zwierzat","status":"publish","type":"page","link":"https:\/\/us.edu.pl\/instytut\/ibbios\/zespol-histologii-i-embriologii-zwierzat\/","title":{"rendered":"Zesp\u00f3\u0142 Histologii i Embriologii Zwierz\u0105t"},"content":{"rendered":"<p>[vc_row][vc_column]\r\n                <div class=\"text-modules \">\r\n                    <div class=\"container\">\r\n                        <h3 class=\"section-title section-title_border-bottom\">Zesp\u00f3\u0142 Histologii i Embriologii Zwierz\u0105t<\/h3> <h3 class=\"subtitle text-modules__subtitle\">Temat badawczy: Rozw\u00f3j, struktura i biologia wybranych narz\u0105d\u00f3w bezkr\u0119gowc\u00f3w i kr\u0119gowc\u00f3w.<\/h3>\r\n                        <div class=\"row m-0\">\r\n                            <div class=\"text-modules__content\">\r\n                                Analiza zespo\u0142\u00f3w kom\u00f3rek p\u0142ciowych siode\u0142kowc\u00f3w (<em>Annelida<\/em>:\u00a0<em>Clitellata<\/em>). Analiza p\u0142ynu celomatycznego d\u017cd\u017cownicy\u00a0<em>Dendrobaena veneta<\/em> w kontek\u015bcie jego w\u0142a\u015bciwo\u015bci antynowotworowych. Wyja\u015bnienie pozycji troficznej wazonkowc\u00f3w. Okre\u015blenie dynamiki i aktywno\u015bci mitochondri\u00f3w w zespo\u0142ach kom\u00f3rek p\u0142ciowych w czasie spermatogenezy. Analiza budowy jajnik\u00f3w i przebiegu oogenezy siode\u0142kowc\u00f3w. Badania molekularne i morfologiczne nad r\u00f3\u017cnorodno\u015bci\u0105 pijawek szczeciowych. Analiza budowy uk\u0142adu rozrodczego i przebiegu procesu rozmna\u017cania nowych dla nauki gatunk\u00f3w niesporczak\u00f3w. Analiza wp\u0142ywu stresor\u00f3w \u015brodowiskowych na biologi\u0119 niesporczak\u00f3w. R\u00f3\u017cnicowanie trzustki \u0142uskono\u015bnych w kontek\u015bcie filogenezy. R\u00f3\u017cnicowanie siatk\u00f3wki oka w kontek\u015bcie r\u00f3\u017cnicowania zegara biologicznego. Ekspresja Hsp70 w rozwoju wybranych narz\u0105d\u00f3w \u0142uskono\u015bnych. Analiza zmian strukturalnych i ultrastrukturalnych, aktywacji proces\u00f3w \u015bmierci kom\u00f3rkowej oraz zmian w aktywno\u015bci mitochondri\u00f3w w kom\u00f3rkach w wyniku kr\u00f3tko- i d\u0142ugoterminowej ekspozycji na wybrane ksenobiotoyki (gluten, metale ci\u0119\u017ckie, pestycydy, nanoplastki, farmaceutyki).<\/p>\n<p>&nbsp;<\/p>\n<p>S\u0142owa kluczowe:<\/p>\n<ul>\n<li>histologia zwierz\u0105t<\/li>\n<li>biologia rozwoju zwierz\u0105t<\/li>\n<li>ultrastruktura kom\u00f3rek zwierz\u0119cych<\/li>\n<li>embriologia<\/li>\n<li>histochemia<\/li>\n<\/ul>\n<p>&nbsp;<\/p>\n<p><a href=\"https:\/\/www.facebook.com\/zhez.us\">Facebook zespo\u0142u<\/a> \r\n                                <div class=\"mt-3\"><\/div>\r\n                            <\/div>\r\n                            \r\n                            \r\n                        <\/div>\r\n                    <\/div>\r\n                <\/div>\r\n                <div class=\"text-modules \">\r\n                    <div class=\"container\">\r\n                         \r\n                        <div class=\"row m-0\">\r\n                            <div class=\"text-modules__content\">\r\n                                <\/p>\n<ol>\n<li><span style=\"font-size: 12pt;\"><strong>\u00a0Prof. dr hab. Magdalena Rost-Roszkowska<\/strong>\u00a0\u2013 lider zespo\u0142u<\/span><\/li>\n<li><span style=\"font-size: 12pt;\">\u00a0Dr Pawe\u0142 Kaczmarek\u00a0<\/span><\/li>\n<li><span style=\"font-size: 12pt;\">\u00a0Dr Magdalena Kowalska\u00a0<\/span><\/li>\n<li><span style=\"font-size: 12pt;\">\u00a0Dr Karol Ma\u0142ota\u00a0<\/span><\/li>\n<li><span style=\"font-size: 12pt;\">\u00a0Dr hab. Izabela Poprawa, prof. U\u015a<\/span><\/li>\n<li><span style=\"font-size: 12pt;\">\u00a0Dr hab. Weronika Rupik, prof. U\u015a\u00a0<\/span><\/li>\n<li><span style=\"font-size: 12pt;\">\u00a0Dr Agnieszka Sosinka\u00a0<\/span><\/li>\n<li><span style=\"font-size: 12pt;\">\u00a0Prof. dr hab. Piotr \u015awi\u0105tek\u00a0<\/span><\/li>\n<li><span style=\"font-size: 12pt;\">\u00a0Dr Anna Urbisz\u00a0<\/span><\/li>\n<li><span style=\"font-size: 12pt;\">\u00a0Alina Chachulska-\u017byme\u0142ka<\/span><\/li>\n<li><span style=\"font-size: 12pt;\">\u00a0Dr \u0141ukasz Chajec\u00a0<\/span><\/li>\n<li><span style=\"font-size: 12pt;\">\u00a0Dr Danuta Urba\u0144ska-Jasik\u00a0<\/span><\/li>\n<li><span style=\"font-size: 12pt;\">\u00a0Mgr \u0141ukasz Gajda<\/span><\/li>\n<li><span style=\"font-size: 12pt;\">\u00a0Mgr Hanna Gorol<\/span><\/li>\n<li><span style=\"font-size: 12pt;\">\u00a0Mgr Kamil Janelt<\/span><\/li>\n<li><span style=\"font-size: 12pt;\">\u00a0Mgr Aleksandra Miernik\u00a0<\/span><\/li>\n<li><span style=\"font-size: 12pt;\">\u00a0Mgr Anna Ostr\u00f3\u017cka\u00a0<\/span><\/li>\n<li><span style=\"font-size: 12pt;\">\u00a0Mgr Patrycja Piotrowska\u00a0<\/span><\/li>\n<li><span style=\"font-size: 12pt;\">\u00a0Mgr Dominika Ra\u015b\u00a0\u00a0<\/span><\/li>\n<li><span style=\"font-size: 12pt;\">\u00a0Agata Aleksa\u00a0<\/span><\/li>\n<li><span style=\"font-size: 12pt;\">\u00a0Oskar Karn\u00f3wka<\/span><\/li>\n<li><span style=\"font-size: 12pt;\">\u00a0\u017baneta Litarska<\/span><\/li>\n<li><span style=\"font-size: 12pt;\">\u00a0Yelyzaveta Matsko<\/span><\/li>\n<li><span style=\"font-size: 12pt;\">\u00a0Julia Sojka<\/span><\/li>\n<li><span style=\"font-size: 12pt;\">\u00a0Filip Wieczorkiewicz<\/span><\/li>\n<\/ol>\n<div class=\"mt-3\"><\/div>\r\n                            <\/div>\r\n                            \r\n                            \r\n                        <\/div>\r\n                    <\/div>\r\n                <\/div>[\/vc_column][\/vc_row]<\/p>","protected":false},"excerpt":{"rendered":"<p>[vc_row][vc_column][\/vc_column][\/vc_row] [&#8230;]<\/p>\n<p><a class=\"btn btn-secondary understrap-read-more-link\" href=\"https:\/\/us.edu.pl\/instytut\/ibbios\/zespol-histologii-i-embriologii-zwierzat\/\">Read More&#8230;<\/a><\/p>\n","protected":false},"author":4825,"featured_media":0,"parent":0,"menu_order":0,"comment_status":"closed","ping_status":"closed","template":"","meta":{"_expiration-date-status":"","_expiration-date":0,"_expiration-date-type":"","_expiration-date-categories":[],"_expiration-date-options":[]},"acf":[],"_links":{"self":[{"href":"https:\/\/us.edu.pl\/instytut\/ibbios\/wp-json\/wp\/v2\/pages\/5983"}],"collection":[{"href":"https:\/\/us.edu.pl\/instytut\/ibbios\/wp-json\/wp\/v2\/pages"}],"about":[{"href":"https:\/\/us.edu.pl\/instytut\/ibbios\/wp-json\/wp\/v2\/types\/page"}],"author":[{"embeddable":true,"href":"https:\/\/us.edu.pl\/instytut\/ibbios\/wp-json\/wp\/v2\/users\/4825"}],"replies":[{"embeddable":true,"href":"https:\/\/us.edu.pl\/instytut\/ibbios\/wp-json\/wp\/v2\/comments?post=5983"}],"version-history":[{"count":2,"href":"https:\/\/us.edu.pl\/instytut\/ibbios\/wp-json\/wp\/v2\/pages\/5983\/revisions"}],"predecessor-version":[{"id":6043,"href":"https:\/\/us.edu.pl\/instytut\/ibbios\/wp-json\/wp\/v2\/pages\/5983\/revisions\/6043"}],"wp:attachment":[{"href":"https:\/\/us.edu.pl\/instytut\/ibbios\/wp-json\/wp\/v2\/media?parent=5983"}],"curies":[{"name":"wp","href":"https:\/\/api.w.org\/{rel}","templated":true}]}}