{"id":6058,"date":"2023-03-28T14:56:58","date_gmt":"2023-03-28T12:56:58","guid":{"rendered":"https:\/\/us.edu.pl\/instytut\/ibbios\/?page_id=6058"},"modified":"2023-03-28T16:21:55","modified_gmt":"2023-03-28T14:21:55","slug":"bartosz-lozowski-idb","status":"publish","type":"page","link":"https:\/\/us.edu.pl\/instytut\/ibbios\/bartosz-lozowski-idb\/","title":{"rendered":"Dr Bartosz \u0141ozowski &#8211; indywidualna dzia\u0142alno\u015b\u0107 badawcza"},"content":{"rendered":"<p>[vc_row][vc_column]\r\n                <div class=\"text-modules \">\r\n                    <div class=\"container\">\r\n                        <h3 class=\"section-title section-title_border-bottom\">Dr Bartosz \u0141ozowski - indywidualna dzia\u0142alno\u015b\u0107 badawcza<\/h3> <h3 class=\"subtitle text-modules__subtitle\">Temat badawczy: Analizy danych \u015brodowiskowych z wykorzystaniem sieci neuronowych.<\/h3>\r\n                        <div class=\"row m-0\">\r\n                            <div class=\"text-modules__content\">\r\n                                <span style=\"font-size: 12pt;\">W ramach realizowanego tematu wykonane zostan\u0105 analizy danych \u015brodowiskowych (g\u0142\u00f3wnie dane dotycz\u0105ce ekosystemu jednego ze zbiornik\u00f3w wodnych) z\u00a0wykorzystaniem sieci neuronowych. Celem tych analiz jest zaproponowanie modelu funkcjonowania zbiornika w oparciu o zaawansowane techniki analizy danych oraz pr\u00f3ba wykrycia zale\u017cno\u015bci w ekosystemie, kt\u00f3re s\u0105 nieoczywiste. Prace b\u0119d\u0105 prowadzone we wsp\u00f3\u0142pracy mi\u0119dzynarodowej z Dr. hab. Salah-Eddine Tachi, assoc. prof. (National Polytechnic School-Algiers, Laboratoire de recherche science de l\u2019eau).<\/span><\/p>\n<p>&nbsp;<\/p>\n<p>S\u0142owa kluczowe:<\/p>\n<ul>\n<li>Analiza danych<\/li>\n<li>Ekosystemy wodne<\/li>\n<li>Sieci neuronowe<\/li>\n<li>Fizjologia zwierz\u0105t<\/li>\n<li>Ekotoksykologia<\/li>\n<\/ul>\n<div class=\"mt-3\"><\/div>\r\n                            <\/div>\r\n                            \r\n                            \r\n                        <\/div>\r\n                    <\/div>\r\n                <\/div>[\/vc_column][\/vc_row]<\/p>","protected":false},"excerpt":{"rendered":"<p>[vc_row][vc_column][\/vc_column][\/vc_row] [&#8230;]<\/p>\n<p><a class=\"btn btn-secondary understrap-read-more-link\" href=\"https:\/\/us.edu.pl\/instytut\/ibbios\/bartosz-lozowski-idb\/\">Read More&#8230;<\/a><\/p>\n","protected":false},"author":4825,"featured_media":0,"parent":0,"menu_order":0,"comment_status":"closed","ping_status":"closed","template":"","meta":{"_expiration-date-status":"","_expiration-date":0,"_expiration-date-type":"","_expiration-date-categories":[],"_expiration-date-options":[]},"acf":[],"_links":{"self":[{"href":"https:\/\/us.edu.pl\/instytut\/ibbios\/wp-json\/wp\/v2\/pages\/6058"}],"collection":[{"href":"https:\/\/us.edu.pl\/instytut\/ibbios\/wp-json\/wp\/v2\/pages"}],"about":[{"href":"https:\/\/us.edu.pl\/instytut\/ibbios\/wp-json\/wp\/v2\/types\/page"}],"author":[{"embeddable":true,"href":"https:\/\/us.edu.pl\/instytut\/ibbios\/wp-json\/wp\/v2\/users\/4825"}],"replies":[{"embeddable":true,"href":"https:\/\/us.edu.pl\/instytut\/ibbios\/wp-json\/wp\/v2\/comments?post=6058"}],"version-history":[{"count":1,"href":"https:\/\/us.edu.pl\/instytut\/ibbios\/wp-json\/wp\/v2\/pages\/6058\/revisions"}],"predecessor-version":[{"id":6059,"href":"https:\/\/us.edu.pl\/instytut\/ibbios\/wp-json\/wp\/v2\/pages\/6058\/revisions\/6059"}],"wp:attachment":[{"href":"https:\/\/us.edu.pl\/instytut\/ibbios\/wp-json\/wp\/v2\/media?parent=6058"}],"curies":[{"name":"wp","href":"https:\/\/api.w.org\/{rel}","templated":true}]}}