{"id":217,"date":"2020-03-20T12:50:22","date_gmt":"2020-03-20T11:50:22","guid":{"rendered":"http:\/\/us.edu.pl\/instytut\/ich\/?page_id=217"},"modified":"2025-01-28T11:31:20","modified_gmt":"2025-01-28T10:31:20","slug":"miroslaw-chorazewski","status":"publish","type":"page","link":"https:\/\/us.edu.pl\/instytut\/ich\/dzialalnosc-naukowa\/zespoly-badawcze\/zastosowania-termodynamiki\/miroslaw-chorazewski\/","title":{"rendered":"dr hab. Miros\u0142aw Chor\u0105\u017cewski, prof. U\u015a"},"content":{"rendered":"<p>[vc_row][vc_column][vc_column_text][\/vc_column_text][\/vc_column][\/vc_row][vc_row][vc_column width=&#8221;1\/12&#8243;][\/vc_column][vc_column width=&#8221;3\/6&#8243;]\r\n                <div class=\"text-modules\">\r\n                    <div class=\"container\">\r\n                        <h3 class=\"page-title text__title\">prof. dr hab. Miros\u0142aw Chor\u0105\u017cewski<\/h3>\r\n                        <div class=\"text-modules__content\"><p><a href=\"https:\/\/ab.us.edu.pl\/emp?id=3102\">Uniwersytet \u015al\u0105ski<\/a><\/p>\n<p><a href=\"https:\/\/orcid.org\/0000-0002-8912-9024\" target=\"_blank\" rel=\"noopener noreferrer\">ORCID<\/a><\/p>\n<p><a href=\"https:\/\/scholar.google.com\/citations?hl=pl&amp;user=399lNJ4AAAAJ&amp;view_op=list_works&amp;sortby=pubdate\">Google Scholar<\/a><\/p>\n<p>Strona internetowa: <a href=\"http:\/\/www.chorazewski.us.edu.pl\/\">http:\/\/chorazewski.us.edu.pl<\/a><\/p>\n<hr \/>\n<p>Informacje:<\/p>\n<p>Doktorat: <em>2003 &#8211; Uniwersytet \u015al\u0105ski w Katowicach, Instytut Chemii<\/em><br \/>\nHabilitacja: <em>2016 &#8211; Uniwersytet \u015al\u0105ski w Katowicach, Instytut Chemii<br \/>\n<\/em>Profesor tytularny: <em>2025<br \/>\n<\/em><\/p>\n<hr \/>\n<p>Dane kontaktowe:<\/p>\n<p>e-mail: <em>miroslaw.chorazewski@us.edu.pl<br \/>\n<\/em>telefon: <em>(32) 359-19-00<\/em><br \/>\nadres: <em>pok. <strong>107<\/strong>, ul. Bankowa 14, 40-007 Katowice<\/em><\/p>\n<hr \/>\n<p>Wsp\u00f3\u0142praca:<\/p>\n<ul>\n<li>Kursk State University, Theoretical Physics Department, Russia (Prof. Eugene B. Postnikov)<\/li>\n<li>CIC energigune, Alava Technology Park, MI\u00d1ANO \u00c1lava, Spain (Dr. Yaroslav Grosu)<\/li>\n<li>Ariel University, The Department Chemical Engineering, Israel (Prof. Ilya Polishuk)<\/li>\n<li>Universit\u00e9 de Tours, D\u00e9partement de chimie, Physicochimie des Mat\u00e9riaux et Electrolytes pour l&#8217;\u00e9nergie, France (Prof. Johan Jacquemin)<\/li>\n<li>University of Lorraine, Laboratoire de Physique et Chimie Th\u00e9oriques, France (Prof. Claude Millot)<\/li>\n<li>Institut de Chimie de Clermont-Ferrand, France (Prof. Jean-Marie Nedelec)<\/li>\n<li>Western Norway University of Applied Sciences, Department of Mechanical and Marine Engineering, Norway (Prof. Boris Balakin)<\/li>\n<li>Kursk State University, General Physics Department, Laboratory of Molecular Acoustics, Russia (Dr. Vyacheslav Verveyko)<\/li>\n<\/ul>\n<p>\n<\/div>\r\n                    <\/div>\r\n                <\/div>[\/vc_column][vc_column width=&#8221;2\/6&#8243;][\/vc_column][vc_column width=&#8221;1\/12&#8243;][\/vc_column][\/vc_row][vc_row][vc_column][vc_column_text][\/vc_column_text][\/vc_column][\/vc_row]<\/p>","protected":false},"excerpt":{"rendered":"<p>[vc_row][vc_column][vc_column_text][\/vc_column_text][\/vc_column][\/vc_row][vc_row][vc_column width=&#8221;1\/12&#8243;][\/vc_column][vc_column width=&#8221;3\/6&#8243;][\/vc_column][vc_column width=&#8221;2\/6&#8243;][\/vc_column][vc_column width=&#8221;1\/12&#8243;][\/vc_column][\/vc_row][vc_row][vc_column][vc_column_text][\/vc_column_text][\/vc_column][\/vc_row] [&#8230;]<\/p>\n<p><a class=\"btn btn-secondary understrap-read-more-link\" href=\"https:\/\/us.edu.pl\/instytut\/ich\/dzialalnosc-naukowa\/zespoly-badawcze\/zastosowania-termodynamiki\/miroslaw-chorazewski\/\">Read More&#8230;<\/a><\/p>\n","protected":false},"author":99,"featured_media":0,"parent":192,"menu_order":0,"comment_status":"closed","ping_status":"closed","template":"","meta":{"_expiration-date-status":"","_expiration-date":0,"_expiration-date-type":"","_expiration-date-categories":[],"_expiration-date-options":[]},"acf":[],"_links":{"self":[{"href":"https:\/\/us.edu.pl\/instytut\/ich\/wp-json\/wp\/v2\/pages\/217"}],"collection":[{"href":"https:\/\/us.edu.pl\/instytut\/ich\/wp-json\/wp\/v2\/pages"}],"about":[{"href":"https:\/\/us.edu.pl\/instytut\/ich\/wp-json\/wp\/v2\/types\/page"}],"author":[{"embeddable":true,"href":"https:\/\/us.edu.pl\/instytut\/ich\/wp-json\/wp\/v2\/users\/99"}],"replies":[{"embeddable":true,"href":"https:\/\/us.edu.pl\/instytut\/ich\/wp-json\/wp\/v2\/comments?post=217"}],"version-history":[{"count":10,"href":"https:\/\/us.edu.pl\/instytut\/ich\/wp-json\/wp\/v2\/pages\/217\/revisions"}],"predecessor-version":[{"id":3356,"href":"https:\/\/us.edu.pl\/instytut\/ich\/wp-json\/wp\/v2\/pages\/217\/revisions\/3356"}],"up":[{"embeddable":true,"href":"https:\/\/us.edu.pl\/instytut\/ich\/wp-json\/wp\/v2\/pages\/192"}],"wp:attachment":[{"href":"https:\/\/us.edu.pl\/instytut\/ich\/wp-json\/wp\/v2\/media?parent=217"}],"curies":[{"name":"wp","href":"https:\/\/api.w.org\/{rel}","templated":true}]}}