{"id":308,"date":"2020-03-25T14:35:16","date_gmt":"2020-03-25T13:35:16","guid":{"rendered":"http:\/\/us.edu.pl\/instytut\/ich\/?page_id=308"},"modified":"2026-03-23T16:07:23","modified_gmt":"2026-03-23T15:07:23","slug":"polimery-i-materialy-funkcjonalne","status":"publish","type":"page","link":"https:\/\/us.edu.pl\/instytut\/ich\/dzialalnosc-naukowa\/zespoly-badawcze\/polimery-i-materialy-funkcjonalne\/","title":{"rendered":"Polimery i Materia\u0142y Funkcjonalne"},"content":{"rendered":"<p>[vc_row][vc_column][vc_column_text][\/vc_column_text][\/vc_column][\/vc_row][vc_row][vc_column]\r\n                <div class=\"text-modules\">\r\n                    <div class=\"container\">\r\n                        <h3 class=\"page-title text__title\">Polimery i Materia\u0142y Funkcjonalne<\/h3>\r\n                        <div class=\"text-modules__content\"><p>Lider zespo\u0142u: <a href=\".\/polimary-i-materialy-funkcjonalne\/ewa-schab-balcerzak\/\">prof. dr hab. in\u017c. Ewa Schab-Balcerzak <\/a><\/p>\n<p>Sk\u0142ad zespo\u0142u:<\/p>\n<p><a href=\"https:\/\/ab.us.edu.pl\/emp?id=55833\">dr in\u017c. Mateusz Korzec, prof. U\u015a<\/a> (<a href=\"https:\/\/www.scopus.com\/authid\/detail.uri?authorId=56074696800\" target=\"_blank\" rel=\"noopener noreferrer\">Scopus<\/a>, <a href=\"https:\/\/orcid.org\/0000-0002-8658-1031\" target=\"_blank\" rel=\"noopener noreferrer\">ORCID<\/a>)<br \/>\n<a href=\"https:\/\/ab.us.edu.pl\/emp?id=61473\">dr in\u017c. Sonia Kotowicz<\/a> (<a href=\"https:\/\/www.scopus.com\/authid\/detail.uri?authorId=57060462000\" target=\"_blank\" rel=\"noopener noreferrer\">Scopus<\/a>, <a href=\"https:\/\/orcid.org\/0000-0001-6021-0892\" target=\"_blank\" rel=\"noopener noreferrer\">ORCID<\/a>)<br \/>\n<a href=\"https:\/\/ab.us.edu.pl\/emp?id=54813\">dr in\u017c. Marcin Libera<\/a> (<a href=\"https:\/\/www.scopus.com\/authid\/detail.uri?authorId=36637916600\" target=\"_blank\" rel=\"noopener noreferrer\">Scopus<\/a>, <a href=\"https:\/\/orcid.org\/0000-0002-8786-2994\" target=\"_blank\" rel=\"noopener noreferrer\">ORCID<\/a>)<br \/>\n<a href=\"https:\/\/ab.us.edu.pl\/emp?id=59673\">dr in\u017c. Gra\u017cyna Szafraniec-Gorol<\/a> (<a href=\"https:\/\/www.scopus.com\/authid\/detail.uri?authorId=56318590100\" target=\"_blank\" rel=\"noopener noreferrer\">Scopus<\/a>, <a href=\"https:\/\/orcid.org\/0000-0002-0741-4420\" target=\"_blank\" rel=\"noopener noreferrer\">ORCID<\/a>)<\/p>\n<p>Strona internetowa: <a href=\"http:\/\/www.zchp.us.edu.pl\/\">http:\/\/www.zchp.us.edu.pl<\/a><\/p>\n<hr \/>\n<p>Tematyka bada\u0144 zespo\u0142u:<\/p>\n<p>Tematyka badawcza zespo\u0142u po\u015bwi\u0119cona jest syntezie i charakterystyce innowacyjnych materia\u0142\u00f3w funkcjonalnych o za\u0142o\u017conych w\u0142a\u015bciwo\u015bciach dla zastosowa\u0144 w nowoczesnych technologiach. Prowadzenie badania ukierunkowane s\u0105 na zdobycie wiedzy dotycz\u0105cej poznania zale\u017cno\u015bci pomi\u0119dzy budow\u0105 chemiczn\u0105 okre\u015blonych grup zwi\u0105zk\u00f3w ma\u0142o- i wielkocz\u0105steczkowych a w\u0142a\u015bciwo\u015bciami decyduj\u0105cymi o mo\u017cliwo\u015bci ich zastosowania w optoelektronice organicznej a tak\u017ce w medycynie i farmacji. Ustalenie zale\u017cno\u015bci umo\u017cliwi na dalszym etapie \u015bwiadome projektowanie zwi\u0105zk\u00f3w organicznych bior\u0105c pod uwag\u0119 wymagania materia\u0142owe dla konkretnych zastosowa\u0144. Istotnym zadaniem badawczym jest testowanie materia\u0142\u00f3w wykazuj\u0105cych odpowiednie w\u0142a\u015bciwo\u015bci w ogniwach fotowoltaicznych, diodach elektroluminescencyjnych, w bioobrazowaniu element\u00f3w strukturalnych kom\u00f3rek nowotworowych z uwzgl\u0119dnieniem sprawdzenia ich bioaktywno\u015bci i toksyczno\u015bci na wybranych seriach linii kom\u00f3rkowych.<\/p>\n<hr \/>\n<p>Projekty:<\/p>\n<ul>\n<li>Projekt finansowany przez NCN w ramach konkursu OPUS pt. &#8222;Nowe konstrukcje polimerowe do budowy ogniw fotowoltaicznych&#8221;, kierownik projektu: prof. dr hab. in\u017c. Ewa Schab-Balcerzak, Czas realizacji: 2017-2020, Warto\u015b\u0107 finansowania: 1 023 570 z\u0142<\/li>\n<li>Projekt finansowany w ramach konsorcjum Uniwersytetu \u015al\u0105skiego w\u00a0Katowicach, SPIN-US Sp. z o.o. i Uniwersytetu Jana Kochanowskiego w\u00a0Kielcach w programie \u201eInkubator Innowacyjno\u015bci 2.0&#8243;, pt. &#8222;Urz\u0105dzenie\u00a0pomiarowe do wyznaczania korelacji pomi\u0119dzy wydajno\u015bci\u0105 barwnikowych i\u00a0perowskitowych ogniw fotowoltaicznych a parametrami mechanicznymi imorfologicznymi&#8221;, Czas realizacji: 2019 \u2013 2020, Warto\u015b\u0107 finansowa: 40 600 z\u0142.<\/li>\n<li>Projekt finansowany przez NCN w ramach konkursu OPUS (Uniwersytet \u015al\u0105ski\u00a0jako Konsorcjant) pt. &#8222;Otrzymywanie i charakterystyka nowych materia\u0142\u00f3w\u00a0do perowskitowych ogniw s\u0142onecznych&#8221;, Czas realizacji: 2019-2022, Warto\u015b\u0107 finansowa: 1 477 480 z\u0142<\/li>\n<li>Projekt finansowany przez NCN w ramach konkursu MINIATURA pt. &#8222;Symetryczne pochodne N-etylo\/N-decylofenotiazyny po\u0142\u0105czone mostkiem acetylenowym z motywami karbazylowymi zawieraj\u0105cymi \u0142a\u0144cuchy alkilowe o r\u00f3\u017cnej d\u0142ugo\u015bci &#8211; synteza i w\u0142a\u015bciwo\u015bci fotofizyczne&#8221;, kierownik projektu: dr hab. Aneta S\u0142odek, prof. U\u015a, Czas realizacji: 2020-2021, Warto\u015b\u0107 finansowa: 49 500 z\u0142.<\/li>\n<li>Projekt finansowany przez NCBiR w ramach konkursu\u00a0LIDER pt. &#8222;Uci\u0105glenie procesu syntezy 1,3-dioksolan\u00f3w wraz z poszerzeniem zakresu stosowalno\u015bci docelowych produkt\u00f3w w bran\u017cy chemicznej&#8221;, wsp\u00f3\u0142wykonawcy: dr in\u017c. Mateusz Korzec, dr in\u017c. Sonia Kotowicz, Czas realizacji: 2021-2024, Warto\u015b\u0107 finansowa:\u00a01 496 905 z\u0142.<\/li>\n<li>Projekt finansowany przez NCBiR pt.\u00a0&#8222;Innowacyjne materia\u0142y i nanomateria\u0142y z polskich \u017ar\u00f3de\u0142 renu i metali szlachetnych dla katalizy, farmacji i organicznej elektroniki&#8221;. Projekt nr PBS2\/A5\/40\/2014 Organomet, zadanie nr 8. Czas realizacji: 2014-2016.<\/li>\n<li>Wykonawca prac zleconych w projekcie finansowanym z Funduszy Europejskich nt.:\u00a0\u201dOpracowanie technologii wytwarzania nowych materia\u0142\u00f3w polimerowych o w\u0142a\u015bciwo\u015bciach umo\u017cliwiaj\u0105cych ich wykorzystanie do produkcji uszczelek stosowanych w bramach gara\u017cowych\u201d. Czas realizacji: 2017-2018.<\/li>\n<li>Projekt finansowany w ramach konsorcjum Uniwersytetu \u015al\u0105skiego w Katowicach, SPIN-US Sp. z o.o. i Uniwersytetu Jana Kochanowskiego w Kielcach w programie \u201eInkubator Innowacyjno\u015bci+\u201d pt.\u00a0\u201ePolimerowe nanowarstwy funkcjonalne i technologia modyfikowania puchu w aspekcie konstruowania odzie\u017cy ekstremalnej\u201d, czas realizacji: kwiecie\u0144-grudzie\u0144 2018.<\/li>\n<li>Wykonawca prac zleconych, finansowanych z bud\u017cetu Gminy Bobrowniki, pt. \u201eKompleksowa analiza stanu zbiornika Rogo\u017anik I wraz z przedstawieniem propozycji rozwi\u0105za\u0144 naprawczych\u201d,\u00a0Czas realizacji: luty-listopad 2018<\/li>\n<\/ul>\n<hr \/>\n<p>Wsp\u00f3\u0142praca:<\/p>\n<ul>\n<li>Centrum Materia\u0142\u00f3w Polimerowych i W\u0119glowych PAN w Zabrzu<\/li>\n<li>Instytut Metalurgii i In\u017cynierii Materia\u0142owej im. Aleksandra Krupkowskiego PAN<\/li>\n<li>Politechnika w Kownie<\/li>\n<li>Zesp\u00f3\u0142 Biofizyki Farmaceutycznej Instytutu Fizyki U\u015a<\/li>\n<\/ul>\n<hr \/>\n<p>Wybrane publikacje:<\/p>\n<ul>\n<li>M. Korzec, S. Kotowicz, R. Rzycka-Korzec, E. Schab-Balcerzak, J.G. Ma\u0142ecki, M. Czichy, M. \u0141apkowski, Novel \u03b2-ketoenamines vs. azomethines for organic electronics \u2013 characterization of optical and electrochemical properties supported by theoretical studies, Journal of Material Science, 2020, 55, 3812, IF= 3.442, PMNiSW= 100.<\/li>\n<li>S. Kotowicz, D. S\u0119k, S. Kula, A. Fabia\u0144czyk, J.G. Ma\u0142ecki, P. Gnida, S. Ma\u0107kowski, M. Siwy, E. Schab-Balcerzak, Photoelectrochemical and thermal characterization of aromatic hydrocarbons substituted with a dicyanovinyl unit, Dyes and Pigments, 2020, 180, 108432, IF= 4.018, PMNiSW= 100.<\/li>\n<li>M. Korzec, K. Malarz, A. Mrozek-Wilczkiewicz, R. Rzycka-Korzec, E. Schab-Balcerzak, J. Pola\u0144ski, Live cell imaging by 3-imino-(2-phenol)-1,8-naphthalimides: The effect of ex vivo hydrolysis, Spectrochimica Acta Part A: Molecular and Biomolecular Spectroscopy, 2020, 118442, IF = 2.931, PMNiSW= 100.<\/li>\n<li>D. Zych, A. Slodek, &#8222;Sensitizers for DSSC containing triazole motif with acceptor\/donor substituents &#8211; correlation between theoretical and experimental data in prediction of consistent photophysical parameters&#8221; Journal of Molecular structure, 2020, 1207, 127771, IF = 2.120, PMNiSW= 70.<\/li>\n<li>A. Slodek, D. Zych, G. Szafraniec-Gorol, P. Gnida, M. Vasylieva, E. Schab-Balcerzak, Materials 2020, 13(10), 2292; IF = 2.972, PMNiSW= 140 .<br \/>\n6. A.K. Paj\u0105k, P. Gnida, S. Kotowicz, J. G. Ma\u0142ecki, M. Libera, K. Bednarczyk, E. Schab-Balcerzak, New Thiophene Imines Acting as Hole Transporting Materials in Photovoltaic Devices, Energy&amp;Fuels, 2020, 34, 10160-10169. IF=3,421, PMNiSW=100.<\/li>\n<li>K. Bujak, A. Kozanecka-Szmigel, E. Schab-Balcerzak, J. Konieczkowska, Azobenzene functionalized \u201eT-Type\u201d poly(amide imide)s vs. guest-host systems &#8211; a comparative study of structure-property relations, Materials, 2020, 13, 1912. IF=3,057, PMNiSW=140.<\/li>\n<li>B. J\u00f3\u017awiak, G. Dzido, E. Zar\u0119bski, A. Kolanowska, R. J\u0119drysik, J. Dziadosz, M. Libera, S. Boncel, M. Dzida, Remarkable thermal conductivity enhancement in carbon-based lonanofluids: Effect of nanoparticle morphology, ACS Appl. Mater. Interfaces 2020, 12, 34, 38113-38123.IF=8,758, PMNiSW=200.<\/li>\n<li>K. Bujak, H. Orlikowska, A. Sobolewska, E. Schab-Balcerzak, H. Janeczek, S. Bartkiewicz, J. Konieczkowska, Azobenzene vs azopyridine and matrix molar masses effect on photoinduced phenomena, European Polymer Journal, 115\/173\u2013184\/2019.<\/li>\n<li>A. Slodek, D. Zych, A. Maro\u0144, S. Golba, E. Schab-Balcerzak, H. Janeczek, M. Siwy, S. Ma\u0107kowski, Fluorene vs carbazole substituent at quinoline core toward organic electronics, Dyes and Pigments, 166\/98\u2013106\/2019.<\/li>\n<li>M. Korzec, S. Senka\u0142a, R. Rzycka-Korzec, S. Kotowicz, E. Schab-Balcerzak, J. Pola\u0144ski, A highly selective and sensitive sensor with imine and phenyl-ethynyl-phenyl units for the visual and fluorescent detection of copper in water, Journal of Photochemistry and Photobiology A: Chemistry, 382\/111893\/2019.<\/li>\n<li>P. Gnida, A. Paj\u0105k, S. Kotowicz, J. G. Ma\u0142ecki, M. Siwy, H. Janeczek, S. Ma\u0107kowski, E. Schab-Balcerzak, Symmetrical and unsymmetrical azomethines with thiophene core: structure-properties investigations, Journal of Materials Science, 54\/13491-13508\/2019.<\/li>\n<li>A. Slodek, D. Zych, S. Golba, S. Zimosz, P. Gnida, E. Schab-Balcerzak, Dyes based on the D\/A-acetylene linkerphenothiazine system for developing efficient dye-sensitized solar cells, Journal of Materials Science C, 7\/5860-5840\/2019.<\/li>\n<\/ul>\n<p>\n<\/div>\r\n                    <\/div>\r\n                <\/div>[\/vc_column][\/vc_row][vc_row][vc_column][vc_column_text][\/vc_column_text][\/vc_column][\/vc_row]<\/p>","protected":false},"excerpt":{"rendered":"<p>[vc_row][vc_column][vc_column_text][\/vc_column_text][\/vc_column][\/vc_row][vc_row][vc_column][\/vc_column][\/vc_row][vc_row][vc_column][vc_column_text][\/vc_column_text][\/vc_column][\/vc_row] [&#8230;]<\/p>\n<p><a class=\"btn btn-secondary understrap-read-more-link\" href=\"https:\/\/us.edu.pl\/instytut\/ich\/dzialalnosc-naukowa\/zespoly-badawcze\/polimery-i-materialy-funkcjonalne\/\">Read More&#8230;<\/a><\/p>\n","protected":false},"author":99,"featured_media":0,"parent":126,"menu_order":0,"comment_status":"closed","ping_status":"closed","template":"","meta":{"_expiration-date-status":"","_expiration-date":0,"_expiration-date-type":"","_expiration-date-categories":[],"_expiration-date-options":[]},"acf":[],"_links":{"self":[{"href":"https:\/\/us.edu.pl\/instytut\/ich\/wp-json\/wp\/v2\/pages\/308"}],"collection":[{"href":"https:\/\/us.edu.pl\/instytut\/ich\/wp-json\/wp\/v2\/pages"}],"about":[{"href":"https:\/\/us.edu.pl\/instytut\/ich\/wp-json\/wp\/v2\/types\/page"}],"author":[{"embeddable":true,"href":"https:\/\/us.edu.pl\/instytut\/ich\/wp-json\/wp\/v2\/users\/99"}],"replies":[{"embeddable":true,"href":"https:\/\/us.edu.pl\/instytut\/ich\/wp-json\/wp\/v2\/comments?post=308"}],"version-history":[{"count":10,"href":"https:\/\/us.edu.pl\/instytut\/ich\/wp-json\/wp\/v2\/pages\/308\/revisions"}],"predecessor-version":[{"id":3725,"href":"https:\/\/us.edu.pl\/instytut\/ich\/wp-json\/wp\/v2\/pages\/308\/revisions\/3725"}],"up":[{"embeddable":true,"href":"https:\/\/us.edu.pl\/instytut\/ich\/wp-json\/wp\/v2\/pages\/126"}],"wp:attachment":[{"href":"https:\/\/us.edu.pl\/instytut\/ich\/wp-json\/wp\/v2\/media?parent=308"}],"curies":[{"name":"wp","href":"https:\/\/api.w.org\/{rel}","templated":true}]}}