{"id":333,"date":"2020-03-26T09:42:42","date_gmt":"2020-03-26T08:42:42","guid":{"rendered":"http:\/\/us.edu.pl\/instytut\/ich\/?page_id=333"},"modified":"2021-01-26T15:07:13","modified_gmt":"2021-01-26T14:07:13","slug":"robert-musiol","status":"publish","type":"page","link":"https:\/\/us.edu.pl\/instytut\/ich\/dzialalnosc-naukowa\/zespoly-badawcze\/projektowanie-lekow-i-nano-farmakologia\/robert-musiol\/","title":{"rendered":"dr hab. Robert Musio\u0142, prof. U\u015a"},"content":{"rendered":"<p>[vc_row][vc_column width=&#8221;1\/12&#8243;][\/vc_column][vc_column width=&#8221;3\/6&#8243;]\r\n                <div class=\"text-modules\">\r\n                    <div class=\"container\">\r\n                        <h3 class=\"page-title text__title\">prof. dr hab. Robert Musio\u0142<\/h3>\r\n                        <div class=\"text-modules__content\"><p><a href=\"https:\/\/ab.us.edu.pl\/emp?id=18502\">Uniwersytet \u015al\u0105ski<\/a><\/p>\n<p><a href=\"https:\/\/www.scopus.com\/authid\/detail.uri?authorId=8710921500\" target=\"_blank\" rel=\"noopener noreferrer\">Scopus<\/a><\/p>\n<p><a href=\"https:\/\/orcid.org\/0000-0002-6219-7369\" target=\"_blank\" rel=\"noopener noreferrer\">ORCID<\/a><\/p>\n<hr \/>\n<p>Informacje:<\/p>\n<p>Doktorat: <em>2005 &#8211; Uniwersytet \u015al\u0105ski, Wydzia\u0142 Matematyki, Fizyki i Chemii<\/em><br \/>\nHabilitacja: <em>2013 &#8211; Uniwersytet Jagiello\u0144ski, Collegium Medicum<br \/>\n<\/em>Profesor nauk medycznych i nauk o zdrowiu: <em>21.07.2020<br \/>\n<\/em><\/p>\n<hr \/>\n<p>Dane kontaktowe:<\/p>\n<p>e-mail: <em>robert.musiol@us.edu.pl<br \/>\n<\/em>telefon: <em>(32) 349-77-26<\/em><br \/>\nadres: <em>pok. <strong>C\/0\/07<\/strong>, ul. 75 Pu\u0142ku Piechoty 1A, 40-500 Chorz\u00f3w<\/em><\/p>\n<hr \/>\n<p>Nagrody, wyr\u00f3\u017cnienia, pe\u0142nione funkcje:<\/p>\n<ul>\n<li>Cz\u0142onkostwo w radach wydawniczych (Editorial Board Member)\n<ul>\n<li>Scientific Reports<\/li>\n<li>Molecules<\/li>\n<li>Medicinal Chemistry<\/li>\n<\/ul>\n<\/li>\n<li>Nagrody i wyr\u00f3\u017cnienia\n<ul>\n<li>2009 &#8211; Bioorganic and Medicinal Chemistry; Most Cited Paper Award (2006-2009)<\/li>\n<li>2010 &#8211; Stypendium Ministra Nauki i Szkolnictwa Wy\u017cszego dla wybitnych m\u0142odych naukowc\u00f3w<\/li>\n<li>Nagroda rektora III stopnia &#8211; 2011, 2013, 2016, 2018, 2019<\/li>\n<li>Z\u0142oty medal XII Mi\u0119dzynarodowych Targ\u00f3w Wynalazk\u00f3w i Innowacji INTARG 2019 w kategorii biotechnologia za wynalazek &#8222;Nowe naturalne surfaktanty &#8211; bezpieczne i skuteczne \u015brodki ochrony zabytk\u00f3w literatury&#8221; A. Bangrowska, M. Geppert-Rybczy\u0144ska, R. Musio\u0142, J. Feder-Kubi\u015b<\/li>\n<li>Nominacja do Polskiej Nagrody Inteligentnego Rozwoju 2020 w kategorii naukowiec przysz\u0142o\u015bci <a href=\"https:\/\/us.edu.pl\/instytut\/ich\/wp-content\/uploads\/sites\/38\/unnamed-file.pdf\/listnominacyjny-robertmusiol.pdf\" class=\"mtli_attachment mtli_pdf\" data-mtli=\"mtli_filesize244,20kB\" class=\"mtli_attachment mtli_pdf\" data-mtli=\"mtli_filesize244,20kB\">[List nominacyjny]<\/a><\/li>\n<\/ul>\n<\/li>\n<li>Granty\n<ul>\n<li>Projekt NCN Opus:DEC-2013\/09\/B\/NZ7\/00423 G\u0142\u0119bsze spojrzenie na spektrum aktywno\u015bci styrylochinolin, 647 tys. Kierownik<\/li>\n<li>Projekt NCN preludium: 2012\/07\/N\/NZ7\/02110 Synteza i aktywno\u015b\u0107 przeciwgrzybicza nowych pochodnych chinoliny, 99 tys. G\u0142\u00f3wny wykonawca<\/li>\n<li>Projekt NCN 2013\/11\/B\/ST10\/04764. Zastosowanie analiz intensywno\u015bci odbicia \u015bwiat\u0142a niebieskiego jako nowego \u017ar\u00f3d\u0142a danych w dendrochronologicznych badaniach zmian klimatu Europy, 289 tys. G\u0142\u00f3wny wykonawca<\/li>\n<li>Projekt NCN preludium &#8222;Spojrzenie na aktywno\u015b\u0107 biologiczn\u0105 i mechanizm dzia\u0142ania nowych pochodnych styrylochinazoliny, jako inhibitor\u00f3w kinaz tyrozynowych&#8221;, nr rej. 2016\/23\/N\/N27\/00351. Kierownik Katarzyna Malarz<\/li>\n<li>Projekt NCN Opus 16 Dualne jonofory jako wielocelowe leki przeciw nowotworom trzustki 2018\/31\/B\/NZ7\/02122, 1.622 tys Kierownik<\/li>\n<\/ul>\n<\/li>\n<\/ul>\n<p>Informacje o wsp\u00f3\u0142pracy z innymi o\u015brodkami\/zespo\u0142ami:<\/p>\n<ul>\n<li>Wsp\u00f3\u0142praca krajowa:\n<ul>\n<li>Dr hab. Anna Krasowska, Wydzia\u0142 Biotechnologii Uniwersytetu Wroc\u0142awskiego<\/li>\n<li>Dr hab. Gabriela Pastuch-Gawo\u0142ek, Wydzia\u0142 Chemiczny Politechniki \u015al\u0105skiej<\/li>\n<li>Dr Ryszard Kaczka, Wydzia\u0142 Nauk o Ziemii Uniwersytetu \u015al\u0105skiego<\/li>\n<li>Chorzowskie Centrum Pediatrii i Onkologii<\/li>\n<li>Dr Martyna Krzykawska-Serda, Uniwersytet Jagiello\u0144ski<\/li>\n<li>Dr Grzegorz Szewczyk, Uniwersytet Jagiello\u0144ski<\/li>\n<li>Dr Monika Rak, Uniwersytet Jagiello\u0144ski<\/li>\n<li>Prof. Josef Jampilek<\/li>\n<\/ul>\n<\/li>\n<li>Wsp\u00f3\u0142praca zagraniczna:\n<ul>\n<li>Prof. Martin Dolezal Faculty of Pharmacy, Charles University in Prague Czech Republic<\/li>\n<li>Prof Aidan Coffey Department of Biological Science, Cork Institute of Technology, Ireland<\/li>\n<li>Dr Claudia Corbo, University of Milano Bicocca, Italy<\/li>\n<li>Prof. Matteo Calvaresi, University of Bologna, Italy<\/li>\n<\/ul>\n<\/li>\n<\/ul>\n<p>\n<style type=\"text\/css\">a[data-mtli~=\"mtli_filesize244,20kB\"]:after {content:\" (244,20 kB)\"}<\/style><\/div>\r\n                    <\/div>\r\n                <\/div>[\/vc_column][vc_column width=&#8221;2\/6&#8243;][\/vc_column][vc_column width=&#8221;1\/12&#8243;][\/vc_column][\/vc_row]<\/p>\n<style type=\"text\/css\">a[data-mtli~=\"mtli_filesize244,20kB\"]:after {content:\" (244,20 kB)\"}<\/style>","protected":false},"excerpt":{"rendered":"<p>[vc_row][vc_column width=&#8221;1\/12&#8243;][\/vc_column][vc_column width=&#8221;3\/6&#8243;][\/vc_column][vc_column width=&#8221;2\/6&#8243;][\/vc_column][vc_column width=&#8221;1\/12&#8243;][\/vc_column][\/vc_row] [&#8230;]<\/p>\n<p><a class=\"btn btn-secondary understrap-read-more-link\" href=\"https:\/\/us.edu.pl\/instytut\/ich\/dzialalnosc-naukowa\/zespoly-badawcze\/projektowanie-lekow-i-nano-farmakologia\/robert-musiol\/\">Read More&#8230;<\/a><\/p>\n","protected":false},"author":99,"featured_media":0,"parent":331,"menu_order":0,"comment_status":"closed","ping_status":"closed","template":"","meta":{"_expiration-date-status":"saved","_expiration-date":0,"_expiration-date-type":"","_expiration-date-categories":[],"_expiration-date-options":[]},"acf":[],"_links":{"self":[{"href":"https:\/\/us.edu.pl\/instytut\/ich\/wp-json\/wp\/v2\/pages\/333"}],"collection":[{"href":"https:\/\/us.edu.pl\/instytut\/ich\/wp-json\/wp\/v2\/pages"}],"about":[{"href":"https:\/\/us.edu.pl\/instytut\/ich\/wp-json\/wp\/v2\/types\/page"}],"author":[{"embeddable":true,"href":"https:\/\/us.edu.pl\/instytut\/ich\/wp-json\/wp\/v2\/users\/99"}],"replies":[{"embeddable":true,"href":"https:\/\/us.edu.pl\/instytut\/ich\/wp-json\/wp\/v2\/comments?post=333"}],"version-history":[{"count":6,"href":"https:\/\/us.edu.pl\/instytut\/ich\/wp-json\/wp\/v2\/pages\/333\/revisions"}],"predecessor-version":[{"id":1278,"href":"https:\/\/us.edu.pl\/instytut\/ich\/wp-json\/wp\/v2\/pages\/333\/revisions\/1278"}],"up":[{"embeddable":true,"href":"https:\/\/us.edu.pl\/instytut\/ich\/wp-json\/wp\/v2\/pages\/331"}],"wp:attachment":[{"href":"https:\/\/us.edu.pl\/instytut\/ich\/wp-json\/wp\/v2\/media?parent=333"}],"curies":[{"name":"wp","href":"https:\/\/api.w.org\/{rel}","templated":true}]}}