{"id":346,"date":"2020-03-30T13:14:44","date_gmt":"2020-03-30T11:14:44","guid":{"rendered":"http:\/\/us.edu.pl\/instytut\/ich\/?page_id=346"},"modified":"2026-01-09T14:41:20","modified_gmt":"2026-01-09T13:41:20","slug":"fizykochemia-zwiazkow-metali-przejsciowych","status":"publish","type":"page","link":"https:\/\/us.edu.pl\/instytut\/ich\/dzialalnosc-naukowa\/zespoly-badawcze\/fizykochemia-zwiazkow-metali-przejsciowych\/","title":{"rendered":"Fizykochemia Zwi\u0105zk\u00f3w Metali Przej\u015bciowych"},"content":{"rendered":"<p>[vc_row][vc_column][vc_column_text][\/vc_column_text][\/vc_column][\/vc_row][vc_row][vc_column][vc_column_text][\/vc_column_text][\/vc_column][\/vc_row][vc_row][vc_column]\r\n                <div class=\"text-modules\">\r\n                    <div class=\"container\">\r\n                        <h3 class=\"page-title text__title\">Fizykochemia Zwi\u0105zk\u00f3w Metali Przej\u015bciowych<\/h3>\r\n                        <div class=\"text-modules__content\"><p>Lider zespo\u0142u: <a href=\".\/barbara-machura\/\">prof. dr hab. Barbara Machura<\/a><\/p>\n<p>Sk\u0142ad zespo\u0142u:<\/p>\n<p><a href=\"https:\/\/ab.us.edu.pl\/emp?id=16252\">dr hab. Ewa Malicka, prof. U\u015a<\/a> (<a href=\"https:\/\/www.scopus.com\/authid\/detail.uri?authorId=7003498908\" target=\"_blank\" rel=\"noopener noreferrer\">Scopus<\/a>, <a href=\"https:\/\/orcid.org\/0000-0002-5378-6882\" target=\"_blank\" rel=\"noopener noreferrer\">ORCID<\/a>)<br \/>\n<a href=\"https:\/\/ab.us.edu.pl\/emp?id=49692\">dr hab. Anna \u015awitlicka, prof. U\u015a<\/a> (<a href=\"https:\/\/www.scopus.com\/authid\/detail.uri?authorId=24342343700\" target=\"_blank\" rel=\"noopener noreferrer\">Scopus<\/a>, <a href=\"https:\/\/orcid.org\/0000-0001-8192-5619\" target=\"_blank\" rel=\"noopener noreferrer\">ORCID<\/a>)<br \/>\n<a href=\"https:\/\/ab.us.edu.pl\/emp?id=63843\">dr Katarzyna Choroba<\/a> (<a href=\"https:\/\/www.scopus.com\/authid\/detail.uri?authorId=57190385079\" target=\"_blank\" rel=\"noopener noreferrer\">Scopus<\/a>, <a href=\"https:\/\/orcid.org\/0000-0003-0168-5753\" target=\"_blank\" rel=\"noopener noreferrer\">ORCID<\/a>)<br \/>\n<a href=\"https:\/\/ab.us.edu.pl\/emp?id=53203\">dr Anna Maro\u0144<\/a> (<a href=\"https:\/\/www.scopus.com\/authid\/detail.uri?authorId=36969385400\" target=\"_blank\" rel=\"noopener noreferrer\">Scopus<\/a>, <a href=\"https:\/\/orcid.org\/0000-0001-8245-5532\" target=\"_blank\" rel=\"noopener noreferrer\">ORCID<\/a>)<br \/>\n<a href=\"https:\/\/ab.us.edu.pl\/emp?id=57663\">dr Joanna Palion-Gazda<\/a> (<a href=\"https:\/\/www.scopus.com\/authid\/detail.uri?authorId=56300825600\" target=\"_blank\" rel=\"noopener noreferrer\">Scopus<\/a>, <a href=\"https:\/\/orcid.org\/0000-0002-8239-6453\" target=\"_blank\" rel=\"noopener noreferrer\">ORCID<\/a>)<\/p>\n<p>Strona internetowa: <a href=\"http:\/\/www.krystalografia.us.edu.pl\/\">http:\/\/www.krystalografia.us.edu.pl<\/a><\/p>\n<hr \/>\n<p>Tematyka bada\u0144 zespo\u0142u:<\/p>\n<p>Projektowanie, synteza, badania strukturalne, elektrochemiczne, magnetyczne i spektroskopowe zwi\u0105zk\u00f3w metali przej\u015bciowych do zastosowa\u0144 w optoelektronice, katalizie, magnetyzmie molekularnym lub wykazuj\u0105cych aktywno\u015b\u0107 biologiczn\u0105. Analiza korelacji struktura-w\u0142a\u015bciwo\u015bci-reaktywno\u015b\u0107. Badania dynamiki ultraszybkich proces\u00f3w dezaktywacji stan\u00f3w wzbudzonych.<\/p>\n<hr \/>\n<p>Projekty:<\/p>\n<ul>\n<li>Projekt NCN Opus: DEC-2017\/25\/B\/ST5\/0161 \u201eOd nowych kompleks\u00f3w renu(I) z ligandamitriiminowymi do efektywniejszych materia\u0142\u00f3w foto- i elektroluminescencyjnych\u201d (Kierownik: Barbara Machura)<\/li>\n<li>Projekt NCBiR PBS2\/A5\/40\/2014 \u201eInnowacyjne materia\u0142y i nanomateria\u0142y z polskich \u017ar\u00f3de\u0142 renu i metali szlachetnych dla katalizy, farmacji i organicznej elektroniki (Kierownik zadnia Otrzymywanie kompleks\u00f3w renu, platyny i z\u0142ota &#8211; katalizator\u00f3w oraz nanomateria\u0142\u00f3w dla organicznej elektroniki<strong>: <\/strong>Barbara Machura)<\/li>\n<li>Projekt NCN \u201eMiniatura\u201d DEC-2018\/02\/X\/ST5\/01519 \u201eCharakterystyka fizykochemiczna koloidalnych nanokryszta\u0142\u00f3w p\u00f3\u0142przewodnikowych dla potencjalnych zastosowa\u0144 w katalizie\u201d (Kierownik: Mateusz Penkala)<\/li>\n<li>Projekt NAWA (program Bekkera): PPN\/BEK\/2018\/1\/00275 \u201cW\u0142a\u015bciwo\u015bci stanu podstawowego i wzbudzonego di- i triiminowych ligand\u00f3w z podstawnikami elektrono-donorowymi i ich karbonylowych kompleks\u00f3w renu(I).<\/li>\n<li>Projekt NAWA (program Bekkera): PPN\/BEK\/2018\/1\/00239 \u201eZwi\u0105zki Co(II) wykazuj\u0105ce cechy magnes\u00f3w molekularnych \u2013 modulowanie w\u0142a\u015bciwo\u015bci magnetycznych poprzez dob\u00f3r odpowiednich jon\u00f3w pseudohalogenowych i ligand\u00f3w imidazolowych\u201d<\/li>\n<li>Projekt NCN Miniatura: 2017\/01\/X\/ST5\/00026 \u201eZwi\u0105zki platyny(II) z 4-podstawionymi pochodnymi 2,6-bis(tiazol-2yl)pirydyny jako potencjalne luminofory i cytostatyki\u201d\u00a0 (Kierownik: Anna Maro\u0144)<\/li>\n<li>Projekt NCN Sonata UMO-2015\/17\/D\/ST5<strong>\/<\/strong>01344) \u201ePo\u0142\u0105czenia koordynacyjne kobaltu(II) jako nowe materia\u0142y magnetyczne wykazuj\u0105ce w\u0142a\u015bciwo\u015bci Single Ion Magnet SIM lub Single Chain Magnet SCM\u201d \u00a0(Kierownik: Anna \u015awitlicka)<\/li>\n<\/ul>\n<hr \/>\n<p>Wsp\u00f3\u0142praca:<\/p>\n<ul>\n<li style=\"list-style-type: none;\">\n<ul>\n<li>Department of Inorganic Chemistry\/Molecular Science Institute, University of Valencia, Spain<\/li>\n<li>Department of Chemistry, Faculty of Natural Sciences, University of SS Cyril and Methodius, Slovakia<\/li>\n<li>National High Magnetic Field Laboratory, Florida State University, United States<\/li>\n<li>UCIBIO, Departamento de Ci\u00eancias da Vida, Faculdade de Ci\u00eancias e Tecnologia, Universidade NOVA de Lisboa, Portugal<\/li>\n<li>Semenov Institute of Chemical Physics, Russian Academy of Sciences, Moscow, Russia<\/li>\n<li>Laboratory of Ultrafast Spectroscopy, Lausanne Center for Ultrafast Science (LACUS), Switzerland<\/li>\n<li>Department of Chemistry, G. M. Institute of Technology, Davangere, Karnataka, India (prof. J.G. Ma\u0142ecki)<\/li>\n<li>Centre for Nano and Material Sciences, Jain University, Jain Global Campus, Bangalore, Karnataka, India (prof. J.G. Ma\u0142ecki)<\/li>\n<li>Department of Biochemistry, School of Sciences-block I, Jain University, Jayanagar 3rd block, Bangalore, Karnataka, India (prof. J.G. Ma\u0142ecki)<\/li>\n<\/ul>\n<\/li>\n<\/ul>\n<hr \/>\n<p>Wybrane publikacje:<\/p>\n<ul>\n<li>K. Choroba, L. R. Raposo, J. Palion-Gazda, E. Malicka, K. Erfurt, B. Machura, A. R. Fernandes. In vitro antiproliferative effect of vanadium complexes bearing 8-hydroxyquinoline-based ligands &#8211; the substituent effect, Dalton Transaction, 49 (2020) 6596-6606 (IF= 4.174)<\/li>\n<li>A. M. Maro\u0144, A. Sz\u0142apa-Kula, M. Matussek, R. Kruszy\u0144ski, M. Siwy, H. Janeczek, J. Grzelak, S. Ma\u0107kowski, E. Schab-Balcerzak, B. Machura, Photoluminescence enhancement of Re(I) carbonyl complexes bearing D\u2013A and D\u2013\u03c0\u2013A ligands, Dalton Transaction, 49 (2020) 4441-4453 (IF= 4.174)<\/li>\n<li>A. M. Maron, K. Choroba, T. Pedzinski, B. Machura, Towards better understanding of photophysics of platinum(II) coordination compounds with anthracene and pyrene substituted 2,6-bis(thiazol-2-yl)pyridines, Dalton Transactions, 49 (2020) 13440-13448 (IF= 4.174)<\/li>\n<li>A. \u015awitlicka, B. Machura, R. Kruszynski, N. Moliner, J.M. Carbonell, J. Cano, F. Lloret, M. Julve , Magneto-structural diversity of Co(II) compounds with 1-benzylimidazole induced by linear pseudohalide coligands, Inorganic Chemistry Frontiers, 7 (2020) 4535-4552 (IF = 5.958)<\/li>\n<li>A. Szlapa-Kula, M. Ma\u0142ecka, B. Machura, Insight into structure-property relationships of aryl-substituted 2,2\u2032:6\u2032,2\u2033-terpyridines, Dyes and Pigments, 180 (2020) 108480 (IF= 4.613)<\/li>\n<li>B. M. Geetha, J. G. Ma\u0142ecki, M. Alwarsamy, R. S. Keri, V. S. Betageri, S. Budagumpi, Coumarin substituted 4-aryl-1,2,4-triazolium salts and their silver(I) N-heterocyclic carbene complexes: Effects of counterions on the antioxidant and antihaemolytic properties, Journal of Molecular Liquids, 316 (2020) 113809 (IF= 5.065)<\/li>\n<li>M. Shanshak, S. Budagumpi, J. G. Ma\u0142ecki, R. S. Keri, Green synthesis of 3,4-disubstituted isoxazol-5(4H)-ones using ZnO@Fe3O4 core-shell nanocatalyst in water, Applied Organometallics Chemistry, 34 (2020) e5544 (IF= 3.14)<\/li>\n<li>P. Kowalik, P. Bujak, Z. Wr\u00f3bel, M. Penkala, K. Kotwica, A. Maro\u0144, A. Pron, From Red to Green Luminescence via Surface Functionalization. Effect of 2-(5-Mercaptothien-2-yl)-8-(thien-2-yl)-5-hexylthieno[3,4-c]pyrrole-4,6-dione Ligands on the Photoluminescence of Alloyed AgInZnS Nanocrystals, Inorganic Chemistry, 59 (2020) 14594-14604 (IF= 4.825)<\/li>\n<li>P. Kowalik, M. Penkala, P. Bujak, A. Kmita, M. Gajewska, A. Ostrowski, A. Slodek, A. Pron, From Ag2S to luminescent Ag-In-S nanocrystals via ultrasonic method \u2013 in situ synthesis study in an NMR tube, Journal of Materials Chemistry C, 8 (2020) 8942-8952 (IF= 7.059)<\/li>\n<li>P. Kowalik, P. Bujak, M. Penkala, K. Kotwica, A. Kmita, M. Gajewska, A. Ostrowski, A. Pron, Synthesis of CuFeS2-xSex\u2013Alloyed Nanocrystals with Localized Surface Plasmon Resonance in the Visible Spectral Range, Journal of Materials Chemistry C, 7 (2019) 6246-6250 (IF= 7.059)<\/li>\n<li>K. N. Brinda, G. Achar, J. G. Ma\u0142ecki, S. Budagumpi, D. H. Nagaraju, V. Suvina, G. Balakrishna, Glucose oxidase mimicking half-sandwich nickel(II) complexes of coumarin substituted N-heterocyclic carbenes as novel molecular electrocatalysts for ultrasensitive and selective determination of glucose, Biosensors and Bioelectronics, 134 (2019) 24-28 (IF=8.173)<\/li>\n<li>K. Choroba, B. Machura, S. Kula, L. R. Raposo, A. R. Fernandes, R. Kruszynski, K. Erfurt, L. S. Shul&#8217;pina, Y. N. Kozlov, G. B. Shul&#8217;pin, Copper(ii) complexes with 2,2\u2032:6\u2032,2\u2032\u2032- terpyridine, 2,6-di(thiazol-2-yl)pyridine and 2,6-di(pyrazin-2-yl)pyridine substituted with quinolines: synthesis, structure, antiproliferative activity, and catalytic activity in the oxidation of alkanes and alcohols with peroxides\u201d, Dalton Transaction, 48 (2019) 12656-12673 (IF= 4.174)<\/li>\n<li>J. Palion-Gazda, K. Choroba, B. Machura, A. \u015awitlicka, R. Kruszy\u0144ski, J. Cano, F. Lloret, M. Julve, Influence of the pyrazine substituent on the structure and magnetic properties of dicyanamide-bridged cobalt(II) complexes, Dalton Transactions, 48 (2019) 17266-17280 (IF=4.099)<\/li>\n<li>J. Palion-Gazda, B. Machura, T. Klemens, A. Szlapa-Kula, S. Krompiec, M. Siwy, H. Janeczek, E. Schab-Balcerzak. J. Grzelak, S. Ma\u0107kowski, Structure-dependent and environment-responsive optical properties of the trisheterocyclic systems with electron donating amino groups, Dyes and Pigments, 2019, 166 (2019) 283-300 (IF= 3.767)<\/li>\n<li>K. Choroba, B. Machura, L. R Raposo, J. G. Ma\u0142ecki, S. Kula, M. Paj\u0105k, K. Erfurt, A. Maro\u0144, A. R Fernandes, Platinum(II) complexes showing high cytotoxity toward A2780 ovarian carcinoma cells, Dalton Transactions, 48 (2019) 13081-13093 (IF=4.099)<\/li>\n<li>K. Choroba, S. Kula, A. Maro\u0144, B. Machura, J. Ma\u0142ecki, A. Sz\u0142apa-Kula, M. Siwy, J. Grzelak, S. Ma\u0107kowski, E. Schab-Balcerzak, Aryl substituted 2,6-di(thiazol-2-yl)pyridines &#8211; excited-state characterization and potential for OLEDs, Dyes and Pigments, 169 (2019) 89-104 (IF=3.767)<\/li>\n<li>E. Malicka, M. Karolus, T. Gro\u0144, A. Gudwa\u0144ski, A. \u015alebarski, J. Goraus, M. Oboz, B. Sawicki, J. Panek, Influence of Crystallite Size on the Magnetic Order in Semiconducting ZnCr2Se4 Nanoparticles, Materials, 12, (2019) 3947 (IF=2.972)<\/li>\n<li>I. Gryca, K. Czerwi\u0144ska, B. Machura, A. Chrobok , L. S. Shul\u2032pina, M. L. Kuznetsov, D. S. Nesterov, Y. N. Kozlov, A. J. L. Pombeiro, I. A. Varyan, G. B. Shul\u2032pin, \u201cHigh Catalytic Activity of Vanadium Complexes in Alkane Oxidations with Hydrogen Peroxide: An Effect of 8-Hydroxyquinoline Derivatives as Noninnocent Ligands\u201d, Inorganic Chemistry, 57 (2018) 1824-1839 (IF = 4.700)<\/li>\n<li>A. \u015awitlicka, B. Machura, M. Penkala, A. Bie\u0144ko, D.C. Bie\u0144ko, J. Titi\u0161, C. Rajn\u00e1k, R. Bo\u010da, A. Ozarowski M. Ozerov, Slow Magnetic Relaxation in Cobalt(II) Field-Induced Single-Ion Magnets with Positive Large Anisotropy, Inorganic Chemistry, 2018, 57, 20, 12740-12755 (IF = 4.700)<\/li>\n<li>J. Palion-Gazda, B. Machura, R. Kruszynski, T. Grancha, N. Moliner, F. Lloret, M. Julve, pin Crossover in Double Salts Containing Six- and Four-Coordinate Cobalt(II) Ions, Inorganic Chemistry, 56 (2017) 6281-6296 (IF=4.820)<\/li>\n<li>K. Czerwi\u0144ska, M. Golec, M. Skonieczna, J. Palion, D. Zygad\u0142o, A. Sz\u0142apa, S. Krompiec, B. Machura, A. Szurko, Cytotoxic gold(III) complexes incorporating 2,2\u2032:6\u2032,2\u2033-terpyridine ligand framework \u2013 the impact of the substituent in 4\u2032-position of terpy ring, Dalton Transactions, 46 (2017) 3381-3392 (IF = 4.029)<\/li>\n<li>K. Czerwi\u0144ska, B. Machura, S. Kula, S. Krompiec, K. Erfurt, C. Roma-Rodrigues, A. R. Fernandes, L. S. G. B. Shul\u2032pin, N. S. Ikonnikov, G. B. Shul\u2032pin, Copper(II) complexes of functionalized 2,2\u2032:6\u2032,2\u2033-terpyridines and 2,6-di(thiazol-2-yl)pyridine: structure, spectroscopy, cytotoxicity and catalytic activity, Dalton Transactions, 46 (2017) 9591-9604 (IF = 4.029)<\/li>\n<li>A. \u015awitlicka-Olszewska, J. Palion-Gazda, T. Klemens, B. Machura, J. Vallejo, J. Cano, F. Lloret and M. Julve , Single-ion magnet behaviour in mononuclear and two-dimensional dicyanamide-containing cobalt(II) complexes, Dalton Transaction, 45 (2016) 10181-10193 (IF = 4.177)<\/li>\n<\/ul>\n<p>\n<\/div>\r\n                    <\/div>\r\n                <\/div>[\/vc_column][\/vc_row][vc_row][\/vc_row][vc_column][\/vc_column][vc_column_text]<\/p>\n<p>I am text block. Click edit button to change this text. Lorem ipsum dolor sit amet, consectetur adipiscing elit. Ut elit tellus, luctus nec ullamcorper mattis, pulvinar dapibus leo.<\/p>\n<p>[\/vc_column_text]<\/p>","protected":false},"excerpt":{"rendered":"<p>[vc_row][vc_column][vc_column_text][\/vc_column_text][\/vc_column][\/vc_row][vc_row][vc_column][vc_column_text][\/vc_column_text][\/vc_column][\/vc_row][vc_row][vc_column][\/vc_column][\/vc_row][vc_row][\/vc_row][vc_column][\/vc_column][vc_column_text] I am text block. Click edit button to change this text. Lorem ipsum dolor sit amet, consectetur adipiscing elit. Ut elit tellus, luctus nec ullamcorper mattis, pulvinar dapibus leo. [\/vc_column_text] [&#8230;]<\/p>\n<p><a class=\"btn btn-secondary understrap-read-more-link\" href=\"https:\/\/us.edu.pl\/instytut\/ich\/dzialalnosc-naukowa\/zespoly-badawcze\/fizykochemia-zwiazkow-metali-przejsciowych\/\">Read More&#8230;<\/a><\/p>\n","protected":false},"author":99,"featured_media":0,"parent":126,"menu_order":0,"comment_status":"closed","ping_status":"closed","template":"","meta":{"_expiration-date-status":"","_expiration-date":0,"_expiration-date-type":"","_expiration-date-categories":[],"_expiration-date-options":[]},"acf":[],"_links":{"self":[{"href":"https:\/\/us.edu.pl\/instytut\/ich\/wp-json\/wp\/v2\/pages\/346"}],"collection":[{"href":"https:\/\/us.edu.pl\/instytut\/ich\/wp-json\/wp\/v2\/pages"}],"about":[{"href":"https:\/\/us.edu.pl\/instytut\/ich\/wp-json\/wp\/v2\/types\/page"}],"author":[{"embeddable":true,"href":"https:\/\/us.edu.pl\/instytut\/ich\/wp-json\/wp\/v2\/users\/99"}],"replies":[{"embeddable":true,"href":"https:\/\/us.edu.pl\/instytut\/ich\/wp-json\/wp\/v2\/comments?post=346"}],"version-history":[{"count":10,"href":"https:\/\/us.edu.pl\/instytut\/ich\/wp-json\/wp\/v2\/pages\/346\/revisions"}],"predecessor-version":[{"id":3691,"href":"https:\/\/us.edu.pl\/instytut\/ich\/wp-json\/wp\/v2\/pages\/346\/revisions\/3691"}],"up":[{"embeddable":true,"href":"https:\/\/us.edu.pl\/instytut\/ich\/wp-json\/wp\/v2\/pages\/126"}],"wp:attachment":[{"href":"https:\/\/us.edu.pl\/instytut\/ich\/wp-json\/wp\/v2\/media?parent=346"}],"curies":[{"name":"wp","href":"https:\/\/api.w.org\/{rel}","templated":true}]}}