{"id":394,"date":"2020-04-10T11:21:30","date_gmt":"2020-04-10T09:21:30","guid":{"rendered":"http:\/\/us.edu.pl\/instytut\/ich\/?page_id=394"},"modified":"2020-04-10T11:21:30","modified_gmt":"2020-04-10T09:21:30","slug":"czasopismo-acta-chromatographica","status":"publish","type":"page","link":"https:\/\/us.edu.pl\/instytut\/ich\/czasopismo-acta-chromatographica\/","title":{"rendered":"Czasopismo Acta Chromatographica"},"content":{"rendered":"<p>[vc_row][vc_column]\r\n                <div class=\"text-modules\">\r\n                    <div class=\"container\">\r\n                        <h3 class=\"page-title text__title\">Czasopismo Acta Chromatographica<\/h3>\r\n                        <div class=\"text-modules__content\"><p>Czasopismo naukowe z zakresu chromatografii <em>Acta Chromatographica<\/em> powsta\u0142o w 1992 r. z inicjatywy cz\u0142onk\u00f3w grupy badawczej zatrudnionej w Instytucie Chemii Uniwersytetu \u015al\u0105skiego, a zajmuj\u0105cej si\u0119 technikami chromatograficznymi zar\u00f3wno od strony opracowywania podstaw fizykochemicznych, jak i zastosowa\u0144 praktycznych. Czasopismo to o szerokim zasi\u0119gu mi\u0119dzynarodowym od chwili swego powstania jest publikowane w j\u0119zyku angielskim i pozostaje w\u0142asno\u015bci\u0105 Uniwersytetu \u015al\u0105skiego, a jego redakcja mie\u015bci si\u0119 w g\u0142\u00f3wnym budynku Instytutu Chemii U\u015a. W chwili obecnej <em>Acta Chromatographica<\/em> ukazuje si\u0119 w nowoczesnej formule Gold Open Access Online Only (Online ISSN 2083-5736) jako kwartalnik. Jest to czasopismo recenzowane, publikuj\u0105ce prace naukowe praktycznie ze wszystkich obszar\u00f3w tematycznych chromatografii, w tym z zakresu teorii chromatografii, projektowania, syntezy oraz testowania nowych faz stacjonarnych, analizy chromatograficznej zwi\u0105zk\u00f3w organicznych, nieorganicznych i kompleksowych, a tak\u017ce z zakresu rozdzia\u0142u chromatograficznego zwi\u0105zk\u00f3w chiralnych. Tematyka prac ukazuj\u0105cych si\u0119 w <em>Acta Chromatographica<\/em> dotyczy g\u0142\u00f3wnie zastosowania technik chromatograficznych w biologii, farmacji, medycynie, chemii \u017cywno\u015bci oraz chemii \u015brodowiska, ale tak\u017ce analitycznych i fizykochemicznych aspekt\u00f3w przygotowywania pr\u00f3b do analizy chromatograficznej, analitycznych technik \u0142\u0105czonych oraz zastosowania metod chemometrycznych w chromatografii. Artyku\u0142y publikowane w <em>Acta Chromatographica<\/em> pochodz\u0105 z laboratori\u00f3w badawczych licznych kraj\u00f3w na wszystkich kontynentach, a autorzy pragn\u0105cy opublikowa\u0107 wyniki swoich bada\u0144 na jego \u0142amach, przesy\u0142aj\u0105 swoje prace drog\u0105 elektroniczn\u0105 na <a href=\"https:\/\/submit.akademiai.com\/achrom\/index.php\/achrom\/about\/submissions\">internetowy adres redakcji<\/a>. Czasopismo <em>Acta Chromatographica<\/em> jest abstraktowane oraz indeksowane na nast\u0119puj\u0105cych platformach: Science Citation Index, Sci Search, Research Alert, Chemistry Citation Index and Current Content\/Physical, Chemical and Earth Sciences, SCOPUS, Google Scholar oraz Index Copernicus.<\/p>\n<p>&nbsp;<\/p>\n<p style=\"text-align: center\"><a href=\"https:\/\/akjournals.com\/view\/journals\/1326\/1326-overview.xml\">Przejd\u017a na stron\u0119 czasopisma<\/a><\/p>\n<p>\n<\/div>\r\n                    <\/div>\r\n                <\/div>[\/vc_column][\/vc_row]<\/p>","protected":false},"excerpt":{"rendered":"<p>[vc_row][vc_column][\/vc_column][\/vc_row] [&#8230;]<\/p>\n<p><a class=\"btn btn-secondary understrap-read-more-link\" href=\"https:\/\/us.edu.pl\/instytut\/ich\/czasopismo-acta-chromatographica\/\">Read More&#8230;<\/a><\/p>\n","protected":false},"author":99,"featured_media":0,"parent":0,"menu_order":0,"comment_status":"closed","ping_status":"closed","template":"","meta":{"_expiration-date-status":"saved","_expiration-date":0,"_expiration-date-type":"","_expiration-date-categories":[],"_expiration-date-options":[]},"acf":[],"_links":{"self":[{"href":"https:\/\/us.edu.pl\/instytut\/ich\/wp-json\/wp\/v2\/pages\/394"}],"collection":[{"href":"https:\/\/us.edu.pl\/instytut\/ich\/wp-json\/wp\/v2\/pages"}],"about":[{"href":"https:\/\/us.edu.pl\/instytut\/ich\/wp-json\/wp\/v2\/types\/page"}],"author":[{"embeddable":true,"href":"https:\/\/us.edu.pl\/instytut\/ich\/wp-json\/wp\/v2\/users\/99"}],"replies":[{"embeddable":true,"href":"https:\/\/us.edu.pl\/instytut\/ich\/wp-json\/wp\/v2\/comments?post=394"}],"version-history":[{"count":1,"href":"https:\/\/us.edu.pl\/instytut\/ich\/wp-json\/wp\/v2\/pages\/394\/revisions"}],"predecessor-version":[{"id":395,"href":"https:\/\/us.edu.pl\/instytut\/ich\/wp-json\/wp\/v2\/pages\/394\/revisions\/395"}],"wp:attachment":[{"href":"https:\/\/us.edu.pl\/instytut\/ich\/wp-json\/wp\/v2\/media?parent=394"}],"curies":[{"name":"wp","href":"https:\/\/api.w.org\/{rel}","templated":true}]}}