{"id":422,"date":"2020-04-10T12:54:26","date_gmt":"2020-04-10T10:54:26","guid":{"rendered":"http:\/\/us.edu.pl\/instytut\/ich\/?page_id=422"},"modified":"2020-04-10T12:54:26","modified_gmt":"2020-04-10T10:54:26","slug":"projekt-ches","status":"publish","type":"page","link":"https:\/\/us.edu.pl\/instytut\/ich\/realizowane-projekty\/projekt-ches\/","title":{"rendered":"Projekt CheS"},"content":{"rendered":"<p>[vc_row][vc_column]\r\n                <div class=\"text-modules\">\r\n                    <div class=\"container\">\r\n                        <h3 class=\"page-title text__title\">Projekt CheS<\/h3>\r\n                        <div class=\"text-modules__content\"><p><img loading=\"lazy\" class=\"aligncenter wp-image-423 size-full\" src=\"http:\/\/us.edu.pl\/instytut\/ich\/wp-content\/uploads\/sites\/38\/Editor\/projekty-edukacyjne\/projekt-FE-UE.jpg\" alt=\"\" width=\"1385\" height=\"271\" srcset=\"https:\/\/us.edu.pl\/instytut\/ich\/wp-content\/uploads\/sites\/38\/Editor\/projekty-edukacyjne\/projekt-FE-UE.jpg 1385w, https:\/\/us.edu.pl\/instytut\/ich\/wp-content\/uploads\/sites\/38\/Editor\/projekty-edukacyjne\/projekt-FE-UE-300x59.jpg 300w, https:\/\/us.edu.pl\/instytut\/ich\/wp-content\/uploads\/sites\/38\/Editor\/projekty-edukacyjne\/projekt-FE-UE-768x150.jpg 768w, https:\/\/us.edu.pl\/instytut\/ich\/wp-content\/uploads\/sites\/38\/Editor\/projekty-edukacyjne\/projekt-FE-UE-1024x200.jpg 1024w, https:\/\/us.edu.pl\/instytut\/ich\/wp-content\/uploads\/sites\/38\/Editor\/projekty-edukacyjne\/projekt-FE-UE-575x113.jpg 575w\" sizes=\"(max-width: 1385px) 100vw, 1385px\" \/><\/p>\n<\/div>\r\n                    <\/div>\r\n                <\/div>[\/vc_column][\/vc_row][vc_row][vc_column]\r\n                <div class=\"text-modules\">\r\n                    <div class=\"container\">\r\n                        \r\n                        <div class=\"text-modules__content\"><\/p>\n<h3>Projekt pt. \u201eCheS &#8211; Chemik na Sta\u017c\u201d<\/h3>\n<p>&nbsp;<\/p>\n<p>Instytut Chemii Uniwersytetu \u015al\u0105skiego w Katowicach rozpocz\u0105\u0142 1 stycznia 2018 roku, realizacj\u0119 nowego projektu pt. <strong>\u201e<em>CheS &#8211; Chemik na Sta\u017c\u201d<\/em><\/strong> w ramach Programu Operacyjnego Wiedza Edukacja Rozw\u00f3j, wsp\u00f3\u0142finansowanego ze \u015brodk\u00f3w Unii Europejskiej w ramach Europejskiego Funduszu Spo\u0142ecznego. Realizacja projektu zosta\u0142a zaplanowana do 30 listopada 2019 roku.<\/p>\n<p>G\u0142\u00f3wnym <strong>celem projektu<\/strong> zdobycie praktycznego do\u015bwiadczenia oraz podniesienie m.in. kompetencji zawodowych, komunikacyjnych i samoorganizacyjnych Student\u00f3w i Studentek studi\u00f3w stacjonarnych II stopnia kierunku CHEMIA prowadzonym na Wydziale Matematyki, Fizyki i Chemii Uniwersytetu \u015al\u0105skiego w Katowicach, odpowiadaj\u0105cych potrzebom spo\u0142eczno-gospodarczym oczekiwanym przez pracodawc\u00f3w na rynku pracy, a jednocze\u015bnie komplementarnych z efektami kszta\u0142cenia, poprzez realizacj\u0119 <strong>wysokiej jako\u015bci krajowych program\u00f3w sta\u017cowych<\/strong>. realizowanych w przedsi\u0119biorstwach z bran\u017cy chemicznej lub pokrewnej. Sta\u017ce b\u0119d\u0105 realizowane przez 16 tygodni w wymiarze 480 godzin.<\/p>\n<p>Wsparciem zostanie obj\u0119tych 60 Student\u00f3w i Studentek dw\u00f3ch ostatnich semestr\u00f3w studi\u00f3w\u00a0II stopnia KIERUNKU CHEMIA, w podziale:<\/p>\n<ol>\n<li>30 os\u00f3b \u2013 rekrutacja w luty\/marzec 2018 r.<\/li>\n<li>30 os\u00f3b \u2013 rekrutacja w styczniu 2019 r.<\/li>\n<\/ol>\n<p>Sta\u017cy\u015bci w wyniku udzia\u0142u w sta\u017cach m.in.:<\/p>\n<ul>\n<li>zwi\u0119ksz\u0105 wiedz\u0119 i umiej\u0119tno\u015bci w zakresie chemii zdobyte na studiach,<\/li>\n<li>poznaj\u0105 obs\u0142ug\u0119 specjalistycznej aparatury chemicznej, technik pomiarowych i\u00a0obliczeniowych<\/li>\n<li>rozwin\u0105 kompetencje oczekiwane na rynku pracy tj. kreatywno\u015b\u0107, zdolno\u015bci komunikacyjne, praca w grupie, przedstawianie wynik\u00f3w swojej pracy<\/li>\n<li>zwi\u0119ksza \u015bwiadomo\u015b\u0107 konieczno\u015bci rozwijania w\u0142asnej wiedzy, uczenia si\u0119 przez ca\u0142e \u017cycie, odpowiedzialno\u015bci za realizowane projekty, bezpiecze\u0144stwo swoje i innych<\/li>\n<li>z pomoc\u0105 Opiekuna merytorycznego sta\u017cu u pracodawcy zaplanuj\u0105 swoj\u0105 dalsz\u0105 karier\u0119 zawodow\u0105<\/li>\n<\/ul>\n<p>&nbsp;<\/p>\n<p><strong>Biuro Projektu<\/strong> mie\u015bci si\u0119 w Katowicach, w budynku Wydzia\u0142u Matematyki, Fizyki<br \/>\ni Chemii, przy\u00a0ul. Bankowej 14, pok. 159.<\/p>\n<p>&nbsp;<\/p>\n<p><strong>Koordynatorem projektu<\/strong> jest Katarzyna Kowalska-Szojda<br \/>\n(e-mail: katarzyna.kowalska-szojda@us.edu.pl)<\/p>\n<p>&nbsp;<\/p>\n<p><strong>Okres realizacji:<\/strong> 01.01.2018 \u2013 30.11.2019<\/p>\n<p><strong>Warto\u015b\u0107 projektu: \u00a0\u00a0\u00a0\u00a0\u00a0\u00a0\u00a0\u00a0\u00a0\u00a0\u00a0\u00a0\u00a0\u00a0 \u00a0\u00a0\u00a0\u00a0\u00a0\u00a0\u00a0\u00a0\u00a0\u00a0\u00a0 <\/strong>898 075,00 z\u0142<\/p>\n<p><strong>Wk\u0142ad Funduszy Europejskich: \u00a0\u00a0\u00a0\u00a0\u00a0 871 131,00<\/strong> z\u0142<\/p>\n<p>\n<\/div>\r\n                    <\/div>\r\n                <\/div>[\/vc_column][\/vc_row]<\/p>","protected":false},"excerpt":{"rendered":"<p>[vc_row][vc_column][\/vc_column][\/vc_row][vc_row][vc_column][\/vc_column][\/vc_row] [&#8230;]<\/p>\n<p><a class=\"btn btn-secondary understrap-read-more-link\" href=\"https:\/\/us.edu.pl\/instytut\/ich\/realizowane-projekty\/projekt-ches\/\">Read More&#8230;<\/a><\/p>\n","protected":false},"author":99,"featured_media":0,"parent":266,"menu_order":0,"comment_status":"closed","ping_status":"closed","template":"","meta":{"_expiration-date-status":"saved","_expiration-date":0,"_expiration-date-type":"","_expiration-date-categories":[],"_expiration-date-options":[]},"acf":[],"_links":{"self":[{"href":"https:\/\/us.edu.pl\/instytut\/ich\/wp-json\/wp\/v2\/pages\/422"}],"collection":[{"href":"https:\/\/us.edu.pl\/instytut\/ich\/wp-json\/wp\/v2\/pages"}],"about":[{"href":"https:\/\/us.edu.pl\/instytut\/ich\/wp-json\/wp\/v2\/types\/page"}],"author":[{"embeddable":true,"href":"https:\/\/us.edu.pl\/instytut\/ich\/wp-json\/wp\/v2\/users\/99"}],"replies":[{"embeddable":true,"href":"https:\/\/us.edu.pl\/instytut\/ich\/wp-json\/wp\/v2\/comments?post=422"}],"version-history":[{"count":1,"href":"https:\/\/us.edu.pl\/instytut\/ich\/wp-json\/wp\/v2\/pages\/422\/revisions"}],"predecessor-version":[{"id":425,"href":"https:\/\/us.edu.pl\/instytut\/ich\/wp-json\/wp\/v2\/pages\/422\/revisions\/425"}],"up":[{"embeddable":true,"href":"https:\/\/us.edu.pl\/instytut\/ich\/wp-json\/wp\/v2\/pages\/266"}],"wp:attachment":[{"href":"https:\/\/us.edu.pl\/instytut\/ich\/wp-json\/wp\/v2\/media?parent=422"}],"curies":[{"name":"wp","href":"https:\/\/api.w.org\/{rel}","templated":true}]}}