{"id":435,"date":"2020-04-10T13:06:39","date_gmt":"2020-04-10T11:06:39","guid":{"rendered":"http:\/\/us.edu.pl\/instytut\/ich\/?page_id=435"},"modified":"2020-04-10T13:06:39","modified_gmt":"2020-04-10T11:06:39","slug":"projekt-chemia-i-staze","status":"publish","type":"page","link":"https:\/\/us.edu.pl\/instytut\/ich\/realizowane-projekty\/projekt-chemia-i-staze\/","title":{"rendered":"Projekt Chemia i Sta\u017ce"},"content":{"rendered":"<p>[vc_row][vc_column]\r\n                <div class=\"text-modules\">\r\n                    <div class=\"container\">\r\n                        <h3 class=\"page-title text__title\">Projekt Chemia i Sta\u017ce<\/h3>\r\n                        <div class=\"text-modules__content\"><p><img loading=\"lazy\" class=\"aligncenter wp-image-423 size-full\" src=\"http:\/\/us.edu.pl\/instytut\/ich\/wp-content\/uploads\/sites\/38\/Editor\/projekty-edukacyjne\/projekt-FE-UE.jpg\" alt=\"\" width=\"1385\" height=\"271\" srcset=\"https:\/\/us.edu.pl\/instytut\/ich\/wp-content\/uploads\/sites\/38\/Editor\/projekty-edukacyjne\/projekt-FE-UE.jpg 1385w, https:\/\/us.edu.pl\/instytut\/ich\/wp-content\/uploads\/sites\/38\/Editor\/projekty-edukacyjne\/projekt-FE-UE-300x59.jpg 300w, https:\/\/us.edu.pl\/instytut\/ich\/wp-content\/uploads\/sites\/38\/Editor\/projekty-edukacyjne\/projekt-FE-UE-768x150.jpg 768w, https:\/\/us.edu.pl\/instytut\/ich\/wp-content\/uploads\/sites\/38\/Editor\/projekty-edukacyjne\/projekt-FE-UE-1024x200.jpg 1024w, https:\/\/us.edu.pl\/instytut\/ich\/wp-content\/uploads\/sites\/38\/Editor\/projekty-edukacyjne\/projekt-FE-UE-575x113.jpg 575w\" sizes=\"(max-width: 1385px) 100vw, 1385px\" \/><\/p>\n<\/div>\r\n                    <\/div>\r\n                <\/div>[\/vc_column][\/vc_row][vc_row][vc_column]\r\n                <div class=\"text-modules\">\r\n                    <div class=\"container\">\r\n                        \r\n                        <div class=\"text-modules__content\"><\/p>\n<h3>Rozpocz\u0119cie realizacji projektu \u201eCiS \u2013 Chemia i Sta\u017ce\u201d<\/h3>\n<h3>projekt dla student\u00f3w<\/h3>\n<p>&nbsp;<\/p>\n<p>Instytut Chemii Uniwersytetu \u015al\u0105skiego w Katowicach rozpocz\u0105\u0142 1 maja 2016 roku, realizacj\u0119 nowego projektu pt. <em>\u201eCiS \u2013 Chemia i Sta\u017ce\u201d<\/em> w ramach Programu Operacyjnego Wiedza Edukacja Rozw\u00f3j, wsp\u00f3\u0142finansowanego ze \u015brodk\u00f3w Unii Europejskiej w ramach Europejskiego Funduszu Spo\u0142ecznego.<\/p>\n<p>&nbsp;<\/p>\n<p>Realizacja projektu zosta\u0142a zaplanowana do 31 grudnia 2017 roku, a jego g\u0142\u00f3wnym celem jest umo\u017cliwienie zdobycia praktycznego do\u015bwiadczenia oraz podniesienie kompetencji zawodowych, komunikacyjnych, analitycznych \u0142\u0105cznie 60 student\u00f3w i studentek studi\u00f3w stacjonarnych II stopnia kierunku Chemia, co ma stanowi\u0107 odpowied\u017a na potrzeby spo\u0142eczno \u2013 gospodarcze i oczekiwania przysz\u0142ych pracodawc\u00f3w oraz rynku pracy. Zadanie te zostan\u0105 osi\u0105gni\u0119te przez realizacj\u0119 trzymiesi\u0119cznych sta\u017cy studenckich, krajowych i zagranicznych.<\/p>\n<p>&nbsp;<\/p>\n<p>Programy sta\u017cy przygotowane b\u0119d\u0105 we wsp\u00f3\u0142pracy z pracodawcami, co ma umo\u017cliwi\u0107 jak najlepsze ich dostosowanie do potrzeb i oczekiwa\u0144 rynku oraz pozwoli\u0107 studentom i studentkom na zdobycie kluczowych umiej\u0119tno\u015bci, kompetencji i wiedzy przydatnych na dalszym etapie kariery.<\/p>\n<p>Pierwsz\u0105 edycj\u0119 sta\u017cy zaplanowali\u015bmy ju\u017c na miesi\u0105ce letnie \u00a02016 roku, a dok\u0142adny harmonogram b\u0119dzie pojawia\u0142 si\u0119 na bie\u017c\u0105co. Zach\u0119camy do polubienia fanpage na Facebooku, po\u015bwi\u0119conego projektowi. Na nim na bie\u017c\u0105co pojawia\u0107 si\u0119 b\u0119d\u0105 informacje zwi\u0105zane z realizacj\u0105 projektu i\u00a0zaplanowanymi formami wsparcia.<\/p>\n<p>&nbsp;<\/p>\n<p>Wszystkie osoby zainteresowane uczestnictwem w projekcie zach\u0119camy r\u00f3wnie\u017c do kontaktu z\u00a0Biurem Projektu, kt\u00f3re mie\u015bci si\u0119 w budynku przy ul. Bankowej 14, pok. 144 mail: aleksandra.balik@us.edu.pl.<\/p>\n<p><strong>Najwa\u017cniejsze informacje dotycz\u0105ce projektu:<\/strong><\/p>\n<p>&nbsp;<\/p>\n<p><strong>Okres realizacji:<\/strong> 01.05.2016 \u2013 31.12.2017<\/p>\n<p>&nbsp;<\/p>\n<p><strong>Cel projektu:<\/strong> g\u0142\u00f3wnym celem jest zdobycie praktycznego do\u015bwiadczenia orz podniesienie kompetencji zawodowych, komunikacyjnych, analitycznych i innych 60 student\u00f3w i studentek studi\u00f3w stacjonarnych II stopnia kierunku Chemia, odpowiadaj\u0105cych potrzebom spo\u0142eczno \u2013 gospodarczym, oczekiwanym przez pracodawc\u00f3w.<\/p>\n<p>&nbsp;<\/p>\n<p><strong>Planowane efekty:<\/strong> w wyniku realizacji projektu planowane jest podniesienie kompetencji zawodowych, komunikacyjnych, informatycznych, analitycznych, samoorganizacynych oraz z zakresu przedsi\u0119biorczo\u015bci <strong>60 student\u00f3w i studentek<\/strong> studi\u00f3w stacjonarnych II stopnia kierunku Chemia.<\/p>\n<p>&nbsp;<\/p>\n<p><strong>Warto\u015b\u0107 projektu: \u00a0\u00a0\u00a0\u00a0\u00a0\u00a0\u00a0\u00a0\u00a0\u00a0\u00a0\u00a0\u00a0\u00a0\u00a0\u00a0\u00a0\u00a0\u00a0\u00a0\u00a0\u00a0\u00a0\u00a0\u00a0\u00a0\u00a0\u00a0\u00a0\u00a0\u00a0\u00a0\u00a0\u00a0\u00a0\u00a0\u00a0\u00a0\u00a0 <\/strong>720\u00a0800,00 z\u0142<\/p>\n<p><strong>Wk\u0142ad Funduszy Europejskich: \u00a0 \u00a0 \u00a0 \u00a0 \u00a0 \u00a0 \u00a0 \u00a0 \u00a0 \u00a0 \u00a0\u00a0<\/strong>699\u00a0176,00 z\u0142<\/p>\n<p>\n<\/div>\r\n                    <\/div>\r\n                <\/div>[\/vc_column][\/vc_row]<\/p>","protected":false},"excerpt":{"rendered":"<p>[vc_row][vc_column][\/vc_column][\/vc_row][vc_row][vc_column][\/vc_column][\/vc_row] [&#8230;]<\/p>\n<p><a class=\"btn btn-secondary understrap-read-more-link\" href=\"https:\/\/us.edu.pl\/instytut\/ich\/realizowane-projekty\/projekt-chemia-i-staze\/\">Read More&#8230;<\/a><\/p>\n","protected":false},"author":99,"featured_media":0,"parent":266,"menu_order":0,"comment_status":"closed","ping_status":"closed","template":"","meta":{"_expiration-date-status":"saved","_expiration-date":0,"_expiration-date-type":"","_expiration-date-categories":[],"_expiration-date-options":[]},"acf":[],"_links":{"self":[{"href":"https:\/\/us.edu.pl\/instytut\/ich\/wp-json\/wp\/v2\/pages\/435"}],"collection":[{"href":"https:\/\/us.edu.pl\/instytut\/ich\/wp-json\/wp\/v2\/pages"}],"about":[{"href":"https:\/\/us.edu.pl\/instytut\/ich\/wp-json\/wp\/v2\/types\/page"}],"author":[{"embeddable":true,"href":"https:\/\/us.edu.pl\/instytut\/ich\/wp-json\/wp\/v2\/users\/99"}],"replies":[{"embeddable":true,"href":"https:\/\/us.edu.pl\/instytut\/ich\/wp-json\/wp\/v2\/comments?post=435"}],"version-history":[{"count":1,"href":"https:\/\/us.edu.pl\/instytut\/ich\/wp-json\/wp\/v2\/pages\/435\/revisions"}],"predecessor-version":[{"id":436,"href":"https:\/\/us.edu.pl\/instytut\/ich\/wp-json\/wp\/v2\/pages\/435\/revisions\/436"}],"up":[{"embeddable":true,"href":"https:\/\/us.edu.pl\/instytut\/ich\/wp-json\/wp\/v2\/pages\/266"}],"wp:attachment":[{"href":"https:\/\/us.edu.pl\/instytut\/ich\/wp-json\/wp\/v2\/media?parent=435"}],"curies":[{"name":"wp","href":"https:\/\/api.w.org\/{rel}","templated":true}]}}

Projekt Chemia i Staże

<p>[vc_row][vc_column]
                <div class="text-modules">
                    <div class="container">
                        <h3 class="page-title text__title">Projekt Chemia i Staże</h3>
                        <div class="text-modules__content"><p><img loading="lazy" class="aligncenter wp-image-423 size-full" src="http://us.edu.pl/instytut/ich/wp-content/uploads/sites/38/Editor/projekty-edukacyjne/projekt-FE-UE.jpg" alt="" width="1385" height="271" srcset="https://us.edu.pl/instytut/ich/wp-content/uploads/sites/38/Editor/projekty-edukacyjne/projekt-FE-UE.jpg 1385w, https://us.edu.pl/instytut/ich/wp-content/uploads/sites/38/Editor/projekty-edukacyjne/projekt-FE-UE-300x59.jpg 300w, https://us.edu.pl/instytut/ich/wp-content/uploads/sites/38/Editor/projekty-edukacyjne/projekt-FE-UE-768x150.jpg 768w, https://us.edu.pl/instytut/ich/wp-content/uploads/sites/38/Editor/projekty-edukacyjne/projekt-FE-UE-1024x200.jpg 1024w, https://us.edu.pl/instytut/ich/wp-content/uploads/sites/38/Editor/projekty-edukacyjne/projekt-FE-UE-575x113.jpg 575w" sizes="(max-width: 1385px) 100vw, 1385px" /></p>
</div>
                    </div>
                </div>[/vc_column][/vc_row][vc_row][vc_column]
                <div class="text-modules">
                    <div class="container">
                        
                        <div class="text-modules__content"></p>
<h3>Rozpoczęcie realizacji projektu „CiS – Chemia i Staże”</h3>
<h3>projekt dla studentów</h3>
<p>&nbsp;</p>
<p>Instytut Chemii Uniwersytetu Śląskiego w Katowicach rozpoczął 1 maja 2016 roku, realizację nowego projektu pt. <em>„CiS – Chemia i Staże”</em> w ramach Programu Operacyjnego Wiedza Edukacja Rozwój, współfinansowanego ze środków Unii Europejskiej w ramach Europejskiego Funduszu Społecznego.</p>
<p>&nbsp;</p>
<p>Realizacja projektu została zaplanowana do 31 grudnia 2017 roku, a jego głównym celem jest umożliwienie zdobycia praktycznego doświadczenia oraz podniesienie kompetencji zawodowych, komunikacyjnych, analitycznych łącznie 60 studentów i studentek studiów stacjonarnych II stopnia kierunku Chemia, co ma stanowić odpowiedź na potrzeby społeczno – gospodarcze i oczekiwania przyszłych pracodawców oraz rynku pracy. Zadanie te zostaną osiągnięte przez realizację trzymiesięcznych staży studenckich, krajowych i zagranicznych.</p>
<p>&nbsp;</p>
<p>Programy staży przygotowane będą we współpracy z pracodawcami, co ma umożliwić jak najlepsze ich dostosowanie do potrzeb i oczekiwań rynku oraz pozwolić studentom i studentkom na zdobycie kluczowych umiejętności, kompetencji i wiedzy przydatnych na dalszym etapie kariery.</p>
<p>Pierwszą edycję staży zaplanowaliśmy już na miesiące letnie  2016 roku, a dokładny harmonogram będzie pojawiał się na bieżąco. Zachęcamy do polubienia fanpage na Facebooku, poświęconego projektowi. Na nim na bieżąco pojawiać się będą informacje związane z realizacją projektu i zaplanowanymi formami wsparcia.</p>
<p>&nbsp;</p>
<p>Wszystkie osoby zainteresowane uczestnictwem w projekcie zachęcamy również do kontaktu z Biurem Projektu, które mieści się w budynku przy ul. Bankowej 14, pok. 144 mail: aleksandra.balik@us.edu.pl.</p>
<p><strong>Najważniejsze informacje dotyczące projektu:</strong></p>
<p>&nbsp;</p>
<p><strong>Okres realizacji:</strong> 01.05.2016 – 31.12.2017</p>
<p>&nbsp;</p>
<p><strong>Cel projektu:</strong> głównym celem jest zdobycie praktycznego doświadczenia orz podniesienie kompetencji zawodowych, komunikacyjnych, analitycznych i innych 60 studentów i studentek studiów stacjonarnych II stopnia kierunku Chemia, odpowiadających potrzebom społeczno – gospodarczym, oczekiwanym przez pracodawców.</p>
<p>&nbsp;</p>
<p><strong>Planowane efekty:</strong> w wyniku realizacji projektu planowane jest podniesienie kompetencji zawodowych, komunikacyjnych, informatycznych, analitycznych, samoorganizacynych oraz z zakresu przedsiębiorczości <strong>60 studentów i studentek</strong> studiów stacjonarnych II stopnia kierunku Chemia.</p>
<p>&nbsp;</p>
<p><strong>Wartość projektu:                                         </strong>720 800,00 zł</p>
<p><strong>Wkład Funduszy Europejskich:                       </strong>699 176,00 zł</p>
<p>
</div>
                    </div>
                </div>[/vc_column][/vc_row]</p>
