{"id":1089,"date":"2021-02-09T11:40:34","date_gmt":"2021-02-09T10:40:34","guid":{"rendered":"https:\/\/us.edu.pl\/instytut\/idkm\/?page_id=1089"},"modified":"2021-02-09T11:40:34","modified_gmt":"2021-02-09T10:40:34","slug":"webinarium-z-prof-darrenem-lillekerem-z-bournemouth-university","status":"publish","type":"page","link":"https:\/\/us.edu.pl\/instytut\/idkm\/dla-pracownika\/ogloszenia-biezace\/webinarium-z-prof-darrenem-lillekerem-z-bournemouth-university\/","title":{"rendered":"Webinarium z prof. Darrenem Lillekerem z Bournemouth University"},"content":{"rendered":"<p><\/p>\n<p style=\"padding-left: 40px\"><span style=\"font-size: 14pt\">Spotkanie zatytu\u0142owane &#8222;Political communication in an international perspective: Current trends and developments&#8221; odb\u0119dzie si\u0119 we wtorek 2 marca w godz. 11:30-13:00.<\/span><br \/>\n<span style=\"font-size: 14pt\">Prof. Lilleker jest cenionym w \u015brodowisku mi\u0119dzynarodowym badaczem komunikacji politycznej, okrzykni\u0119tym przez BBC\u00a0 &#8222;cz\u0142owiekiem, kt\u00f3ry obserwuje Westminster&#8221;. Dost\u0119p do kana\u0142u pod linkiem:<\/span><\/p>\n<p style=\"padding-left: 40px\"><a href=\"https:\/\/teams.microsoft.com\/l\/team\/19%3a0e8c965fc365447a9a3f7123214b5182%40thread.tacv2\/conversations\"><span style=\"font-size: 14pt\">https:\/\/teams.microsoft.com\/l\/team\/19%3a0e8c965fc365447a9a3f7123214b5182%40thread.tacv2\/conversations<\/span><\/a><\/p>\n<p>&nbsp;<\/p>\n<p style=\"text-align: center\"><img class=\"alignnone wp-image-1090 size-full\" src=\"https:\/\/us.edu.pl\/instytut\/idkm\/wp-content\/uploads\/sites\/30\/Nieprzypisane\/02a.jpg\" alt=\"\" width=\"800\" height=\"600\" srcset=\"https:\/\/us.edu.pl\/instytut\/idkm\/wp-content\/uploads\/sites\/30\/Nieprzypisane\/02a.jpg 800w, https:\/\/us.edu.pl\/instytut\/idkm\/wp-content\/uploads\/sites\/30\/Nieprzypisane\/02a-300x225.jpg 300w, https:\/\/us.edu.pl\/instytut\/idkm\/wp-content\/uploads\/sites\/30\/Nieprzypisane\/02a-768x576.jpg 768w, https:\/\/us.edu.pl\/instytut\/idkm\/wp-content\/uploads\/sites\/30\/Nieprzypisane\/02a-575x431.jpg 575w\" sizes=\"(max-width: 800px) 100vw, 800px\" \/><\/p>\n<p><\/p>","protected":false},"excerpt":{"rendered":"<p>Spotkanie zatytu\u0142owane &#8222;Political communication in an international perspective: Current trends and developments&#8221; odb\u0119dzie si\u0119 we wtorek 2 marca w godz. 11:30-13:00. Prof. Lilleker jest cenionym w \u015brodowisku mi\u0119dzynarodowym badaczem komunikacji politycznej, okrzykni\u0119tym przez BBC\u00a0 &#8222;cz\u0142owiekiem, kt\u00f3ry obserwuje Westminster&#8221;. Dost\u0119p do kana\u0142u pod linkiem: https:\/\/teams.microsoft.com\/l\/team\/19%3a0e8c965fc365447a9a3f7123214b5182%40thread.tacv2\/conversations &nbsp; [&#8230;]<\/p>\n<p><a class=\"btn btn-secondary understrap-read-more-link\" href=\"https:\/\/us.edu.pl\/instytut\/idkm\/dla-pracownika\/ogloszenia-biezace\/webinarium-z-prof-darrenem-lillekerem-z-bournemouth-university\/\">Read More&#8230;<\/a><\/p>\n","protected":false},"author":202,"featured_media":1090,"parent":182,"menu_order":0,"comment_status":"closed","ping_status":"closed","template":"","meta":{"_expiration-date-status":"saved","_expiration-date":0,"_expiration-date-type":"","_expiration-date-categories":[],"_expiration-date-options":[]},"acf":[],"_links":{"self":[{"href":"https:\/\/us.edu.pl\/instytut\/idkm\/wp-json\/wp\/v2\/pages\/1089"}],"collection":[{"href":"https:\/\/us.edu.pl\/instytut\/idkm\/wp-json\/wp\/v2\/pages"}],"about":[{"href":"https:\/\/us.edu.pl\/instytut\/idkm\/wp-json\/wp\/v2\/types\/page"}],"author":[{"embeddable":true,"href":"https:\/\/us.edu.pl\/instytut\/idkm\/wp-json\/wp\/v2\/users\/202"}],"replies":[{"embeddable":true,"href":"https:\/\/us.edu.pl\/instytut\/idkm\/wp-json\/wp\/v2\/comments?post=1089"}],"version-history":[{"count":1,"href":"https:\/\/us.edu.pl\/instytut\/idkm\/wp-json\/wp\/v2\/pages\/1089\/revisions"}],"predecessor-version":[{"id":1091,"href":"https:\/\/us.edu.pl\/instytut\/idkm\/wp-json\/wp\/v2\/pages\/1089\/revisions\/1091"}],"up":[{"embeddable":true,"href":"https:\/\/us.edu.pl\/instytut\/idkm\/wp-json\/wp\/v2\/pages\/182"}],"wp:featuredmedia":[{"embeddable":true,"href":"https:\/\/us.edu.pl\/instytut\/idkm\/wp-json\/wp\/v2\/media\/1090"}],"wp:attachment":[{"href":"https:\/\/us.edu.pl\/instytut\/idkm\/wp-json\/wp\/v2\/media?parent=1089"}],"curies":[{"name":"wp","href":"https:\/\/api.w.org\/{rel}","templated":true}]}}