{"id":1179,"date":"2021-05-08T14:28:01","date_gmt":"2021-05-08T12:28:01","guid":{"rendered":"https:\/\/us.edu.pl\/instytut\/idkm\/?page_id=1179"},"modified":"2021-05-08T14:38:49","modified_gmt":"2021-05-08T12:38:49","slug":"1179-2","status":"publish","type":"page","link":"https:\/\/us.edu.pl\/instytut\/idkm\/wspolpraca\/miedzynarodowa\/1179-2\/","title":{"rendered":"Porozumienie o wsp\u00f3\u0142pracy partnerskiej z Polskim Instytutem Badawczym w Budapeszcie"},"content":{"rendered":"<p><\/p>\n<p style=\"padding-left: 40px\"><span style=\"font-size: 14pt\">W 2019 roku Instytut Dziennikarstwa i Komunikacji Medialnej Uniwersytetu \u015al\u0105skiego zawar\u0142 porozumienie o wsp\u00f3\u0142pracy partnerskiej z Polskim Instytutem Badawczym w Budapeszcie. Na mocy porozumienia obie strony zobowi\u0105za\u0142y si\u0119 do wsp\u00f3\u0142pracy, kt\u00f3rej efektem jest prowadzenie bada\u0144 naukowych oraz upowszechnianie wynik\u00f3w tych bada\u0144. Instytut oraz PIB organizuj\u0105 konferencje i seminaria naukowe; w ramach dzia\u0142a\u0144 tych promowane jest polskie dziedzictwo narodowe i kulturowe.<\/span><\/p>\n<p style=\"text-align: center\"><a href=\"http:\/\/lengyelmuzeum.hu\/pl\/\"><span style=\"font-size: 14pt\">Strona internetowa Polskiego Instytutu Badawczego w Budapeszcie<\/span><\/a><\/p>\n<p style=\"text-align: center\"><a href=\"https:\/\/us.edu.pl\/instytut\/idkm\/wp-content\/uploads\/sites\/30\/2021\/05\/umowa-z-PIB.pdf\" class=\"mtli_attachment mtli_pdf\" data-mtli=\"mtli_filesize148,56kB\"><span style=\"font-size: 14pt\">Tekst porozumienia o wsp\u00f3\u0142pracy partnerskiej<\/span><\/a><\/p>\n<p style=\"text-align: center\"><img class=\"aligncenter wp-image-1180 size-full\" src=\"https:\/\/us.edu.pl\/instytut\/idkm\/wp-content\/uploads\/sites\/30\/Nieprzypisane\/x-2.jpg\" alt=\"\" width=\"800\" height=\"533\" srcset=\"https:\/\/us.edu.pl\/instytut\/idkm\/wp-content\/uploads\/sites\/30\/Nieprzypisane\/x-2.jpg 800w, https:\/\/us.edu.pl\/instytut\/idkm\/wp-content\/uploads\/sites\/30\/Nieprzypisane\/x-2-300x200.jpg 300w, https:\/\/us.edu.pl\/instytut\/idkm\/wp-content\/uploads\/sites\/30\/Nieprzypisane\/x-2-768x512.jpg 768w, https:\/\/us.edu.pl\/instytut\/idkm\/wp-content\/uploads\/sites\/30\/Nieprzypisane\/x-2-575x383.jpg 575w\" sizes=\"(max-width: 800px) 100vw, 800px\" \/><\/p>\n<p><\/p>\n<style type=\"text\/css\">a[data-mtli~=\"mtli_filesize148,56kB\"]:after {content:\" (148,56 kB)\"}<\/style>","protected":false},"excerpt":{"rendered":"<p>W 2019 roku Instytut Dziennikarstwa i Komunikacji Medialnej Uniwersytetu \u015al\u0105skiego zawar\u0142 porozumienie o wsp\u00f3\u0142pracy partnerskiej z Polskim Instytutem Badawczym w Budapeszcie. Na mocy porozumienia obie strony zobowi\u0105za\u0142y si\u0119 do wsp\u00f3\u0142pracy, kt\u00f3rej efektem jest prowadzenie bada\u0144 naukowych oraz upowszechnianie wynik\u00f3w tych bada\u0144. Instytut oraz PIB organizuj\u0105 konferencje i seminaria naukowe; w ramach dzia\u0142a\u0144 tych promowane jest [&#8230;]<\/p>\n<p><a class=\"btn btn-secondary understrap-read-more-link\" href=\"https:\/\/us.edu.pl\/instytut\/idkm\/wspolpraca\/miedzynarodowa\/1179-2\/\">Read More&#8230;<\/a><\/p>\n","protected":false},"author":202,"featured_media":1180,"parent":176,"menu_order":0,"comment_status":"closed","ping_status":"closed","template":"","meta":{"_expiration-date-status":"saved","_expiration-date":0,"_expiration-date-type":"","_expiration-date-categories":[],"_expiration-date-options":[]},"acf":[],"_links":{"self":[{"href":"https:\/\/us.edu.pl\/instytut\/idkm\/wp-json\/wp\/v2\/pages\/1179"}],"collection":[{"href":"https:\/\/us.edu.pl\/instytut\/idkm\/wp-json\/wp\/v2\/pages"}],"about":[{"href":"https:\/\/us.edu.pl\/instytut\/idkm\/wp-json\/wp\/v2\/types\/page"}],"author":[{"embeddable":true,"href":"https:\/\/us.edu.pl\/instytut\/idkm\/wp-json\/wp\/v2\/users\/202"}],"replies":[{"embeddable":true,"href":"https:\/\/us.edu.pl\/instytut\/idkm\/wp-json\/wp\/v2\/comments?post=1179"}],"version-history":[{"count":5,"href":"https:\/\/us.edu.pl\/instytut\/idkm\/wp-json\/wp\/v2\/pages\/1179\/revisions"}],"predecessor-version":[{"id":1188,"href":"https:\/\/us.edu.pl\/instytut\/idkm\/wp-json\/wp\/v2\/pages\/1179\/revisions\/1188"}],"up":[{"embeddable":true,"href":"https:\/\/us.edu.pl\/instytut\/idkm\/wp-json\/wp\/v2\/pages\/176"}],"wp:featuredmedia":[{"embeddable":true,"href":"https:\/\/us.edu.pl\/instytut\/idkm\/wp-json\/wp\/v2\/media\/1180"}],"wp:attachment":[{"href":"https:\/\/us.edu.pl\/instytut\/idkm\/wp-json\/wp\/v2\/media?parent=1179"}],"curies":[{"name":"wp","href":"https:\/\/api.w.org\/{rel}","templated":true}]}}