{"id":144,"date":"2019-12-12T19:34:33","date_gmt":"2019-12-12T18:34:33","guid":{"rendered":"http:\/\/us.edu.pl\/instytut\/idkm\/?page_id=144"},"modified":"2026-02-10T16:15:46","modified_gmt":"2026-02-10T15:15:46","slug":"zespoly-badawcze","status":"publish","type":"page","link":"https:\/\/us.edu.pl\/instytut\/idkm\/nauka-i-badania\/zespoly-badawcze\/","title":{"rendered":"Zespo\u0142y badawcze"},"content":{"rendered":"<p>[vc_row][vc_column]\r\n                <div class=\"text-modules \">\r\n                    <div class=\"container\">\r\n                        <h3 class=\"section-title section-title_border-bottom\">Zespo\u0142y badawcze w Instytucie Dziennikarstwa i Komunikacji Medialnej<\/h3> \r\n                        <div class=\"row m-0\">\r\n                            <div class=\"text-modules__content\">\r\n                                <\/p>\n<p style=\"padding-left: 40px;\"><span style=\"font-size: 14pt;\">W Instytucie Dziennikarstwa i Komunikacji Medialnej Uniwersytetu \u015al\u0105skiego w Katowicach zosta\u0142y powo\u0142ane nast\u0119puj\u0105ce zespo\u0142y badawcze na rok 2026:<\/span><\/p>\n<p style=\"padding-left: 40px;\"><span style=\"font-size: 14pt;\">Zesp\u00f3\u0142 nr 1<\/span><\/p>\n<table class=\" aligncenter\" style=\"width: 80%; border-collapse: collapse; border-style: solid;\" cellpadding=\"5\">\n<tbody>\n<tr>\n<td style=\"width: 28.1977%;\"><span style=\"font-size: 14pt;\">Nazwa zespo\u0142u\/temat<\/span><\/td>\n<td style=\"width: 71.8023%;\"><span style=\"font-size: 14pt;\">Temat g\u0142\u00f3wny: Kobieta w kontek\u015bcie spo\u0142ecznym, politycznym i medioznawczym<\/span><\/td>\n<\/tr>\n<tr>\n<td style=\"width: 28.1977%;\"><span style=\"font-size: 14pt;\">Lider<\/span><\/td>\n<td style=\"width: 71.8023%;\"><strong><span style=\"font-size: 14pt;\">dr hab. Katarzyna Brzoza-Kolorz<\/span><\/strong><\/td>\n<\/tr>\n<tr>\n<td style=\"width: 28.1977%;\"><span style=\"font-size: 14pt;\">Sk\u0142ad osobowy<\/span><\/td>\n<td style=\"width: 71.8023%;\"><span style=\"font-size: 14pt;\">dr hab.Katarzyna Brzoza-Kolorz<br \/>\ndr Karolina Poli\u0144ska<br \/>\n<\/span><\/td>\n<\/tr>\n<tr>\n<td style=\"width: 28.1977%;\"><span style=\"font-size: 14pt;\">Czas trwania<\/span><\/td>\n<td style=\"width: 71.8023%;\"><span style=\"font-size: 14pt;\">01.01.2026-31.12.2027<\/span><\/td>\n<\/tr>\n<\/tbody>\n<\/table>\n<p>&nbsp;<\/p>\n<p style=\"padding-left: 40px;\"><span style=\"font-size: 14pt;\">Zesp\u00f3\u0142 nr 2<\/span><\/p>\n<table class=\" aligncenter\" style=\"width: 80%; border-collapse: collapse; border-style: solid; height: 96px;\" cellpadding=\"5\">\n<tbody>\n<tr style=\"height: 24px;\">\n<td style=\"width: 28.1977%; height: 24px;\"><span style=\"font-size: 14pt;\">Nazwa zespo\u0142u\/temat<\/span><\/td>\n<td style=\"width: 71.8023%; height: 24px;\"><span style=\"font-size: 14pt;\">Temat g\u0142\u00f3wny: Badania mediolingwistyczne<\/span><\/td>\n<\/tr>\n<tr style=\"height: 24px;\">\n<td style=\"width: 28.1977%; height: 24px;\"><span style=\"font-size: 14pt;\">Lider<\/span><\/td>\n<td style=\"width: 71.8023%; height: 24px;\"><strong><span style=\"font-size: 14pt;\">dr hab. Magdalena \u015alawska, prof. U\u015a<\/span><\/strong><\/td>\n<\/tr>\n<tr style=\"height: 24px;\">\n<td style=\"width: 28.1977%; height: 24px;\"><span style=\"font-size: 14pt;\">Sk\u0142ad osobowy<\/span><\/td>\n<td style=\"width: 71.8023%; height: 24px;\"><span style=\"font-size: 14pt;\">dr hab. Magdalena \u015alawska, prof. U\u015a<\/span><br \/>\n<span style=\"font-size: 14pt;\">dr Matylda S\u0119k-Iwanek<\/span><br \/>\n<span style=\"font-size: 14pt;\">dr hab. Sylwia Sojda<\/span><\/td>\n<\/tr>\n<tr style=\"height: 24px;\">\n<td style=\"width: 28.1977%; height: 24px;\"><span style=\"font-size: 14pt;\">Czas trwania<\/span><\/td>\n<td style=\"width: 71.8023%; height: 24px;\"><span style=\"font-size: 14pt;\">01.01.2026-31.12.2027<\/span><\/td>\n<\/tr>\n<\/tbody>\n<\/table>\n<p>&nbsp;<\/p>\n<p style=\"padding-left: 40px;\"><span style=\"font-size: 14pt;\">Zesp\u00f3\u0142 nr 3<\/span><\/p>\n<table class=\" aligncenter\" style=\"width: 80%; border-collapse: collapse; border-style: solid;\" cellpadding=\"5\">\n<tbody>\n<tr>\n<td style=\"width: 28.1977%;\"><span style=\"font-size: 14pt;\">Nazwa zespo\u0142u\/temat<\/span><\/td>\n<td style=\"width: 71.8023%;\"><span style=\"font-size: 14pt;\">Temat g\u0142\u00f3wny: Badania empiryczne nad komunikowaniem masowym i mediami<\/span><\/td>\n<\/tr>\n<tr>\n<td style=\"width: 28.1977%;\"><span style=\"font-size: 14pt;\">Lider<\/span><\/td>\n<td style=\"width: 71.8023%;\"><strong><span style=\"font-size: 14pt;\">dr hab. Yuliana Palagnyuk, prof. U\u015a<\/span><\/strong><\/td>\n<\/tr>\n<tr>\n<td style=\"width: 28.1977%;\"><span style=\"font-size: 14pt;\">Sk\u0142ad osobowy<\/span><\/td>\n<td style=\"width: 71.8023%;\"><span style=\"font-size: 14pt;\">dr hab. Yuliana Palagnyuk, prof. U\u015a<br \/>\ndr hab. Patrycja Szostok, prof. U\u015a<br \/>\ndr hab. Dagmara G\u0142uszek-Szafraniec, prof. U\u015a<br \/>\ndr Monika Kornacka-Grzonka<br \/>\nmgr Julia Walczak<\/span><\/td>\n<\/tr>\n<tr>\n<td style=\"width: 28.1977%;\"><span style=\"font-size: 14pt;\">Czas trwania<\/span><\/td>\n<td style=\"width: 71.8023%;\"><span style=\"font-size: 14pt;\">01.01.2025 &#8211; 31.12.2026<\/span><\/td>\n<\/tr>\n<\/tbody>\n<\/table>\n<p>&nbsp;<\/p>\n<p style=\"padding-left: 40px;\"><span style=\"font-size: 14pt;\">Zesp\u00f3\u0142 nr 4<\/span><\/p>\n<table class=\" aligncenter\" style=\"width: 80%; border-collapse: collapse; border-style: solid; height: 96px;\" cellpadding=\"5\">\n<tbody>\n<tr style=\"height: 24px;\">\n<td style=\"width: 28.1977%; height: 24px;\"><span style=\"font-size: 14pt;\">Nazwa zespo\u0142u\/temat<\/span><\/td>\n<td style=\"width: 71.8023%; height: 24px;\"><span style=\"font-size: 14pt;\">Temat g\u0142\u00f3wny: Kultury medi\u00f3w<\/span><\/td>\n<\/tr>\n<tr style=\"height: 24px;\">\n<td style=\"width: 28.1977%; height: 24px;\"><span style=\"font-size: 14pt;\">Lider<\/span><\/td>\n<td style=\"width: 71.8023%; height: 24px;\"><strong><span style=\"font-size: 14pt;\">dr hab. Miros\u0142awa Wielopolska-Szymura<\/span><\/strong><\/td>\n<\/tr>\n<tr style=\"height: 24px;\">\n<td style=\"width: 28.1977%; height: 24px;\"><span style=\"font-size: 14pt;\">Sk\u0142ad osobowy<\/span><\/td>\n<td style=\"width: 71.8023%; height: 24px;\"><span style=\"font-size: 14pt;\">dr hab. Miros\u0142awa Wielopolska-Szymura<br \/>\ndr Barbara Leja<br \/>\nmgr Anna Wichrowska<\/span><\/td>\n<\/tr>\n<tr style=\"height: 24px;\">\n<td style=\"width: 28.1977%; height: 24px;\"><span style=\"font-size: 14pt;\">Czas trwania<\/span><\/td>\n<td style=\"width: 71.8023%; height: 24px;\"><span style=\"font-size: 14pt;\">01.01.2026-31.12.2028<\/span><\/td>\n<\/tr>\n<\/tbody>\n<\/table>\n<p>&nbsp;<\/p>\n<p style=\"padding-left: 40px;\"><span style=\"font-size: 14pt;\">Zesp\u00f3\u0142 nr 5<\/span><\/p>\n<table class=\" aligncenter\" style=\"width: 80%; border-collapse: collapse; border-style: solid;\" cellpadding=\"5\">\n<tbody>\n<tr>\n<td style=\"width: 28.1977%;\"><span style=\"font-size: 14pt;\">Nazwa zespo\u0142u\/temat<\/span><\/td>\n<td style=\"width: 71.8023%;\"><span style=\"font-size: 14pt;\">Temat g\u0142\u00f3wny: Dziennikarskie obyczaje czas\u00f3w postmodernizmu<\/span><\/td>\n<\/tr>\n<tr>\n<td style=\"width: 28.1977%;\"><span style=\"font-size: 14pt;\">Lider<\/span><\/td>\n<td style=\"width: 71.8023%;\"><strong><span style=\"font-size: 14pt;\">prof. dr hab. Kazimierz Wolny-Zmorzy\u0144ski<\/span><\/strong><\/td>\n<\/tr>\n<tr>\n<td style=\"width: 28.1977%;\"><span style=\"font-size: 14pt;\">Sk\u0142ad osobowy<\/span><\/td>\n<td style=\"width: 71.8023%;\"><span style=\"font-size: 14pt;\">prof. dr hab. Kazimierz Wolny-Zmorzy\u0144ski<br \/>\ndr Pawe\u0142 P\u0142aneta<\/span><\/td>\n<\/tr>\n<tr>\n<td style=\"width: 28.1977%;\"><span style=\"font-size: 14pt;\">Czas trwania<\/span><\/td>\n<td style=\"width: 71.8023%;\"><span style=\"font-size: 14pt;\">01.01.2026-31.12.2027<\/span><\/td>\n<\/tr>\n<\/tbody>\n<\/table>\n<p>&nbsp;<\/p>\n<p style=\"padding-left: 40px;\"><span style=\"font-size: 14pt;\">Zesp\u00f3\u0142 nr 6<\/span><\/p>\n<table class=\" aligncenter\" style=\"width: 80%; border-collapse: collapse; border-style: solid;\" cellpadding=\"5\">\n<tbody>\n<tr>\n<td style=\"width: 28.1977%;\"><span style=\"font-size: 14pt;\">Nazwa zespo\u0142u\/temat<\/span><\/td>\n<td style=\"width: 71.8023%;\"><span style=\"font-size: 14pt;\">Temat g\u0142\u00f3wny: Kartografia przestrzeni cyfrowej, nowe media oraz media tradycyjne<\/span><\/td>\n<\/tr>\n<tr>\n<td style=\"width: 28.1977%;\"><span style=\"font-size: 14pt;\">Lider<\/span><\/td>\n<td style=\"width: 71.8023%;\"><strong><span style=\"font-size: 14pt;\">dr Agnieszka Grzesiok-Horosz <\/span><\/strong><\/td>\n<\/tr>\n<tr>\n<td style=\"width: 28.1977%;\"><span style=\"font-size: 14pt;\">Sk\u0142ad osobowy<\/span><\/td>\n<td style=\"width: 71.8023%;\"><span style=\"font-size: 14pt;\">dr Agnieszka Grzesiok-Horosz<br \/>\ndr hab. Robert Rajczyk, prof. U\u015a<br \/>\ndr hab. Damian Guzek, prof. U\u015a<br \/>\ndr hab. Pawe\u0142 Sarna, prof. U\u015a<br \/>\ndr Karolina Koc-Michalska, prof. U\u015a<br \/>\ndr Emilia Moddelmog-Anweiler<br \/>\nmgr Micha\u0142 Rams-\u0141ugowski<\/span><\/td>\n<\/tr>\n<tr>\n<td style=\"width: 28.1977%;\"><span style=\"font-size: 14pt;\">Czas trwania<\/span><\/td>\n<td style=\"width: 71.8023%;\"><span style=\"font-size: 14pt;\">01.01.2025-31.12.2026<\/span><\/td>\n<\/tr>\n<\/tbody>\n<\/table>\n<p>&nbsp;<\/p>\n<p style=\"padding-left: 40px;\"><span style=\"font-size: 14pt;\">Zesp\u00f3\u0142 nr 7<\/span><\/p>\n<table class=\" aligncenter\" style=\"width: 80%; border-collapse: collapse; border-style: solid;\" cellpadding=\"5\">\n<tbody>\n<tr>\n<td style=\"width: 28.1977%;\"><span style=\"font-size: 14pt;\">Nazwa zespo\u0142u\/temat<\/span><\/td>\n<td style=\"width: 71.8023%;\"><span style=\"font-size: 14pt;\">Temat g\u0142\u00f3wny: Komunikacja spo\u0142eczna w nowych mediach<\/span><\/td>\n<\/tr>\n<tr>\n<td style=\"width: 28.1977%;\"><span style=\"font-size: 14pt;\">Lider<\/span><\/td>\n<td style=\"width: 71.8023%;\"><strong><span style=\"font-size: 14pt;\">dr hab. Marek Mazur, prof. U\u015a<\/span><\/strong><\/td>\n<\/tr>\n<tr>\n<td style=\"width: 28.1977%;\"><span style=\"font-size: 14pt;\">Sk\u0142ad osobowy<\/span><\/td>\n<td style=\"width: 71.8023%;\"><span style=\"font-size: 14pt;\">dr hab. Marek Mazur, prof. U\u015a<br \/>\ndr hab. Mariusz Kolczy\u0144ski, prof. U\u015a<br \/>\ndr hab. Wojciech Welskop, prof. U\u015a<br \/>\ndr Waldemar Sobera<br \/>\ndr \u0141ukasz Wielgosz<br \/>\ndr Pawe\u0142 Grzywna<br \/>\nmgr Anna S\u0142ania<br \/>\nmgr Anna Borkowska<br \/>\nmgr Adam Skowron<br \/>\nmgr Natalia Wroc\u0142awska<br \/>\nmgr Karolina Py\u015b<\/span><\/td>\n<\/tr>\n<tr>\n<td style=\"width: 28.1977%;\"><span style=\"font-size: 14pt;\">Czas trwania<\/span><\/td>\n<td style=\"width: 71.8023%;\"><span style=\"font-size: 14pt;\">01.01.2025-31.12.2026<\/span><\/td>\n<\/tr>\n<\/tbody>\n<\/table>\n<p>&nbsp;<\/p>\n<p style=\"padding-left: 40px;\"><span style=\"font-size: 14pt;\">Zesp\u00f3\u0142 nr 8<\/span><\/p>\n<table class=\" aligncenter\" style=\"width: 80%; border-collapse: collapse; border-style: solid;\" cellpadding=\"5\">\n<tbody>\n<tr>\n<td style=\"width: 28.1977%;\"><span style=\"font-size: 14pt;\">Nazwa zespo\u0142u\/temat<\/span><\/td>\n<td style=\"width: 71.8023%;\"><span style=\"font-size: 14pt;\">Temat g\u0142\u00f3wny: Badania na histori\u0105 medi\u00f3w<\/span><\/td>\n<\/tr>\n<tr>\n<td style=\"width: 28.1977%;\"><span style=\"font-size: 14pt;\">Lider<\/span><\/td>\n<td style=\"width: 71.8023%;\"><strong><span style=\"font-size: 14pt;\">dr hab. Sebastian Fikus, prof. U\u015a<\/span><\/strong><\/td>\n<\/tr>\n<tr>\n<td style=\"width: 28.1977%;\"><span style=\"font-size: 14pt;\">Sk\u0142ad osobowy<\/span><\/td>\n<td style=\"width: 71.8023%;\"><span style=\"font-size: 14pt;\">dr hab. Sebastian Fikus, prof. U\u015a<\/span><\/td>\n<\/tr>\n<tr>\n<td style=\"width: 28.1977%;\"><span style=\"font-size: 14pt;\">Czas trwania<\/span><\/td>\n<td style=\"width: 71.8023%;\"><span style=\"font-size: 14pt;\">01.01.2024-31.12.2027<\/span><\/td>\n<\/tr>\n<\/tbody>\n<\/table>\n<p style=\"padding-left: 40px;\"><span style=\"font-size: 14pt;\">Zesp\u00f3\u0142 nr 9<\/span><\/p>\n<table class=\" aligncenter\" style=\"width: 80%; border-collapse: collapse; border-style: solid; height: 96px;\" cellpadding=\"5\">\n<tbody>\n<tr style=\"height: 24px;\">\n<td style=\"width: 28.1977%; height: 24px;\"><span style=\"font-size: 14pt;\">Nazwa zespo\u0142u\/temat<\/span><\/td>\n<td style=\"width: 71.8023%; height: 24px;\"><span style=\"font-size: 14pt;\">Temat g\u0142\u00f3wny: Rozw\u00f3j bada\u0144 naukowych oraz kapita\u0142u ewaluacyjnego w dyscyplinie dziennikarstwo i komunikacja spo\u0142eczna<\/span><\/td>\n<\/tr>\n<tr style=\"height: 24px;\">\n<td style=\"width: 28.1977%; height: 24px;\"><span style=\"font-size: 14pt;\">Lider<\/span><\/td>\n<td style=\"width: 71.8023%; height: 24px;\"><strong><span style=\"font-size: 14pt;\">dr hab. Mariusz Kolczy\u0144ski, prof. U\u015a<\/span><\/strong><\/td>\n<\/tr>\n<tr style=\"height: 24px;\">\n<td style=\"width: 28.1977%; height: 24px;\"><span style=\"font-size: 14pt;\">Sk\u0142ad osobowy<\/span><\/td>\n<td style=\"width: 71.8023%; height: 24px;\"><span style=\"font-size: 14pt;\">dr hab. Mariusz Kolczy\u0144ski, prof. U\u015a<\/span><\/td>\n<\/tr>\n<tr style=\"height: 24px;\">\n<td style=\"width: 28.1977%; height: 24px;\"><span style=\"font-size: 14pt;\">Czas trwania<\/span><\/td>\n<td style=\"width: 71.8023%; height: 24px;\"><span style=\"font-size: 14pt;\">01.01.2024-31.12.2027<\/span><\/td>\n<\/tr>\n<\/tbody>\n<\/table>\n<div class=\"mt-3\"><\/div>\r\n                            <\/div>\r\n                            \r\n                            \r\n                        <\/div>\r\n                    <\/div>\r\n                <\/div>[\/vc_column][\/vc_row][vc_row][vc_column][\/vc_column][\/vc_row]<\/p>","protected":false},"excerpt":{"rendered":"<p>[vc_row][vc_column][\/vc_column][\/vc_row][vc_row][vc_column][\/vc_column][\/vc_row] [&#8230;]<\/p>\n<p><a class=\"btn btn-secondary understrap-read-more-link\" href=\"https:\/\/us.edu.pl\/instytut\/idkm\/nauka-i-badania\/zespoly-badawcze\/\">Read More&#8230;<\/a><\/p>\n","protected":false},"author":202,"featured_media":0,"parent":123,"menu_order":0,"comment_status":"closed","ping_status":"closed","template":"","meta":{"_expiration-date-status":"","_expiration-date":0,"_expiration-date-type":"","_expiration-date-categories":[],"_expiration-date-options":[]},"acf":[],"_links":{"self":[{"href":"https:\/\/us.edu.pl\/instytut\/idkm\/wp-json\/wp\/v2\/pages\/144"}],"collection":[{"href":"https:\/\/us.edu.pl\/instytut\/idkm\/wp-json\/wp\/v2\/pages"}],"about":[{"href":"https:\/\/us.edu.pl\/instytut\/idkm\/wp-json\/wp\/v2\/types\/page"}],"author":[{"embeddable":true,"href":"https:\/\/us.edu.pl\/instytut\/idkm\/wp-json\/wp\/v2\/users\/202"}],"replies":[{"embeddable":true,"href":"https:\/\/us.edu.pl\/instytut\/idkm\/wp-json\/wp\/v2\/comments?post=144"}],"version-history":[{"count":11,"href":"https:\/\/us.edu.pl\/instytut\/idkm\/wp-json\/wp\/v2\/pages\/144\/revisions"}],"predecessor-version":[{"id":3173,"href":"https:\/\/us.edu.pl\/instytut\/idkm\/wp-json\/wp\/v2\/pages\/144\/revisions\/3173"}],"up":[{"embeddable":true,"href":"https:\/\/us.edu.pl\/instytut\/idkm\/wp-json\/wp\/v2\/pages\/123"}],"wp:attachment":[{"href":"https:\/\/us.edu.pl\/instytut\/idkm\/wp-json\/wp\/v2\/media?parent=144"}],"curies":[{"name":"wp","href":"https:\/\/api.w.org\/{rel}","templated":true}]}}